{"id":26417,"date":"2025-04-09T16:30:09","date_gmt":"2025-04-09T15:30:09","guid":{"rendered":"https:\/\/www.tunidotenerife.com\/p\/estudio-en-venta-en-tenerife-sur-costa-adeje-2\/"},"modified":"2025-04-09T16:30:09","modified_gmt":"2025-04-09T15:30:09","slug":"estudio-en-venta-en-tenerife-sur-costa-adeje-2","status":"publish","type":"property","link":"https:\/\/www.tunidotenerife.com\/uk\/p\/estudio-en-venta-en-tenerife-sur-costa-adeje-2\/","title":{"rendered":"\u0421\u0442\u0443\u0434\u0456\u044f \u0434\u043b\u044f \u043f\u0440\u043e\u0434\u0430\u0436\u0443 \u043d\u0430 \u043f\u0456\u0432\u0434\u043d\u0456 \u0422\u0435\u043d\u0435\u0440\u0456\u0444\u0435, \u041a\u043e\u0441\u0442\u0430 Adeje"},"content":{"rendered":"<p>\u041b\u0430\u0441\u043a\u0430\u0432\u043e \u043f\u0440\u043e\u0441\u0438\u043c\u043e \u0434\u043e \u0432\u0430\u0448\u043e\u0433\u043e \u043d\u043e\u0432\u043e\u0433\u043e \u0431\u0443\u0434\u0438\u043d\u043a\u0443 \u0432 \u041a\u043e\u0441\u0442\u0430 Adeje! \u041f\u0440\u0435\u0434\u0441\u0442\u0430\u0432\u043b\u044f\u0454\u043c\u043e \u0447\u0430\u0440\u0456\u0432\u043d\u0443 \u043e\u0434\u043d\u043e\u043a\u0456\u043c\u043d\u0430\u0442\u043d\u0443 \u043a\u0432\u0430\u0440\u0442\u0438\u0440\u0443 \u043d\u0430 \u043f\u0440\u043e\u0434\u0430\u0436 \u0443 \u043a\u043e\u043c\u043f\u043b\u0435\u043a\u0441\u0456 Las Flores. \u0426\u044f \u0441\u0442\u0443\u0434\u0456\u044f \u043f\u043b\u043e\u0449\u0435\u044e 28 \u043c2 \u0442\u0430 \u0442\u0435\u0440\u0430\u0441\u043e\u044e 12 \u043c2 \u0454 \u0456\u0434\u0435\u0430\u043b\u044c\u043d\u0438\u043c \u043f\u043e\u0454\u0434\u043d\u0430\u043d\u043d\u044f\u043c \u0444\u0443\u043d\u043a\u0446\u0456\u043e\u043d\u0430\u043b\u044c\u043d\u043e\u0441\u0442\u0456 \u0442\u0430 \u043a\u043e\u043c\u0444\u043e\u0440\u0442\u0443.<\/p>\n<p>\u0421\u0442\u0443\u0434\u0456\u044f \u043c\u0430\u0454 \u0441\u043f\u0430\u043b\u044c\u043d\u044e \u0442\u0430 \u0432\u0430\u043d\u043d\u0443 \u043a\u0456\u043c\u043d\u0430\u0442\u0443, \u0449\u043e \u0456\u0434\u0435\u0430\u043b\u044c\u043d\u043e \u043f\u0456\u0434\u0445\u043e\u0434\u0438\u0442\u044c \u0434\u043b\u044f \u0442\u0438\u0445, \u0445\u0442\u043e \u0448\u0443\u043a\u0430\u0454 \u0437\u0430\u0442\u0438\u0448\u043d\u0438\u0439 \u0442\u0430 \u043f\u0440\u0438\u0432\u0430\u0442\u043d\u0438\u0439 \u043f\u0440\u043e\u0441\u0442\u0456\u0440. \u0410\u043b\u0435 \u0446\u0435 \u0449\u0435 \u043d\u0435 \u0432\u0441\u0435, \u043f\u0435\u0440\u043b\u0438\u043d\u043e\u044e \u0432 \u043a\u043e\u0440\u043e\u043d\u0456 \u0454 \u0431\u0430\u043b\u043a\u043e\u043d, \u0437\u0432\u0456\u0434\u043a\u0438 \u0432\u0456\u0434\u043a\u0440\u0438\u0432\u0430\u044e\u0442\u044c\u0441\u044f \u0447\u0443\u0434\u043e\u0432\u0456 \u043a\u0440\u0430\u0454\u0432\u0438\u0434\u0438, \u0432\u0456\u0434 \u044f\u043a\u0438\u0445 \u043f\u0435\u0440\u0435\u0445\u043e\u043f\u043b\u044e\u0454 \u043f\u043e\u0434\u0438\u0445. \u0423\u044f\u0432\u0456\u0442\u044c, \u044f\u043a \u0432\u0438 \u043f\u0440\u043e\u043a\u0438\u0434\u0430\u0454\u0442\u0435\u0441\u044f \u0449\u043e\u0440\u0430\u043d\u043a\u0443 \u043f\u0456\u0434 \u0448\u0443\u043c \u0445\u0432\u0438\u043b\u044c \u0456 \u043f\u0430\u043d\u043e\u0440\u0430\u043c\u043d\u0438\u0439 \u0432\u0438\u0434 \u043d\u0430 \u043c\u043e\u0440\u0435.<\/p>\n<p>\u041a\u0440\u0456\u043c \u0442\u043e\u0433\u043e, \u0443 \u0441\u0442\u0443\u0434\u0456\u0457 \u0454 \u0441\u043f\u0456\u043b\u044c\u043d\u0438\u0439 \u0431\u0430\u0441\u0435\u0439\u043d, \u0456\u0434\u0435\u0430\u043b\u044c\u043d\u0438\u0439 \u0434\u043b\u044f \u0432\u0456\u0434\u043f\u043e\u0447\u0438\u043d\u043a\u0443 \u0442\u0430 \u043d\u0430\u0441\u043e\u043b\u043e\u0434\u0438 \u0441\u043e\u043d\u044f\u0447\u043d\u0438\u043c\u0438 \u043f\u0440\u043e\u043c\u0435\u043d\u044f\u043c\u0438 Costa Adeje. \u0406 \u043d\u0435 \u0445\u0432\u0438\u043b\u044e\u0439\u0442\u0435\u0441\u044f \u043f\u0440\u043e \u043f\u0430\u0440\u043a\u0443\u0432\u0430\u043d\u043d\u044f, \u043a\u043e\u043c\u043f\u043b\u0435\u043a\u0441 \u043f\u0440\u043e\u043f\u043e\u043d\u0443\u0454 \u043f\u0430\u0440\u043a\u0443\u0432\u0430\u043b\u044c\u043d\u0456 \u043c\u0456\u0441\u0446\u044f \u0434\u043b\u044f \u043c\u0435\u0448\u043a\u0430\u043d\u0446\u0456\u0432.<\/p>\n<p>\u041c\u0456\u0441\u0446\u0435 \u0440\u043e\u0437\u0442\u0430\u0448\u0443\u0432\u0430\u043d\u043d\u044f \u043d\u0435 \u043c\u0430\u0454 \u0441\u043e\u0431\u0456 \u0440\u0456\u0432\u043d\u0438\u0445, \u043d\u0435\u0434\u0430\u043b\u0435\u043a\u043e \u0432\u0456\u0434 \u0430\u0432\u0442\u043e\u0431\u0443\u0441\u043d\u043e\u0457 \u0441\u0442\u0430\u043d\u0446\u0456\u0457 Costa Adeje, \u0449\u043e \u0434\u043e\u0437\u0432\u043e\u043b\u044f\u0454 \u043b\u0435\u0433\u043a\u043e \u0434\u0456\u0441\u0442\u0430\u0442\u0438\u0441\u044f \u0434\u043e \u0456\u043d\u0448\u0438\u0445 \u0447\u0430\u0441\u0442\u0438\u043d \u043e\u0441\u0442\u0440\u043e\u0432\u0430.<\/p>\n<p>\u0426\u044f \u043e\u0434\u043d\u043e\u043a\u0456\u043c\u043d\u0430\u0442\u043d\u0430 \u043a\u0432\u0430\u0440\u0442\u0438\u0440\u0430 \u043d\u0430 \u043f\u0440\u043e\u0434\u0430\u0436 \u0432 \u041a\u043e\u0441\u0442\u0430 Adeje - \u0446\u0435 \u0431\u0456\u043b\u044c\u0448\u0435, \u043d\u0456\u0436 \u043f\u0440\u043e\u0441\u0442\u043e \u043d\u0435\u0440\u0443\u0445\u043e\u043c\u0456\u0441\u0442\u044c, \u0446\u0435 \u0441\u0442\u0438\u043b\u044c \u0436\u0438\u0442\u0442\u044f. \u041d\u0435 \u043f\u0440\u043e\u043f\u0443\u0441\u0442\u0456\u0442\u044c \u043c\u043e\u0436\u043b\u0438\u0432\u0456\u0441\u0442\u044c \u0437\u0440\u043e\u0431\u0438\u0442\u0438 \u0446\u044e \u0441\u0442\u0443\u0434\u0456\u044e \u0441\u0432\u043e\u0457\u043c \u0434\u043e\u043c\u043e\u043c, \u0437\u0432'\u044f\u0436\u0456\u0442\u044c\u0441\u044f \u0437 \u043d\u0430\u043c\u0438 \u0441\u044c\u043e\u0433\u043e\u0434\u043d\u0456!<\/p>","protected":false},"excerpt":{"rendered":"<p>\u00a1Bienvenido a su nuevo hogar en Costa Adeje! Presentamos un encantador estudio en venta en el complejo Las Flores. Con una superficie de 28m2 y una terraza de 12m2, este estudio es la combinaci\u00f3n perfecta de funcionalidad y comodidad. El estudio cuenta con una habitaci\u00f3n y un ba\u00f1o, ideal para aquellos que buscan un espacio [&hellip;]<\/p>\n","protected":false},"author":5,"featured_media":26416,"parent":0,"menu_order":0,"template":"","property_type":[41],"property_status":[24],"property_feature":[176,177,174,31,172,170],"property_label":[109],"property_city":[68],"class_list":["post-26417","property","type-property","status-publish","has-post-thumbnail","hentry","property_type-estudio","property_status-venta","property_feature-cerca-de-centros-comerciales","property_feature-cerca-de-la-playa","property_feature-cocina-amueblada","property_feature-ducha-exterior","property_feature-piscina-comunitaria","property_feature-vistas-al-oceano","property_label-exclusivo","property_city-san-eugenio-bajo"],"property_meta":{"rank_math_internal_links_processed":["1"],"fave_property_price":["235000"],"fave_property_price_postfix":[""],"fave_show_price_placeholder":["0"],"fave_property_price_placeholder":[""],"fave_property_price_prefix":[""],"fave_property_sec_price":[""],"fave_property_size":["40"],"fave_property_size_prefix":["m\u00b2"],"fave_property_land":[""],"fave_property_land_postfix":["m\u00b2"],"fave_property_bedrooms":["0"],"fave_property_bathrooms":["1"],"fave_property_garage":[""],"fave_property_garage_size":[""],"fave_virtual_tour":[""],"fave_property_year":[""],"fave_property_id":["2322"],"fave_video_url":[""],"fave_property_images":["26416","26388","26389","26390","26391","26394","26396","26397","26398","26399","26401","26403","26405","26406","26409","26410","26412","26413","26414","26415","26387","26386","26395","26392"],"_thumbnail_id":["26416"],"fave_property_zip":["38660"],"additional_features":["a:1:{i:0;a:2:{s:29:\"fave_additional_feature_title\";s:0:\"\";s:29:\"fave_additional_feature_value\";s:0:\"\";}}"],"fave_additional_features_enable":["enable"],"floor_plans":[""],"fave_multi_units":[""],"fave_featured":["0"],"houzez_featured_listing_date":[""],"fave_loggedintoview":["0"],"fave_mortgage_cal":["0"],"fave_private_note":[""],"fave_property_disclaimer":[""],"fave_payment_status":["not_paid"],"fave_agents":["23720"],"fave_agent_display_option":["agent_info"],"fave_property_map_address":["Avenida de los Pueblos, San Eugenio Bajo, Adeje, Santa Cruz de Tenerife, Canarias, 38660, Espa\u00f1a"],"fave_property_address":["Avenida de los Pueblos, San Eugenio Bajo, Adeje, Santa Cruz de Tenerife, Canarias, 38660, Espa\u00f1a"],"houzez_geolocation_lat":["28.074102673035902"],"houzez_geolocation_long":["-16.729621895963618"],"fave_property_location":["28.074102673035902,-16.729621895963618"],"fave_property_map":["1"],"fave_property_map_street_view":[""],"houzez_total_property_views":["15801"],"houzez_views_by_date":["a:61:{s:10:\"02-27-2026\";i:36;s:10:\"02-28-2026\";i:36;s:10:\"03-01-2026\";i:36;s:10:\"03-02-2026\";i:42;s:10:\"03-03-2026\";i:43;s:10:\"03-04-2026\";i:38;s:10:\"03-05-2026\";i:53;s:10:\"03-06-2026\";i:38;s:10:\"03-07-2026\";i:36;s:10:\"03-08-2026\";i:36;s:10:\"03-09-2026\";i:36;s:10:\"03-10-2026\";i:54;s:10:\"03-11-2026\";i:54;s:10:\"03-12-2026\";i:54;s:10:\"03-13-2026\";i:36;s:10:\"03-14-2026\";i:36;s:10:\"03-15-2026\";i:36;s:10:\"03-16-2026\";i:42;s:10:\"03-17-2026\";i:46;s:10:\"03-18-2026\";i:38;s:10:\"03-19-2026\";i:47;s:10:\"03-20-2026\";i:36;s:10:\"03-21-2026\";i:42;s:10:\"03-22-2026\";i:48;s:10:\"03-23-2026\";i:36;s:10:\"03-24-2026\";i:36;s:10:\"03-25-2026\";i:36;s:10:\"03-26-2026\";i:54;s:10:\"03-27-2026\";i:36;s:10:\"03-28-2026\";i:54;s:10:\"03-29-2026\";i:37;s:10:\"03-30-2026\";i:36;s:10:\"03-31-2026\";i:36;s:10:\"04-01-2026\";i:40;s:10:\"04-02-2026\";i:54;s:10:\"04-03-2026\";i:36;s:10:\"04-04-2026\";i:36;s:10:\"04-05-2026\";i:36;s:10:\"04-06-2026\";i:42;s:10:\"04-07-2026\";i:30;s:10:\"04-08-2026\";i:46;s:10:\"04-09-2026\";i:36;s:10:\"04-10-2026\";i:36;s:10:\"04-11-2026\";i:46;s:10:\"04-12-2026\";i:44;s:10:\"04-13-2026\";i:36;s:10:\"04-14-2026\";i:36;s:10:\"04-15-2026\";i:54;s:10:\"04-16-2026\";i:36;s:10:\"04-17-2026\";i:36;s:10:\"04-18-2026\";i:40;s:10:\"04-19-2026\";i:50;s:10:\"04-20-2026\";i:35;s:10:\"04-21-2026\";i:36;s:10:\"04-22-2026\";i:36;s:10:\"04-23-2026\";i:36;s:10:\"04-24-2026\";i:50;s:10:\"04-25-2026\";i:40;s:10:\"04-26-2026\";i:36;s:10:\"04-27-2026\";i:36;s:10:\"04-28-2026\";i:36;}"],"houzez_recently_viewed":["2026-04-28 16:42:52"],"_elementor_page_assets":["a:0:{}"]},"_links":{"self":[{"href":"https:\/\/www.tunidotenerife.com\/uk\/wp-json\/wp\/v2\/properties\/26417","targetHints":{"allow":["GET"]}}],"collection":[{"href":"https:\/\/www.tunidotenerife.com\/uk\/wp-json\/wp\/v2\/properties"}],"about":[{"href":"https:\/\/www.tunidotenerife.com\/uk\/wp-json\/wp\/v2\/types\/property"}],"author":[{"embeddable":true,"href":"https:\/\/www.tunidotenerife.com\/uk\/wp-json\/wp\/v2\/users\/5"}],"version-history":[{"count":0,"href":"https:\/\/www.tunidotenerife.com\/uk\/wp-json\/wp\/v2\/properties\/26417\/revisions"}],"wp:featuredmedia":[{"embeddable":true,"href":"https:\/\/www.tunidotenerife.com\/uk\/wp-json\/wp\/v2\/media\/26416"}],"wp:attachment":[{"href":"https:\/\/www.tunidotenerife.com\/uk\/wp-json\/wp\/v2\/media?parent=26417"}],"wp:term":[{"taxonomy":"property_type","embeddable":true,"href":"https:\/\/www.tunidotenerife.com\/uk\/wp-json\/wp\/v2\/property_type?post=26417"},{"taxonomy":"property_status","embeddable":true,"href":"https:\/\/www.tunidotenerife.com\/uk\/wp-json\/wp\/v2\/property_status?post=26417"},{"taxonomy":"property_feature","embeddable":true,"href":"https:\/\/www.tunidotenerife.com\/uk\/wp-json\/wp\/v2\/property_feature?post=26417"},{"taxonomy":"property_label","embeddable":true,"href":"https:\/\/www.tunidotenerife.com\/uk\/wp-json\/wp\/v2\/property_label?post=26417"},{"taxonomy":"property_city","embeddable":true,"href":"https:\/\/www.tunidotenerife.com\/uk\/wp-json\/wp\/v2\/property_city?post=26417"}],"curies":[{"name":"wp","href":"https:\/\/api.w.org\/{rel}","templated":true}]}}

Студія для продажу на півдні Тенеріфе, Коста Adeje

<p>Ласкаво просимо до вашого нового будинку в Коста Adeje! Представляємо чарівну однокімнатну квартиру на продаж у комплексі Las Flores. Ця студія площею 28 м2 та терасою 12 м2 є ідеальним поєднанням функціональності та комфорту.</p>
<p>Студія має спальню та ванну кімнату, що ідеально підходить для тих, хто шукає затишний та приватний простір. Але це ще не все, перлиною в короні є балкон, звідки відкриваються чудові краєвиди, від яких перехоплює подих. Уявіть, як ви прокидаєтеся щоранку під шум хвиль і панорамний вид на море.</p>
<p>Крім того, у студії є спільний басейн, ідеальний для відпочинку та насолоди сонячними променями Costa Adeje. І не хвилюйтеся про паркування, комплекс пропонує паркувальні місця для мешканців.</p>
<p>Місце розташування не має собі рівних, недалеко від автобусної станції Costa Adeje, що дозволяє легко дістатися до інших частин острова.</p>
<p>Ця однокімнатна квартира на продаж в Коста Adeje - це більше, ніж просто нерухомість, це стиль життя. Не пропустіть можливість зробити цю студію своїм домом, зв'яжіться з нами сьогодні!</p>

<p>¡Bienvenido a su nuevo hogar en Costa Adeje! Presentamos un encantador estudio en venta en el complejo Las Flores. Con una superficie de 28m2 y una terraza de 12m2, este estudio es la combinación perfecta de funcionalidad y comodidad. El estudio cuenta con una habitación y un baño, ideal para aquellos que buscan un espacio [&hellip;]</p>

Avenida de los Pueblos, San Eugenio Bajo, Adeje, Santa Cruz de Tenerife, Canarias, 38660, España
