{"id":25768,"date":"2025-01-22T16:05:11","date_gmt":"2025-01-22T16:05:11","guid":{"rendered":"https:\/\/www.tunidotenerife.com\/p\/finca-en-venta-en-granadilla-de-abona\/"},"modified":"2025-01-28T13:22:18","modified_gmt":"2025-01-28T13:22:18","slug":"finca-en-venta-en-granadilla-de-abona","status":"publish","type":"property","link":"https:\/\/www.tunidotenerife.com\/uk\/p\/finca-en-venta-en-granadilla-de-abona\/","title":{"rendered":"\u0424\u0456\u043d\u043a\u0430 \u043d\u0430 \u043f\u0440\u043e\u0434\u0430\u0436 \u0432 Granadilla de Abona"},"content":{"rendered":"<p>\u0423\u0432\u0430\u0433\u0430! \u041f\u0440\u0435\u0434\u0441\u0442\u0430\u0432\u043b\u044f\u0454\u043c\u043e \u043d\u0430 \u043f\u0440\u043e\u0434\u0430\u0436 \u0447\u0443\u0434\u043e\u0432\u0443 \u0444\u0456\u043d\u043a\u0443, \u0440\u043e\u0437\u0442\u0430\u0448\u043e\u0432\u0430\u043d\u0443 \u0432 \u0447\u0430\u0440\u0456\u0432\u043d\u043e\u043c\u0443 \u043e\u0442\u043e\u0447\u0435\u043d\u043d\u0456 Granadilla de Abona. \u0426\u044f \u0443\u043d\u0456\u043a\u0430\u043b\u044c\u043d\u0430 \u043d\u0435\u0440\u0443\u0445\u043e\u043c\u0456\u0441\u0442\u044c \u043c\u043e\u0436\u0435 \u043f\u043e\u0445\u0432\u0430\u043b\u0438\u0442\u0438\u0441\u044f \u0431\u0443\u0434\u0438\u043d\u043a\u043e\u043c \u043f\u043b\u043e\u0449\u0435\u044e 74 \u043c2, \u0447\u0443\u0434\u043e\u0432\u043e \u0441\u043f\u0440\u043e\u0435\u043a\u0442\u043e\u0432\u0430\u043d\u0438\u043c \u0437 \u043e\u0434\u043d\u0456\u0454\u044e \u0441\u043f\u0430\u043b\u044c\u043d\u0435\u044e \u0442\u0430 \u043e\u0434\u043d\u0456\u0454\u044e \u0432\u0430\u043d\u043d\u043e\u044e \u043a\u0456\u043c\u043d\u0430\u0442\u043e\u044e, \u0456\u0434\u0435\u0430\u043b\u044c\u043d\u043e \u043f\u0456\u0434\u0445\u043e\u0434\u0438\u0442\u044c \u0434\u043b\u044f \u0442\u0438\u0445, \u0445\u0442\u043e \u0448\u0443\u043a\u0430\u0454 \u0456\u043d\u0442\u0438\u043c\u043d\u0438\u0439 \u0442\u0430 \u0437\u0430\u0442\u0438\u0448\u043d\u0438\u0439 \u043f\u0440\u043e\u0441\u0442\u0456\u0440.<\/p>\n<p>\u041c\u0430\u0454\u0442\u043e\u043a \u0437\u0430\u0439\u043c\u0430\u0454 7604 \u043c2 \u0437\u0435\u043c\u043b\u0456, \u0437 \u044f\u043a\u0438\u0445 400 \u043c2 - \u043c\u0456\u0441\u044c\u043a\u0430 \u0442\u0435\u0440\u0438\u0442\u043e\u0440\u0456\u044f, \u0430 \u0440\u0435\u0448\u0442\u0430 - \u0441\u0456\u043b\u044c\u0441\u044c\u043a\u0430. \u0422\u0443\u0442 \u043d\u0430 \u0432\u0430\u0441 \u0447\u0435\u043a\u0430\u0454 \u0441\u043f\u0440\u0430\u0432\u0436\u043d\u0456\u0439 \u043f\u0440\u0438\u0440\u043e\u0434\u043d\u0438\u0439 \u0440\u0430\u0439 \u0437 \u0434\u0432\u043e\u043c\u0430 \u043f\u0435\u0447\u0435\u0440\u0430\u043c\u0438 \u0442\u0430 \u0440\u0456\u0437\u043d\u043e\u043c\u0430\u043d\u0456\u0442\u043d\u0438\u043c\u0438 \u0444\u0440\u0443\u043a\u0442\u043e\u0432\u0438\u043c\u0438 \u0434\u0435\u0440\u0435\u0432\u0430\u043c\u0438, \u044f\u043a\u0456 \u0434\u043e\u0437\u0432\u043e\u043b\u044f\u0442\u044c \u0432\u0430\u043c \u043d\u0430\u0441\u043e\u043b\u043e\u0434\u0436\u0443\u0432\u0430\u0442\u0438\u0441\u044f \u0441\u0432\u0456\u0436\u0456\u0441\u0442\u044e \u0449\u043e\u0439\u043d\u043e \u0437\u0456\u0431\u0440\u0430\u043d\u0438\u0445 \u0444\u0440\u0443\u043a\u0442\u0456\u0432.<\/p>\n<p>\u0410\u043b\u0435 \u0446\u0435 \u0449\u0435 \u043d\u0435 \u0432\u0441\u0435, \u0437 \u0433\u043e\u0442\u0435\u043b\u044e \u0432\u0456\u0434\u043a\u0440\u0438\u0432\u0430\u0454\u0442\u044c\u0441\u044f \u0437\u0430\u0445\u043e\u043f\u043b\u044e\u044e\u0447\u0438\u0439 \u0432\u0438\u0434 \u043d\u0430 \u043e\u043a\u0435\u0430\u043d, \u0432\u0438\u0434\u043e\u0432\u0438\u0449\u0435, \u0432\u0456\u0434 \u044f\u043a\u043e\u0433\u043e \u043f\u0435\u0440\u0435\u0445\u043e\u043f\u043b\u044e\u0454 \u043f\u043e\u0434\u0438\u0445 \u0449\u043e\u0440\u0430\u043d\u043a\u0443, \u043a\u043e\u043b\u0438 \u0432\u0438 \u043f\u0440\u043e\u043a\u0438\u0434\u0430\u0454\u0442\u0435\u0441\u044f.<\/p>\n<p>\u0426\u044f \u0444\u0456\u043d\u043a\u0430 - \u0431\u0456\u043b\u044c\u0448\u0435, \u043d\u0456\u0436 \u043f\u0440\u043e\u0441\u0442\u043e \u0432\u043b\u0430\u0441\u043d\u0456\u0441\u0442\u044c, \u0446\u0435 \u0441\u0442\u0438\u043b\u044c \u0436\u0438\u0442\u0442\u044f. \u0426\u0435 \u043c\u043e\u0436\u043b\u0438\u0432\u0456\u0441\u0442\u044c \u0436\u0438\u0442\u0438 \u0432 \u0442\u0438\u0445\u043e\u043c\u0443 \u0456 \u043f\u0440\u0438\u0440\u043e\u0434\u043d\u043e\u043c\u0443 \u0441\u0435\u0440\u0435\u0434\u043e\u0432\u0438\u0449\u0456, \u043d\u0435 \u0432\u0456\u0434\u043c\u043e\u0432\u043b\u044f\u044e\u0447\u0438\u0441\u044c \u0432\u0456\u0434 \u0437\u0440\u0443\u0447\u043d\u043e\u0441\u0442\u0435\u0439 \u0441\u0443\u0447\u0430\u0441\u043d\u043e\u0433\u043e \u0436\u0438\u0442\u0442\u044f. \u041d\u0435 \u043f\u0440\u043e\u043f\u0443\u0441\u0442\u0456\u0442\u044c \u043c\u043e\u0436\u043b\u0438\u0432\u0456\u0441\u0442\u044c \u0432\u0442\u0456\u043b\u0438\u0442\u0438 \u0441\u0432\u043e\u0457 \u043c\u0440\u0456\u0457 \u0432 \u0440\u0435\u0430\u043b\u044c\u043d\u0456\u0441\u0442\u044c, \u043c\u0438 \u0447\u0435\u043a\u0430\u0454\u043c\u043e, \u0449\u043e\u0431 \u043f\u043e\u043a\u0430\u0437\u0430\u0442\u0438 \u0432\u0430\u043c \u0432\u0430\u0448 \u043c\u0430\u0439\u0431\u0443\u0442\u043d\u0456\u0439 \u0431\u0443\u0434\u0438\u043d\u043e\u043a!<\/p>","protected":false},"excerpt":{"rendered":"<p>\u00a1Atenci\u00f3n! Presentamos una magn\u00edfica finca en venta, ubicada en el encantador entorno de Granadilla de Abona. Esta propiedad \u00fanica cuenta con una casa de 74m2, perfectamente dise\u00f1ada con un dormitorio y un ba\u00f1o, ideal para aquellos que buscan un espacio \u00edntimo y acogedor. La finca se extiende en un terreno de 7604m2, de los cuales [&hellip;]<\/p>\n","protected":false},"author":5,"featured_media":25847,"parent":0,"menu_order":0,"template":"","property_type":[121],"property_status":[24],"property_feature":[174,171,170],"property_label":[109,180],"property_city":[90],"class_list":["post-25768","property","type-property","status-publish","has-post-thumbnail","hentry","property_type-finca","property_status-venta","property_feature-cocina-amueblada","property_feature-vistas-a-la-montana","property_feature-vistas-al-oceano","property_label-exclusivo","property_label-oferta","property_city-granadilla-de-abona"],"property_meta":{"rank_math_internal_links_processed":["1"],"fave_property_price":["635000"],"fave_property_price_postfix":[""],"fave_show_price_placeholder":["0"],"fave_property_price_placeholder":[""],"fave_property_price_prefix":[""],"fave_property_sec_price":[""],"fave_property_size":["74"],"fave_property_size_prefix":["m\u00b2"],"fave_property_land":["7604"],"fave_property_land_postfix":["m\u00b2"],"fave_property_bedrooms":["1"],"fave_property_bathrooms":["1"],"fave_property_garage":[""],"fave_property_garage_size":[""],"fave_virtual_tour":[""],"fave_property_year":[""],"fave_property_id":["2312"],"fave_video_url":[""],"fave_property_zip":[""],"additional_features":["a:1:{i:0;a:2:{s:29:\"fave_additional_feature_title\";s:0:\"\";s:29:\"fave_additional_feature_value\";s:0:\"\";}}"],"fave_additional_features_enable":["enable"],"floor_plans":[""],"fave_multi_units":[""],"fave_featured":["0"],"houzez_featured_listing_date":[""],"fave_loggedintoview":["0"],"fave_mortgage_cal":["0"],"fave_private_note":[""],"fave_property_disclaimer":[""],"fave_payment_status":["not_paid"],"fave_agent_display_option":["agent_info"],"fave_property_map_address":["Granadilla de Abona, Santa Cruz de Tenerife, Canarias, Espa\u00f1a"],"fave_property_address":["Granadilla de Abona, Santa Cruz de Tenerife, Canarias, Espa\u00f1a"],"houzez_total_property_views":["19641"],"houzez_views_by_date":["a:61:{s:10:\"03-03-2026\";i:44;s:10:\"03-04-2026\";i:36;s:10:\"03-05-2026\";i:53;s:10:\"03-06-2026\";i:37;s:10:\"03-07-2026\";i:36;s:10:\"03-08-2026\";i:36;s:10:\"03-09-2026\";i:36;s:10:\"03-10-2026\";i:54;s:10:\"03-11-2026\";i:54;s:10:\"03-12-2026\";i:54;s:10:\"03-13-2026\";i:36;s:10:\"03-14-2026\";i:36;s:10:\"03-15-2026\";i:36;s:10:\"03-16-2026\";i:43;s:10:\"03-17-2026\";i:45;s:10:\"03-18-2026\";i:38;s:10:\"03-19-2026\";i:45;s:10:\"03-20-2026\";i:37;s:10:\"03-21-2026\";i:51;s:10:\"03-22-2026\";i:38;s:10:\"03-23-2026\";i:36;s:10:\"03-24-2026\";i:36;s:10:\"03-25-2026\";i:36;s:10:\"03-26-2026\";i:54;s:10:\"03-27-2026\";i:36;s:10:\"03-28-2026\";i:54;s:10:\"03-29-2026\";i:36;s:10:\"03-30-2026\";i:36;s:10:\"03-31-2026\";i:36;s:10:\"04-01-2026\";i:39;s:10:\"04-02-2026\";i:54;s:10:\"04-03-2026\";i:36;s:10:\"04-04-2026\";i:36;s:10:\"04-05-2026\";i:36;s:10:\"04-06-2026\";i:44;s:10:\"04-07-2026\";i:32;s:10:\"04-08-2026\";i:54;s:10:\"04-09-2026\";i:36;s:10:\"04-10-2026\";i:36;s:10:\"04-11-2026\";i:46;s:10:\"04-12-2026\";i:44;s:10:\"04-13-2026\";i:36;s:10:\"04-14-2026\";i:36;s:10:\"04-15-2026\";i:54;s:10:\"04-16-2026\";i:36;s:10:\"04-17-2026\";i:37;s:10:\"04-18-2026\";i:49;s:10:\"04-19-2026\";i:40;s:10:\"04-20-2026\";i:36;s:10:\"04-21-2026\";i:36;s:10:\"04-22-2026\";i:36;s:10:\"04-23-2026\";i:37;s:10:\"04-24-2026\";i:53;s:10:\"04-25-2026\";i:36;s:10:\"04-26-2026\";i:36;s:10:\"04-27-2026\";i:36;s:10:\"04-28-2026\";i:54;s:10:\"04-29-2026\";i:36;s:10:\"04-30-2026\";i:54;s:10:\"05-01-2026\";i:36;s:10:\"05-02-2026\";i:18;}"],"houzez_recently_viewed":["2026-05-02 09:21:51"],"houzez_geolocation_lat":["28.1221408"],"houzez_geolocation_long":["-16.5766728"],"fave_property_location":["28.1221408,-16.5766728"],"fave_property_map":["1"],"fave_property_map_street_view":[""],"fave_property_images":["25847","25843","25844","25835","25840","25837","25850","25856","25839","25841","25845","25846","25853","25854","25836","25848","25855","25849","25842","25838","25851","25852"],"_thumbnail_id":["25847"],"fave_agents":["23720"],"_elementor_page_assets":["a:0:{}"]},"_links":{"self":[{"href":"https:\/\/www.tunidotenerife.com\/uk\/wp-json\/wp\/v2\/properties\/25768","targetHints":{"allow":["GET"]}}],"collection":[{"href":"https:\/\/www.tunidotenerife.com\/uk\/wp-json\/wp\/v2\/properties"}],"about":[{"href":"https:\/\/www.tunidotenerife.com\/uk\/wp-json\/wp\/v2\/types\/property"}],"author":[{"embeddable":true,"href":"https:\/\/www.tunidotenerife.com\/uk\/wp-json\/wp\/v2\/users\/5"}],"version-history":[{"count":0,"href":"https:\/\/www.tunidotenerife.com\/uk\/wp-json\/wp\/v2\/properties\/25768\/revisions"}],"wp:featuredmedia":[{"embeddable":true,"href":"https:\/\/www.tunidotenerife.com\/uk\/wp-json\/wp\/v2\/media\/25847"}],"wp:attachment":[{"href":"https:\/\/www.tunidotenerife.com\/uk\/wp-json\/wp\/v2\/media?parent=25768"}],"wp:term":[{"taxonomy":"property_type","embeddable":true,"href":"https:\/\/www.tunidotenerife.com\/uk\/wp-json\/wp\/v2\/property_type?post=25768"},{"taxonomy":"property_status","embeddable":true,"href":"https:\/\/www.tunidotenerife.com\/uk\/wp-json\/wp\/v2\/property_status?post=25768"},{"taxonomy":"property_feature","embeddable":true,"href":"https:\/\/www.tunidotenerife.com\/uk\/wp-json\/wp\/v2\/property_feature?post=25768"},{"taxonomy":"property_label","embeddable":true,"href":"https:\/\/www.tunidotenerife.com\/uk\/wp-json\/wp\/v2\/property_label?post=25768"},{"taxonomy":"property_city","embeddable":true,"href":"https:\/\/www.tunidotenerife.com\/uk\/wp-json\/wp\/v2\/property_city?post=25768"}],"curies":[{"name":"wp","href":"https:\/\/api.w.org\/{rel}","templated":true}]}}

Фінка на продаж в Granadilla de Abona

<p>Увага! Представляємо на продаж чудову фінку, розташовану в чарівному оточенні Granadilla de Abona. Ця унікальна нерухомість може похвалитися будинком площею 74 м2, чудово спроектованим з однією спальнею та однією ванною кімнатою, ідеально підходить для тих, хто шукає інтимний та затишний простір.</p>
<p>Маєток займає 7604 м2 землі, з яких 400 м2 - міська територія, а решта - сільська. Тут на вас чекає справжній природний рай з двома печерами та різноманітними фруктовими деревами, які дозволять вам насолоджуватися свіжістю щойно зібраних фруктів.</p>
<p>Але це ще не все, з готелю відкривається захоплюючий вид на океан, видовище, від якого перехоплює подих щоранку, коли ви прокидаєтеся.</p>
<p>Ця фінка - більше, ніж просто власність, це стиль життя. Це можливість жити в тихому і природному середовищі, не відмовляючись від зручностей сучасного життя. Не пропустіть можливість втілити свої мрії в реальність, ми чекаємо, щоб показати вам ваш майбутній будинок!</p>

<p>¡Atención! Presentamos una magnífica finca en venta, ubicada en el encantador entorno de Granadilla de Abona. Esta propiedad única cuenta con una casa de 74m2, perfectamente diseñada con un dormitorio y un baño, ideal para aquellos que buscan un espacio íntimo y acogedor. La finca se extiende en un terreno de 7604m2, de los cuales [&hellip;]</p>

Granadilla de Abona, Santa Cruz de Tenerife, Canarias, España
