{"id":28172,"date":"2025-10-31T16:27:22","date_gmt":"2025-10-31T16:27:22","guid":{"rendered":"https:\/\/www.tunidotenerife.com\/p\/villa-de-lujo-en-roque-del-conde-tenerife-sur\/"},"modified":"2025-10-31T16:27:22","modified_gmt":"2025-10-31T16:27:22","slug":"villa-de-lujo-en-roque-del-conde-tenerife-sur","status":"publish","type":"property","link":"https:\/\/www.tunidotenerife.com\/ro\/p\/villa-de-lujo-en-roque-del-conde-tenerife-sur\/","title":{"rendered":"Vil\u0103 de lux \u00een Roque del Conde, Tenerife Sud"},"content":{"rendered":"<p>Nu rata\u021bi aceast\u0103 oportunitate unic\u0103 de a achizi\u021biona o vil\u0103 magnific\u0103 de v\u00e2nzare \u00een Roque del Conde, Tenerife Sud! Aceast\u0103 proprietate uimitoare \u0219i luxoas\u0103 v\u0103 ofer\u0103 tot ceea ce a\u021bi putea visa \u00eentr-o cas\u0103. Cu 550m2 construi\u021bi, r\u0103sp\u00e2ndi\u021bi pe 3 etaje plus un solar deasupra, aceast\u0103 cas\u0103 este un adev\u0103rat paradis.<\/p>\n<p>Vila are 6 dormitoare spa\u021bioase \u0219i 5 b\u0103i, oferind suficient spa\u021biu pentru \u00eentreaga familie \u0219i pentru divertismentul oaspe\u021bilor. Fiecare camer\u0103 a fost proiectat\u0103 cu elegan\u021b\u0103 \u0219i confort \u00een minte, iar b\u0103ile sunt la fel de impresionante.<\/p>\n<p>Buc\u0103t\u0103ria, inclus\u0103 \u00een v\u00e2nzare, este modern\u0103 \u0219i func\u021bional\u0103, iar dulapurile montate ofer\u0103 o depozitare excelent\u0103. \u00cen plus, proprietatea are un lift pentru confortul dumneavoastr\u0103 \u0219i parcare pentru 2 ma\u0219ini.<\/p>\n<p>Exteriorul propriet\u0103\u021bii nu este mai pu\u021bin impresionant, cu o gr\u0103din\u0103 frumoas\u0103 unde v\u0103 pute\u021bi bucura de soarele din Tenerife \u0219i de priveli\u0219tile impresionante pe care le ofer\u0103 Roque del Conde.<\/p>\n<p>Aceast\u0103 vil\u0103 este v\u00e2ndut\u0103 f\u0103r\u0103 bunuri imobiliare, oferindu-v\u0103 posibilitatea de a o personaliza dup\u0103 gustul dvs. \u0219i de a o transforma \u00een casa visurilor dvs.<\/p>\n<p>Nu rata\u021bi ocazia de a locui \u00eentr-una dintre cele mai exclusiviste zone din Tenerife Sud. Contacta\u021bi-ne pentru mai multe informa\u021bii sau pentru a aranja o vizionare, aceast\u0103 vil\u0103 din Roque del Conde poate fi a dumneavoastr\u0103!<\/p>","protected":false},"excerpt":{"rendered":"<p>\u00a1No deje pasar esta oportunidad \u00fanica de adquirir una magn\u00edfica villa en venta en Roque del Conde, Tenerife Sur! Esta propiedad impresionante y lujosa le ofrece todo lo que pueda so\u00f1ar en una casa. Con 550m2 construidos, repartidos en 3 plantas m\u00e1s un sol\u00e1rium en la parte superior, este hogar es un verdadero para\u00edso. La [&hellip;]<\/p>\n","protected":false},"author":5,"featured_media":28168,"parent":0,"menu_order":0,"template":"","property_type":[45],"property_status":[24],"property_feature":[17,19,174,31,26,169,173,42,171,170],"property_label":[179],"property_city":[59],"class_list":["post-28172","property","type-property","status-publish","has-post-thumbnail","hentry","property_type-villa","property_status-venta","property_feature-aire-acondicionado","property_feature-barbacoa","property_feature-cocina-amueblada","property_feature-ducha-exterior","property_feature-lavadora","property_feature-nueva-construccion","property_feature-piscina-climatizada","property_feature-piscina-privada","property_feature-vistas-a-la-montana","property_feature-vistas-al-oceano","property_label-luxury","property_city-roque-del-conde"],"property_meta":{"rank_math_internal_links_processed":["1"],"fave_property_bathrooms":["5"],"fave_property_bedrooms":["6"],"fave_property_size":["550"],"fave_property_size_prefix":["m\u00b2"],"fave_property_land":["600"],"fave_property_land_postfix":["m\u00b2"],"fave_property_garage":["2"],"fave_property_garage_size":[""],"fave_property_year":[""],"fave_property_price":["2400000"],"fave_property_price_placeholder":[""],"fave_property_price_prefix":[""],"fave_property_price_postfix":[""],"fave_property_sec_price":[""],"fave_show_price_placeholder":["0"],"additional_features":["a:1:{i:0;a:2:{s:29:\"fave_additional_feature_title\";s:0:\"\";s:29:\"fave_additional_feature_value\";s:0:\"\";}}"],"fave_additional_features_enable":["enable"],"floor_plans":[""],"fave_multi_units":[""],"fave_featured":["0"],"houzez_featured_listing_date":[""],"fave_virtual_tour":[""],"fave_loggedintoview":["0"],"fave_video_url":[""],"fave_property_images":["28168","28144","28158","28142","28143","28147","28148","28149","28150","28151","28152","28153","28155","28156","28159","28146","28160","28161","28162","28163","28164","28167","28165","28166","28154","28170","28171"],"_thumbnail_id":["28168"],"fave_property_zip":["38652"],"fave_property_map_address":["Calle Cantabria, Adeje, Santa Cruz de Tenerife, Canarias, 38652, Espa\u00f1a"],"fave_property_address":["Calle Cantabria, Adeje, Santa Cruz de Tenerife, Canarias, 38652, Espa\u00f1a"],"houzez_geolocation_lat":["28.0946102"],"houzez_geolocation_long":["-16.7102470"],"fave_property_location":["28.0946102,-16.7102470"],"fave_property_map":["1"],"fave_property_map_street_view":[null],"fave_property_id":["2357"],"fave_private_note":[""],"fave_property_disclaimer":[""],"fave_payment_status":["not_paid"],"fave_agents":["23720"],"fave_agent_display_option":["agent_info"],"fave_mortgage_cal":["0"],"houzez_total_property_views":["7347"],"houzez_views_by_date":["a:61:{s:10:\"03-02-2026\";i:37;s:10:\"03-03-2026\";i:46;s:10:\"03-04-2026\";i:40;s:10:\"03-05-2026\";i:37;s:10:\"03-06-2026\";i:40;s:10:\"03-07-2026\";i:50;s:10:\"03-08-2026\";i:36;s:10:\"03-09-2026\";i:36;s:10:\"03-10-2026\";i:41;s:10:\"03-11-2026\";i:37;s:10:\"03-12-2026\";i:37;s:10:\"03-13-2026\";i:36;s:10:\"03-14-2026\";i:36;s:10:\"03-15-2026\";i:36;s:10:\"03-16-2026\";i:36;s:10:\"03-17-2026\";i:36;s:10:\"03-18-2026\";i:54;s:10:\"03-19-2026\";i:44;s:10:\"03-20-2026\";i:36;s:10:\"03-21-2026\";i:36;s:10:\"03-22-2026\";i:44;s:10:\"03-23-2026\";i:46;s:10:\"03-24-2026\";i:36;s:10:\"03-25-2026\";i:36;s:10:\"03-26-2026\";i:54;s:10:\"03-27-2026\";i:36;s:10:\"03-28-2026\";i:38;s:10:\"03-29-2026\";i:54;s:10:\"03-30-2026\";i:36;s:10:\"03-31-2026\";i:36;s:10:\"04-01-2026\";i:39;s:10:\"04-02-2026\";i:37;s:10:\"04-03-2026\";i:36;s:10:\"04-04-2026\";i:36;s:10:\"04-05-2026\";i:36;s:10:\"04-06-2026\";i:36;s:10:\"04-07-2026\";i:37;s:10:\"04-08-2026\";i:36;s:10:\"04-09-2026\";i:36;s:10:\"04-10-2026\";i:39;s:10:\"04-11-2026\";i:36;s:10:\"04-12-2026\";i:49;s:10:\"04-13-2026\";i:40;s:10:\"04-14-2026\";i:36;s:10:\"04-15-2026\";i:54;s:10:\"04-16-2026\";i:36;s:10:\"04-17-2026\";i:36;s:10:\"04-18-2026\";i:36;s:10:\"04-19-2026\";i:40;s:10:\"04-20-2026\";i:50;s:10:\"04-21-2026\";i:36;s:10:\"04-22-2026\";i:36;s:10:\"04-23-2026\";i:36;s:10:\"04-24-2026\";i:36;s:10:\"04-25-2026\";i:52;s:10:\"04-26-2026\";i:38;s:10:\"04-27-2026\";i:36;s:10:\"04-28-2026\";i:36;s:10:\"04-29-2026\";i:38;s:10:\"04-30-2026\";i:34;s:10:\"05-01-2026\";i:18;}"],"houzez_recently_viewed":["2026-05-01 01:38:53"],"_elementor_page_assets":["a:0:{}"]},"_links":{"self":[{"href":"https:\/\/www.tunidotenerife.com\/ro\/wp-json\/wp\/v2\/properties\/28172","targetHints":{"allow":["GET"]}}],"collection":[{"href":"https:\/\/www.tunidotenerife.com\/ro\/wp-json\/wp\/v2\/properties"}],"about":[{"href":"https:\/\/www.tunidotenerife.com\/ro\/wp-json\/wp\/v2\/types\/property"}],"author":[{"embeddable":true,"href":"https:\/\/www.tunidotenerife.com\/ro\/wp-json\/wp\/v2\/users\/5"}],"version-history":[{"count":0,"href":"https:\/\/www.tunidotenerife.com\/ro\/wp-json\/wp\/v2\/properties\/28172\/revisions"}],"wp:featuredmedia":[{"embeddable":true,"href":"https:\/\/www.tunidotenerife.com\/ro\/wp-json\/wp\/v2\/media\/28168"}],"wp:attachment":[{"href":"https:\/\/www.tunidotenerife.com\/ro\/wp-json\/wp\/v2\/media?parent=28172"}],"wp:term":[{"taxonomy":"property_type","embeddable":true,"href":"https:\/\/www.tunidotenerife.com\/ro\/wp-json\/wp\/v2\/property_type?post=28172"},{"taxonomy":"property_status","embeddable":true,"href":"https:\/\/www.tunidotenerife.com\/ro\/wp-json\/wp\/v2\/property_status?post=28172"},{"taxonomy":"property_feature","embeddable":true,"href":"https:\/\/www.tunidotenerife.com\/ro\/wp-json\/wp\/v2\/property_feature?post=28172"},{"taxonomy":"property_label","embeddable":true,"href":"https:\/\/www.tunidotenerife.com\/ro\/wp-json\/wp\/v2\/property_label?post=28172"},{"taxonomy":"property_city","embeddable":true,"href":"https:\/\/www.tunidotenerife.com\/ro\/wp-json\/wp\/v2\/property_city?post=28172"}],"curies":[{"name":"wp","href":"https:\/\/api.w.org\/{rel}","templated":true}]}}

Vilă de lux în Roque del Conde, Tenerife Sud

<p>Nu ratați această oportunitate unică de a achiziționa o vilă magnifică de vânzare în Roque del Conde, Tenerife Sud! Această proprietate uimitoare și luxoasă vă oferă tot ceea ce ați putea visa într-o casă. Cu 550m2 construiți, răspândiți pe 3 etaje plus un solar deasupra, această casă este un adevărat paradis.</p>
<p>Vila are 6 dormitoare spațioase și 5 băi, oferind suficient spațiu pentru întreaga familie și pentru divertismentul oaspeților. Fiecare cameră a fost proiectată cu eleganță și confort în minte, iar băile sunt la fel de impresionante.</p>
<p>Bucătăria, inclusă în vânzare, este modernă și funcțională, iar dulapurile montate oferă o depozitare excelentă. În plus, proprietatea are un lift pentru confortul dumneavoastră și parcare pentru 2 mașini.</p>
<p>Exteriorul proprietății nu este mai puțin impresionant, cu o grădină frumoasă unde vă puteți bucura de soarele din Tenerife și de priveliștile impresionante pe care le oferă Roque del Conde.</p>
<p>Această vilă este vândută fără bunuri imobiliare, oferindu-vă posibilitatea de a o personaliza după gustul dvs. și de a o transforma în casa visurilor dvs.</p>
<p>Nu ratați ocazia de a locui într-una dintre cele mai exclusiviste zone din Tenerife Sud. Contactați-ne pentru mai multe informații sau pentru a aranja o vizionare, această vilă din Roque del Conde poate fi a dumneavoastră!</p>

<p>¡No deje pasar esta oportunidad única de adquirir una magnífica villa en venta en Roque del Conde, Tenerife Sur! Esta propiedad impresionante y lujosa le ofrece todo lo que pueda soñar en una casa. Con 550m2 construidos, repartidos en 3 plantas más un solárium en la parte superior, este hogar es un verdadero paraíso. La [&hellip;]</p>

Calle Cantabria, Adeje, Santa Cruz de Tenerife, Canarias, 38652, España
