{"id":28138,"date":"2025-10-24T10:59:26","date_gmt":"2025-10-24T09:59:26","guid":{"rendered":"https:\/\/www.tunidotenerife.com\/p\/casa-en-venta-en-santiago-del-teide-el-retamar\/"},"modified":"2026-02-06T12:32:48","modified_gmt":"2026-02-06T12:32:48","slug":"casa-en-venta-en-santiago-del-teide-el-retamar","status":"publish","type":"property","link":"https:\/\/www.tunidotenerife.com\/ro\/p\/casa-en-venta-en-santiago-del-teide-el-retamar\/","title":{"rendered":"Cas\u0103 de v\u00e2nzare \u00een Santiago del Teide, El Retamar"},"content":{"rendered":"<p>Situat \u00een satul lini\u0219tit Retamar este aceast\u0103 cas\u0103 de ora\u0219 fermec\u0103tor, care ofer\u0103 o suprafa\u021b\u0103 de locuit de aproximativ 180m2. Aceast\u0103 proprietate se distinge prin designul s\u0103u practic \u0219i func\u021bional, care garanteaz\u0103 o atmosfer\u0103 de confort \u0219i lini\u0219te.<\/p>\n<p>Casa are un garaj \u00eenchis, echipat cu o u\u0219\u0103 automat\u0103, ceea ce face foarte u\u0219oar\u0103 parcarea unui vehicul. Acest spa\u021biu integrat \u00een cas\u0103 ofer\u0103 un confort suplimentar, permi\u021b\u00e2nd accesul direct la cas\u0103 din ma\u0219in\u0103.<\/p>\n<p>Interiorul casei este compus din trei dormitoare spa\u021bioase, toate cu suficient spa\u021biu pentru a crea o atmosfer\u0103 confortabil\u0103 \u0219i personalizat\u0103. Baia de dimensiuni generoase ofer\u0103 un spa\u021biu confortabil \u0219i func\u021bional.<\/p>\n<p>Buc\u0103t\u0103ria, independent\u0103 de restul camerelor, este dotat\u0103 cu tot ce este necesar pentru a satisface nevoile culinare de zi cu zi. Al\u0103turi de aceasta, livingul-sufragerie este un spa\u021biu cald \u0219i confortabil, ideal pentru a v\u0103 bucura de momente de relaxare sau \u00eent\u00e2lniri de familie.<\/p>\n<p>Proprietatea are o scar\u0103 care duce la terasa de pe acoperi\u0219, unde exist\u0103 o sp\u0103l\u0103torie dedicat\u0103. Acest spa\u021biu suplimentar ofer\u0103 un loc perfect pentru efectuarea treburilor casnice, p\u0103str\u00e2nd restul casei liber de dezordine.<\/p>\n<p>\u00cen plus, proprietatea este v\u00e2ndut\u0103 complet mobilat\u0103, ceea ce reprezint\u0103 un avantaj semnificativ pentru cei care caut\u0103 o proprietate gata de mutare.<\/p>\n<p>Nu \u00een ultimul r\u00e2nd, proprietatea ofer\u0103 posibilitatea de a construi un etaj suplimentar, ceea ce ofer\u0103 o oportunitate unic\u0103 pentru cei care doresc s\u0103 extind\u0103 spa\u021biul sau s\u0103 \u00eel adapteze la nevoile lor specifice.<\/p>\n<p>Pe scurt, aceast\u0103 cas\u0103 de ora\u0219 din Retamar este o alegere excelent\u0103 pentru cei care caut\u0103 o cas\u0103 confortabil\u0103 \u0219i func\u021bional\u0103 \u00eentr-un mediu lini\u0219tit \u0219i relaxat.<\/p>","protected":false},"excerpt":{"rendered":"<p>Ubicada en el apacible pueblo de Retamar, se encuentra esta encantadora casa de pueblo, que ofrece una superficie aproximada de 180m2. Esta propiedad se distingue por su dise\u00f1o pr\u00e1ctico y funcional, que garantiza un ambiente de comodidad y tranquilidad. La vivienda cuenta con un garaje cerrado, equipado con una puerta autom\u00e1tica, lo que facilita enormemente [&hellip;]<\/p>\n","protected":false},"author":5,"featured_media":28127,"parent":0,"menu_order":0,"template":"","property_type":[45],"property_status":[24],"property_feature":[178,174,26,171,170],"property_label":[109,180],"property_city":[203],"class_list":["post-28138","property","type-property","status-publish","has-post-thumbnail","hentry","property_type-villa","property_status-venta","property_feature-aparcamiento-privado-cerrado","property_feature-cocina-amueblada","property_feature-lavadora","property_feature-vistas-a-la-montana","property_feature-vistas-al-oceano","property_label-exclusivo","property_label-oferta","property_city-chio"],"property_meta":{"rank_math_internal_links_processed":["1"],"fave_property_bathrooms":["1"],"fave_property_bedrooms":["3"],"fave_property_size":["180"],"fave_property_size_prefix":["m\u00b2"],"fave_property_land":[""],"fave_property_land_postfix":["m\u00b2"],"fave_property_garage":["1"],"fave_property_garage_size":[""],"fave_property_year":[""],"fave_property_price":["260000"],"fave_property_price_placeholder":[""],"fave_property_price_prefix":[""],"fave_property_price_postfix":[""],"fave_property_sec_price":[""],"fave_show_price_placeholder":["0"],"additional_features":["a:1:{i:0;a:2:{s:29:\"fave_additional_feature_title\";s:0:\"\";s:29:\"fave_additional_feature_value\";s:0:\"\";}}"],"fave_additional_features_enable":["enable"],"floor_plans":[""],"fave_multi_units":[""],"fave_featured":["0"],"houzez_featured_listing_date":[""],"fave_virtual_tour":[""],"fave_loggedintoview":["0"],"fave_video_url":[""],"fave_property_zip":["38690"],"fave_property_map_address":["Calle los \u00c1ngeles, El Retamar, Santiago del Teide, Santa Cruz de Tenerife, Canarias, 38690, Espa\u00f1a"],"fave_property_address":["Calle los \u00c1ngeles, El Retamar, Santiago del Teide, Santa Cruz de Tenerife, Canarias, 38690, Espa\u00f1a"],"houzez_geolocation_lat":["28.2812944"],"houzez_geolocation_long":["-16.8142844"],"fave_property_location":["28.2812944,-16.8142844"],"fave_property_map":["1"],"fave_property_map_street_view":[null],"fave_property_id":["2360"],"fave_private_note":[""],"fave_property_disclaimer":[""],"fave_payment_status":["not_paid"],"fave_agent_display_option":["agent_info"],"fave_mortgage_cal":["0"],"houzez_total_property_views":["7512"],"houzez_views_by_date":["a:61:{s:10:\"02-27-2026\";i:36;s:10:\"02-28-2026\";i:36;s:10:\"03-01-2026\";i:36;s:10:\"03-02-2026\";i:34;s:10:\"03-03-2026\";i:49;s:10:\"03-04-2026\";i:38;s:10:\"03-05-2026\";i:36;s:10:\"03-06-2026\";i:42;s:10:\"03-07-2026\";i:48;s:10:\"03-08-2026\";i:36;s:10:\"03-09-2026\";i:36;s:10:\"03-10-2026\";i:42;s:10:\"03-11-2026\";i:36;s:10:\"03-12-2026\";i:38;s:10:\"03-13-2026\";i:36;s:10:\"03-14-2026\";i:36;s:10:\"03-15-2026\";i:36;s:10:\"03-16-2026\";i:36;s:10:\"03-17-2026\";i:36;s:10:\"03-18-2026\";i:54;s:10:\"03-19-2026\";i:40;s:10:\"03-20-2026\";i:36;s:10:\"03-21-2026\";i:36;s:10:\"03-22-2026\";i:47;s:10:\"03-23-2026\";i:43;s:10:\"03-24-2026\";i:36;s:10:\"03-25-2026\";i:36;s:10:\"03-26-2026\";i:54;s:10:\"03-27-2026\";i:36;s:10:\"03-28-2026\";i:37;s:10:\"03-29-2026\";i:54;s:10:\"03-30-2026\";i:36;s:10:\"03-31-2026\";i:36;s:10:\"04-01-2026\";i:38;s:10:\"04-02-2026\";i:36;s:10:\"04-03-2026\";i:36;s:10:\"04-04-2026\";i:36;s:10:\"04-05-2026\";i:36;s:10:\"04-06-2026\";i:36;s:10:\"04-07-2026\";i:38;s:10:\"04-08-2026\";i:36;s:10:\"04-09-2026\";i:36;s:10:\"04-10-2026\";i:37;s:10:\"04-11-2026\";i:36;s:10:\"04-12-2026\";i:47;s:10:\"04-13-2026\";i:42;s:10:\"04-14-2026\";i:36;s:10:\"04-15-2026\";i:54;s:10:\"04-16-2026\";i:36;s:10:\"04-17-2026\";i:36;s:10:\"04-18-2026\";i:38;s:10:\"04-19-2026\";i:40;s:10:\"04-20-2026\";i:48;s:10:\"04-21-2026\";i:38;s:10:\"04-22-2026\";i:36;s:10:\"04-23-2026\";i:38;s:10:\"04-24-2026\";i:38;s:10:\"04-25-2026\";i:51;s:10:\"04-26-2026\";i:38;s:10:\"04-27-2026\";i:37;s:10:\"04-28-2026\";i:27;}"],"houzez_recently_viewed":["2026-04-28 15:50:37"],"fave_property_images":["28127","28134","28128","28130","28131","28132","28133","28136","28137","28126"],"_thumbnail_id":["28127"],"fave_agents":["23720"],"_elementor_page_assets":["a:0:{}"]},"_links":{"self":[{"href":"https:\/\/www.tunidotenerife.com\/ro\/wp-json\/wp\/v2\/properties\/28138","targetHints":{"allow":["GET"]}}],"collection":[{"href":"https:\/\/www.tunidotenerife.com\/ro\/wp-json\/wp\/v2\/properties"}],"about":[{"href":"https:\/\/www.tunidotenerife.com\/ro\/wp-json\/wp\/v2\/types\/property"}],"author":[{"embeddable":true,"href":"https:\/\/www.tunidotenerife.com\/ro\/wp-json\/wp\/v2\/users\/5"}],"version-history":[{"count":1,"href":"https:\/\/www.tunidotenerife.com\/ro\/wp-json\/wp\/v2\/properties\/28138\/revisions"}],"predecessor-version":[{"id":28976,"href":"https:\/\/www.tunidotenerife.com\/ro\/wp-json\/wp\/v2\/properties\/28138\/revisions\/28976"}],"wp:featuredmedia":[{"embeddable":true,"href":"https:\/\/www.tunidotenerife.com\/ro\/wp-json\/wp\/v2\/media\/28127"}],"wp:attachment":[{"href":"https:\/\/www.tunidotenerife.com\/ro\/wp-json\/wp\/v2\/media?parent=28138"}],"wp:term":[{"taxonomy":"property_type","embeddable":true,"href":"https:\/\/www.tunidotenerife.com\/ro\/wp-json\/wp\/v2\/property_type?post=28138"},{"taxonomy":"property_status","embeddable":true,"href":"https:\/\/www.tunidotenerife.com\/ro\/wp-json\/wp\/v2\/property_status?post=28138"},{"taxonomy":"property_feature","embeddable":true,"href":"https:\/\/www.tunidotenerife.com\/ro\/wp-json\/wp\/v2\/property_feature?post=28138"},{"taxonomy":"property_label","embeddable":true,"href":"https:\/\/www.tunidotenerife.com\/ro\/wp-json\/wp\/v2\/property_label?post=28138"},{"taxonomy":"property_city","embeddable":true,"href":"https:\/\/www.tunidotenerife.com\/ro\/wp-json\/wp\/v2\/property_city?post=28138"}],"curies":[{"name":"wp","href":"https:\/\/api.w.org\/{rel}","templated":true}]}}

Casă de vânzare în Santiago del Teide, El Retamar

<p>Situat în satul liniștit Retamar este această casă de oraș fermecător, care oferă o suprafață de locuit de aproximativ 180m2. Această proprietate se distinge prin designul său practic și funcțional, care garantează o atmosferă de confort și liniște.</p>
<p>Casa are un garaj închis, echipat cu o ușă automată, ceea ce face foarte ușoară parcarea unui vehicul. Acest spațiu integrat în casă oferă un confort suplimentar, permițând accesul direct la casă din mașină.</p>
<p>Interiorul casei este compus din trei dormitoare spațioase, toate cu suficient spațiu pentru a crea o atmosferă confortabilă și personalizată. Baia de dimensiuni generoase oferă un spațiu confortabil și funcțional.</p>
<p>Bucătăria, independentă de restul camerelor, este dotată cu tot ce este necesar pentru a satisface nevoile culinare de zi cu zi. Alături de aceasta, livingul-sufragerie este un spațiu cald și confortabil, ideal pentru a vă bucura de momente de relaxare sau întâlniri de familie.</p>
<p>Proprietatea are o scară care duce la terasa de pe acoperiș, unde există o spălătorie dedicată. Acest spațiu suplimentar oferă un loc perfect pentru efectuarea treburilor casnice, păstrând restul casei liber de dezordine.</p>
<p>În plus, proprietatea este vândută complet mobilată, ceea ce reprezintă un avantaj semnificativ pentru cei care caută o proprietate gata de mutare.</p>
<p>Nu în ultimul rând, proprietatea oferă posibilitatea de a construi un etaj suplimentar, ceea ce oferă o oportunitate unică pentru cei care doresc să extindă spațiul sau să îl adapteze la nevoile lor specifice.</p>
<p>Pe scurt, această casă de oraș din Retamar este o alegere excelentă pentru cei care caută o casă confortabilă și funcțională într-un mediu liniștit și relaxat.</p>

<p>Ubicada en el apacible pueblo de Retamar, se encuentra esta encantadora casa de pueblo, que ofrece una superficie aproximada de 180m2. Esta propiedad se distingue por su diseño práctico y funcional, que garantiza un ambiente de comodidad y tranquilidad. La vivienda cuenta con un garaje cerrado, equipado con una puerta automática, lo que facilita enormemente [&hellip;]</p>

Calle los Ángeles, El Retamar, Santiago del Teide, Santa Cruz de Tenerife, Canarias, 38690, España
