{"id":27958,"date":"2025-09-15T14:29:49","date_gmt":"2025-09-15T13:29:49","guid":{"rendered":"https:\/\/www.tunidotenerife.com\/en\/p\/apartamneto-en-las-americas-2-dormitorios\/"},"modified":"2025-09-17T12:01:38","modified_gmt":"2025-09-17T11:01:38","slug":"apartamento-alquiler-2-habitaciones-playa-de-las-vistas","status":"publish","type":"property","link":"https:\/\/www.tunidotenerife.com\/ro\/p\/apartamento-alquiler-2-habitaciones-playa-de-las-vistas\/","title":{"rendered":"Apartament cu 2 dormitoare de \u00eenchiriat \u00een Playa de las Vistas"},"content":{"rendered":"<p>Situat \u00een complexul reziden\u021bial Compostela Beach, \u00een inima Milei de Aur, este acest apartament spa\u021bios, un adev\u0103rat paradis de confort. Cu o capacitate de cazare de 4 persoane, aceast\u0103 locuin\u021b\u0103 ofer\u0103 toate facilit\u0103\u021bile pentru a garanta un sejur perfect \u0219i f\u0103r\u0103 griji.<\/p>\n<p>Apartamentul are dou\u0103 dormitoare confortabile, fiecare cu dou\u0103 paturi de o persoan\u0103, ideale pentru relaxare dup\u0103 o zi lung\u0103 de vizitare a obiectivelor turistice. \u00cen plus, camera de zi are o canapea pentru a asigura confortul tuturor oaspe\u021bilor.<\/p>\n<p>Buc\u0103t\u0103ria \u00een stil american este complet echipat\u0103 cu tot ceea ce ave\u021bi nevoie pentru a v\u0103 satisface nevoile culinare. \u00cen plus, baia, care are un du\u0219 practic \u0219i o ma\u0219in\u0103 de sp\u0103lat, adaug\u0103 un plus de func\u021bionalitate apartamentului.<\/p>\n<p>Bijuteria din coroana acestui apartament este, f\u0103r\u0103 \u00eendoial\u0103, terasa sa impresionant\u0103 de 12 m2, de pe care v\u0103 pute\u021bi bucura de o priveli\u0219te spectaculoas\u0103 a plajei. Acest spa\u021biu \u00een aer liber este locul perfect pentru a v\u0103 bucura de un mic dejun pl\u0103cut sau de o cin\u0103 sub stele.<\/p>\n<p>\u00centre timp, complexul reziden\u021bial Compostela Beach ofer\u0103 o gam\u0103 larg\u0103 de facilit\u0103\u021bi, inclusiv mai multe piscine, zone de gr\u0103din\u0103, zone pentru copii \u0219i o varietate de restaurante \u0219i unit\u0103\u021bi de agrement. Toate acestea \u00eentr-un cadru de neegalat, aproape de toate \u0219i f\u0103r\u0103 a fi nevoie s\u0103 folosi\u021bi ma\u0219ina.<\/p>\n<p>La doar c\u00e2\u021biva pa\u0219i de apartament, ve\u021bi g\u0103si o sta\u021bie de autobuz \u0219i o sta\u021bie de taxi, magazine, un centru comercial, supermarketuri \u0219i un spital, tot ceea ce ave\u021bi nevoie pentru a asigura un sejur confortabil \u0219i practic.<\/p>\n<p>Pentru divertismentul \u0219i confortul dumneavoastr\u0103, apartamentul dispune \u0219i de conexiune Wifi. Pe scurt, acest apartament este alegerea ideal\u0103 pentru cei care doresc s\u0103 se bucure de tot confortul \u00eentr-un mediu privilegiat.<\/p>","protected":false},"excerpt":{"rendered":"<p>Situado en el complejo residencial Compostela Beach, en el coraz\u00f3n de la Milla de Oro, se encuentra este espacioso apartamento, un aut\u00e9ntico refugio de comodidad. Con capacidad para alojar a 4 personas, este alojamiento ofrece todas las facilidades para garantizar una estancia perfecta y sin preocupaciones. El apartamento presenta dos acogedores dormitorios, cada uno con [&hellip;]<\/p>\n","protected":false},"author":4,"featured_media":27959,"parent":0,"menu_order":0,"template":"","property_type":[49],"property_status":[23],"property_feature":[176,177,174,26,173,172,170],"property_label":[],"property_city":[69],"class_list":["post-27958","property","type-property","status-publish","has-post-thumbnail","hentry","property_type-apartamento","property_status-alquiler-vacacional","property_feature-cerca-de-centros-comerciales","property_feature-cerca-de-la-playa","property_feature-cocina-amueblada","property_feature-lavadora","property_feature-piscina-climatizada","property_feature-piscina-comunitaria","property_feature-vistas-al-oceano","property_city-los-cristianos"],"property_meta":{"rank_math_internal_links_processed":["1"],"fave_property_bathrooms":["1"],"fave_property_bedrooms":["2"],"fave_property_size_prefix":["m\u00b2"],"fave_property_land_postfix":["m\u00b2"],"fave_show_price_placeholder":["1"],"fave_additional_features_enable":["enable"],"fave_featured":["0"],"houzez_featured_listing_date":[""],"fave_loggedintoview":["0"],"_thumbnail_id":["27959"],"houzez_geolocation_lat":["28.053802768217"],"houzez_geolocation_long":["-16.727092266083"],"fave_property_location":["28.053802768217,-16.727092266083,17"],"fave_property_map":["1"],"fave_property_map_street_view":["hide"],"fave_property_id":["744"],"fave_payment_status":["not_paid"],"fave_agent_display_option":["agent_info"],"fave_mortgage_cal":["0"],"houzez_total_property_views":["9808"],"houzez_views_by_date":["a:61:{s:10:\"03-02-2026\";i:36;s:10:\"03-03-2026\";i:48;s:10:\"03-04-2026\";i:39;s:10:\"03-05-2026\";i:37;s:10:\"03-06-2026\";i:42;s:10:\"03-07-2026\";i:49;s:10:\"03-08-2026\";i:36;s:10:\"03-09-2026\";i:36;s:10:\"03-10-2026\";i:42;s:10:\"03-11-2026\";i:38;s:10:\"03-12-2026\";i:36;s:10:\"03-13-2026\";i:37;s:10:\"03-14-2026\";i:36;s:10:\"03-15-2026\";i:36;s:10:\"03-16-2026\";i:36;s:10:\"03-17-2026\";i:38;s:10:\"03-18-2026\";i:58;s:10:\"03-19-2026\";i:38;s:10:\"03-20-2026\";i:36;s:10:\"03-21-2026\";i:37;s:10:\"03-22-2026\";i:44;s:10:\"03-23-2026\";i:46;s:10:\"03-24-2026\";i:36;s:10:\"03-25-2026\";i:39;s:10:\"03-26-2026\";i:54;s:10:\"03-27-2026\";i:37;s:10:\"03-28-2026\";i:38;s:10:\"03-29-2026\";i:52;s:10:\"03-30-2026\";i:36;s:10:\"03-31-2026\";i:39;s:10:\"04-01-2026\";i:41;s:10:\"04-02-2026\";i:37;s:10:\"04-03-2026\";i:36;s:10:\"04-04-2026\";i:36;s:10:\"04-05-2026\";i:36;s:10:\"04-06-2026\";i:38;s:10:\"04-07-2026\";i:39;s:10:\"04-08-2026\";i:44;s:10:\"04-09-2026\";i:36;s:10:\"04-10-2026\";i:36;s:10:\"04-11-2026\";i:36;s:10:\"04-12-2026\";i:48;s:10:\"04-13-2026\";i:42;s:10:\"04-14-2026\";i:36;s:10:\"04-15-2026\";i:61;s:10:\"04-16-2026\";i:36;s:10:\"04-17-2026\";i:37;s:10:\"04-18-2026\";i:40;s:10:\"04-19-2026\";i:41;s:10:\"04-20-2026\";i:46;s:10:\"04-21-2026\";i:37;s:10:\"04-22-2026\";i:42;s:10:\"04-23-2026\";i:38;s:10:\"04-24-2026\";i:39;s:10:\"04-25-2026\";i:47;s:10:\"04-26-2026\";i:40;s:10:\"04-27-2026\";i:41;s:10:\"04-28-2026\";i:38;s:10:\"04-29-2026\";i:39;s:10:\"04-30-2026\";i:44;s:10:\"05-01-2026\";i:30;}"],"houzez_recently_viewed":["2026-05-01 12:29:42"],"_edit_lock":["1758106783:1"],"rank_math_seo_score":["7"],"_edit_last":["1"],"fave_single_top_area":["global"],"fave_single_content_area":["global"],"_pys_head_footer":["a:7:{s:14:\"disable_global\";b:0;s:8:\"head_any\";s:0:\"\";s:12:\"head_desktop\";s:0:\"\";s:11:\"head_mobile\";s:0:\"\";s:10:\"footer_any\";s:0:\"\";s:14:\"footer_desktop\";s:0:\"\";s:13:\"footer_mobile\";s:0:\"\";}"],"rank_math_primary_property_type":["0"],"rank_math_primary_property_status":["0"],"rank_math_primary_property_feature":["0"],"rank_math_primary_property_label":["0"],"rank_math_primary_property_city":["69"],"houzez_manual_expire":["0"],"_houzez_expiration_date_status":["saved"],"rank_math_title":["Apartamento en Alquiler de 2 Hab. en Playa de las Vistas"],"fave_property_map_address":["Playa Las Vistas, Paseo las Vistas, Playa de las Am\u00e9ricas, Los Cristianos, Arona, Santa Cruz de Tenerife, Canarias, 38650, Espa\u00f1a"],"fave_property_address":["Playa de las Vistas"],"fave_booking_shortcode":["[wpsbc id=\"28\" title=\"no\" legend=\"yes\" legend_position=\"top\" dropdown=\"yes\" start=\"1\" display=\"6\" language=\"auto\" month=\"0\" year=\"0\" jump=\"yes\" history=\"1\" tooltip=\"3\" weeknumbers=\"no\" highlighttoday=\"yes\"]"],"fave_property_price_placeholder":["Precio a Consultar"],"rank_math_description":["Apartamento en alquiler de 2 habitaciones en Playa de las Vistas, Tenerife. Confort, ubicaci\u00f3n c\u00e9ntrica y acceso cercano a la playa."],"fave_property_images":["27959","27942","27905","27943","27910","27952","27939","27940","27908","27932","27954","27955","27936","27956","27937","27953","27946","27945","27947"],"fave_agents":["156"],"_elementor_page_assets":["a:0:{}"]},"_links":{"self":[{"href":"https:\/\/www.tunidotenerife.com\/ro\/wp-json\/wp\/v2\/properties\/27958","targetHints":{"allow":["GET"]}}],"collection":[{"href":"https:\/\/www.tunidotenerife.com\/ro\/wp-json\/wp\/v2\/properties"}],"about":[{"href":"https:\/\/www.tunidotenerife.com\/ro\/wp-json\/wp\/v2\/types\/property"}],"author":[{"embeddable":true,"href":"https:\/\/www.tunidotenerife.com\/ro\/wp-json\/wp\/v2\/users\/4"}],"version-history":[{"count":0,"href":"https:\/\/www.tunidotenerife.com\/ro\/wp-json\/wp\/v2\/properties\/27958\/revisions"}],"wp:featuredmedia":[{"embeddable":true,"href":"https:\/\/www.tunidotenerife.com\/ro\/wp-json\/wp\/v2\/media\/27959"}],"wp:attachment":[{"href":"https:\/\/www.tunidotenerife.com\/ro\/wp-json\/wp\/v2\/media?parent=27958"}],"wp:term":[{"taxonomy":"property_type","embeddable":true,"href":"https:\/\/www.tunidotenerife.com\/ro\/wp-json\/wp\/v2\/property_type?post=27958"},{"taxonomy":"property_status","embeddable":true,"href":"https:\/\/www.tunidotenerife.com\/ro\/wp-json\/wp\/v2\/property_status?post=27958"},{"taxonomy":"property_feature","embeddable":true,"href":"https:\/\/www.tunidotenerife.com\/ro\/wp-json\/wp\/v2\/property_feature?post=27958"},{"taxonomy":"property_label","embeddable":true,"href":"https:\/\/www.tunidotenerife.com\/ro\/wp-json\/wp\/v2\/property_label?post=27958"},{"taxonomy":"property_city","embeddable":true,"href":"https:\/\/www.tunidotenerife.com\/ro\/wp-json\/wp\/v2\/property_city?post=27958"}],"curies":[{"name":"wp","href":"https:\/\/api.w.org\/{rel}","templated":true}]}}

Apartament cu 2 dormitoare de închiriat în Playa de las Vistas

<p>Situat în complexul rezidențial Compostela Beach, în inima Milei de Aur, este acest apartament spațios, un adevărat paradis de confort. Cu o capacitate de cazare de 4 persoane, această locuință oferă toate facilitățile pentru a garanta un sejur perfect și fără griji.</p>
<p>Apartamentul are două dormitoare confortabile, fiecare cu două paturi de o persoană, ideale pentru relaxare după o zi lungă de vizitare a obiectivelor turistice. În plus, camera de zi are o canapea pentru a asigura confortul tuturor oaspeților.</p>
<p>Bucătăria în stil american este complet echipată cu tot ceea ce aveți nevoie pentru a vă satisface nevoile culinare. În plus, baia, care are un duș practic și o mașină de spălat, adaugă un plus de funcționalitate apartamentului.</p>
<p>Bijuteria din coroana acestui apartament este, fără îndoială, terasa sa impresionantă de 12 m2, de pe care vă puteți bucura de o priveliște spectaculoasă a plajei. Acest spațiu în aer liber este locul perfect pentru a vă bucura de un mic dejun plăcut sau de o cină sub stele.</p>
<p>Între timp, complexul rezidențial Compostela Beach oferă o gamă largă de facilități, inclusiv mai multe piscine, zone de grădină, zone pentru copii și o varietate de restaurante și unități de agrement. Toate acestea într-un cadru de neegalat, aproape de toate și fără a fi nevoie să folosiți mașina.</p>
<p>La doar câțiva pași de apartament, veți găsi o stație de autobuz și o stație de taxi, magazine, un centru comercial, supermarketuri și un spital, tot ceea ce aveți nevoie pentru a asigura un sejur confortabil și practic.</p>
<p>Pentru divertismentul și confortul dumneavoastră, apartamentul dispune și de conexiune Wifi. Pe scurt, acest apartament este alegerea ideală pentru cei care doresc să se bucure de tot confortul într-un mediu privilegiat.</p>

<p>Situado en el complejo residencial Compostela Beach, en el corazón de la Milla de Oro, se encuentra este espacioso apartamento, un auténtico refugio de comodidad. Con capacidad para alojar a 4 personas, este alojamiento ofrece todas las facilidades para garantizar una estancia perfecta y sin preocupaciones. El apartamento presenta dos acogedores dormitorios, cada uno con [&hellip;]</p>

Playa Las Vistas, Paseo las Vistas, Playa de las Américas, Los Cristianos, Arona, Santa Cruz de Tenerife, Canarias, 38650, España

Apartamento en alquiler de 2 habitaciones en Playa de las Vistas, Tenerife. Confort, ubicación céntrica y acceso cercano a la playa.
