{"id":26980,"date":"2025-06-05T11:17:26","date_gmt":"2025-06-05T10:17:26","guid":{"rendered":"https:\/\/www.tunidotenerife.com\/p\/villa-en-venta-en-tenerife-sur-el-duque\/"},"modified":"2026-04-23T14:18:50","modified_gmt":"2026-04-23T13:18:50","slug":"villa-en-venta-en-tenerife-sur-el-duque","status":"publish","type":"property","link":"https:\/\/www.tunidotenerife.com\/ro\/p\/villa-en-venta-en-tenerife-sur-el-duque\/","title":{"rendered":"Vil\u0103 de v\u00e2nzare \u00een Tenerife South, El Duque"},"content":{"rendered":"<p>V\u0103 prezent\u0103m o vil\u0103 uimitoare de v\u00e2nzare, situat\u0103 \u00een cartierul de prestigiu El Duque. Aceast\u0103 proprietate cu trei dormitoare \u0219i trei b\u0103i se afl\u0103 la o scurt\u0103 plimbare de trei minute de centrul comercial aglomerat \u0219i de plaja lini\u0219tit\u0103, oferind o loca\u021bie imbatabil\u0103.<\/p>\n<p>Vila are o piscin\u0103 privat\u0103, perfect\u0103 pentru a v\u0103 bucura de momente de agrement \u0219i relaxare. La parter, ve\u021bi g\u0103si o camer\u0103 de zi \u0219i de luat masa luminoas\u0103, proiectat\u0103 av\u00e2nd \u00een vedere o atmosfer\u0103 confortabil\u0103 \u0219i confortabil\u0103. Buc\u0103t\u0103ria independent\u0103 este complet echipat\u0103, iar l\u00e2ng\u0103 aceasta ve\u021bi g\u0103si o baie \u0219i un dormitor, toate proiectate pentru confortul dumneavoastr\u0103 maxim.<\/p>\n<p>Urc\u00e2nd la primul etaj, exist\u0103 dou\u0103 dormitoare suplimentare \u0219i dou\u0103 b\u0103i, oferind suficient spa\u021biu pentru a g\u0103zdui mai mul\u021bi oaspe\u021bi \u00een confort total.<\/p>\n<p>Dar adev\u0103rata bijuterie a acestei propriet\u0103\u021bi este piscina sa mare \u00eenc\u0103lzit\u0103. Cu o dimensiune de 212m2 \u0219i un teren de 215m2, aceast\u0103 vil\u0103 este o op\u021biune atractiv\u0103 pentru cei care caut\u0103 o cas\u0103 nou\u0103.<\/p>\n<p>Taxe comunitare lunare- 161,14\u20ac (inclusiv paza)<\/p>\n<p>Impozit anual - 328,03\u20ac.<\/p>\n<p>Nu rata\u021bi ocazia de a achizi\u021biona aceast\u0103 vil\u0103 frumoas\u0103 \u00eentr-o loca\u021bie privilegiat\u0103. Cu combina\u021bia sa de confort, lux \u0219i loca\u021bie, este o investi\u021bie care v\u0103 va oferi cu siguran\u021b\u0103 un randament imbatabil. Contacta\u021bi-ne ast\u0103zi pentru mai multe informa\u021bii sau pentru a organiza o vizionare.<\/p>","protected":false},"excerpt":{"rendered":"<p>Les presentamos una impresionante villa en venta, situada en el prestigioso barrio de El Duque. Esta propiedad de tres dormitorios y tres ba\u00f1os se encuentra a un breve paseo de tres minutos del bullicioso centro comercial y la tranquila playa, ofreciendo una ubicaci\u00f3n inmejorable. La villa cuenta con una piscina privada, perfecta para disfrutar de [&hellip;]<\/p>\n","protected":false},"author":5,"featured_media":26971,"parent":0,"menu_order":0,"template":"","property_type":[45],"property_status":[24],"property_feature":[17,178,19,176,177,174,31,26,173,42],"property_label":[109,180],"property_city":[60],"class_list":["post-26980","property","type-property","status-publish","has-post-thumbnail","hentry","property_type-villa","property_status-venta","property_feature-aire-acondicionado","property_feature-aparcamiento-privado-cerrado","property_feature-barbacoa","property_feature-cerca-de-centros-comerciales","property_feature-cerca-de-la-playa","property_feature-cocina-amueblada","property_feature-ducha-exterior","property_feature-lavadora","property_feature-piscina-climatizada","property_feature-piscina-privada","property_label-exclusivo","property_label-oferta","property_city-el-duque"],"property_meta":{"rank_math_internal_links_processed":["1"],"fave_property_bathrooms":["3"],"fave_property_bedrooms":["3"],"fave_property_size":["212"],"fave_property_size_prefix":["m\u00b2"],"fave_property_land":["215"],"fave_property_land_postfix":["m\u00b2"],"fave_property_garage":["3"],"fave_property_garage_size":["111"],"fave_property_year":["1997"],"fave_property_price":["1290000"],"fave_property_price_placeholder":[""],"fave_property_price_prefix":[""],"fave_property_price_postfix":[""],"fave_property_sec_price":[""],"fave_show_price_placeholder":["0"],"additional_features":["a:1:{i:0;a:2:{s:29:\"fave_additional_feature_title\";s:0:\"\";s:29:\"fave_additional_feature_value\";s:0:\"\";}}"],"fave_additional_features_enable":["enable"],"floor_plans":[""],"fave_multi_units":[""],"fave_featured":["0"],"houzez_featured_listing_date":[""],"fave_virtual_tour":[""],"fave_loggedintoview":["0"],"fave_video_url":[""],"fave_property_zip":["38679"],"fave_property_map_address":["El Duque, Avenida de Bruselas, Playas del Duque, Costa Adeje, Miraverde, Adeje, Santa Cruz de Tenerife, Canarias, 38679, Espa\u00f1a"],"fave_property_address":["El Duque, Avenida de Bruselas, Playas del Duque, Costa Adeje, Miraverde, Adeje, Santa Cruz de Tenerife, Canarias, 38679, Espa\u00f1a"],"houzez_geolocation_lat":["28.0925898"],"houzez_geolocation_long":["-16.7367128"],"fave_property_location":["28.0925898,-16.7367128"],"fave_property_map":["1"],"fave_property_map_street_view":[null],"fave_property_id":["2340"],"fave_private_note":[""],"fave_property_disclaimer":[""],"fave_payment_status":["not_paid"],"fave_agent_display_option":["agent_info"],"fave_mortgage_cal":["0"],"houzez_total_property_views":["13703"],"houzez_views_by_date":["a:61:{s:10:\"02-27-2026\";i:36;s:10:\"02-28-2026\";i:36;s:10:\"03-01-2026\";i:36;s:10:\"03-02-2026\";i:43;s:10:\"03-03-2026\";i:45;s:10:\"03-04-2026\";i:39;s:10:\"03-05-2026\";i:36;s:10:\"03-06-2026\";i:52;s:10:\"03-07-2026\";i:38;s:10:\"03-08-2026\";i:36;s:10:\"03-09-2026\";i:41;s:10:\"03-10-2026\";i:54;s:10:\"03-11-2026\";i:44;s:10:\"03-12-2026\";i:54;s:10:\"03-13-2026\";i:36;s:10:\"03-14-2026\";i:36;s:10:\"03-15-2026\";i:36;s:10:\"03-16-2026\";i:42;s:10:\"03-17-2026\";i:46;s:10:\"03-18-2026\";i:38;s:10:\"03-19-2026\";i:36;s:10:\"03-20-2026\";i:36;s:10:\"03-21-2026\";i:42;s:10:\"03-22-2026\";i:48;s:10:\"03-23-2026\";i:36;s:10:\"03-24-2026\";i:36;s:10:\"03-25-2026\";i:36;s:10:\"03-26-2026\";i:55;s:10:\"03-27-2026\";i:36;s:10:\"03-28-2026\";i:55;s:10:\"03-29-2026\";i:36;s:10:\"03-30-2026\";i:36;s:10:\"03-31-2026\";i:37;s:10:\"04-01-2026\";i:40;s:10:\"04-02-2026\";i:54;s:10:\"04-03-2026\";i:36;s:10:\"04-04-2026\";i:36;s:10:\"04-05-2026\";i:36;s:10:\"04-06-2026\";i:36;s:10:\"04-07-2026\";i:37;s:10:\"04-08-2026\";i:46;s:10:\"04-09-2026\";i:38;s:10:\"04-10-2026\";i:38;s:10:\"04-11-2026\";i:40;s:10:\"04-12-2026\";i:50;s:10:\"04-13-2026\";i:36;s:10:\"04-14-2026\";i:39;s:10:\"04-15-2026\";i:57;s:10:\"04-16-2026\";i:36;s:10:\"04-17-2026\";i:36;s:10:\"04-18-2026\";i:36;s:10:\"04-19-2026\";i:50;s:10:\"04-20-2026\";i:40;s:10:\"04-21-2026\";i:38;s:10:\"04-22-2026\";i:36;s:10:\"04-23-2026\";i:36;s:10:\"04-24-2026\";i:52;s:10:\"04-25-2026\";i:38;s:10:\"04-26-2026\";i:36;s:10:\"04-27-2026\";i:36;s:10:\"04-28-2026\";i:37;}"],"houzez_recently_viewed":["2026-04-28 17:09:38"],"fave_property_images":["29534","26971","26961","26962","26963","26964","26965","26966","26967","26968","26969","26970","26972","26973","26974","26975","26976","26977","26978","26960"],"_thumbnail_id":["26971"],"fave_agents":["23720"],"_elementor_page_assets":["a:0:{}"]},"_links":{"self":[{"href":"https:\/\/www.tunidotenerife.com\/ro\/wp-json\/wp\/v2\/properties\/26980","targetHints":{"allow":["GET"]}}],"collection":[{"href":"https:\/\/www.tunidotenerife.com\/ro\/wp-json\/wp\/v2\/properties"}],"about":[{"href":"https:\/\/www.tunidotenerife.com\/ro\/wp-json\/wp\/v2\/types\/property"}],"author":[{"embeddable":true,"href":"https:\/\/www.tunidotenerife.com\/ro\/wp-json\/wp\/v2\/users\/5"}],"version-history":[{"count":1,"href":"https:\/\/www.tunidotenerife.com\/ro\/wp-json\/wp\/v2\/properties\/26980\/revisions"}],"predecessor-version":[{"id":29283,"href":"https:\/\/www.tunidotenerife.com\/ro\/wp-json\/wp\/v2\/properties\/26980\/revisions\/29283"}],"wp:featuredmedia":[{"embeddable":true,"href":"https:\/\/www.tunidotenerife.com\/ro\/wp-json\/wp\/v2\/media\/26971"}],"wp:attachment":[{"href":"https:\/\/www.tunidotenerife.com\/ro\/wp-json\/wp\/v2\/media?parent=26980"}],"wp:term":[{"taxonomy":"property_type","embeddable":true,"href":"https:\/\/www.tunidotenerife.com\/ro\/wp-json\/wp\/v2\/property_type?post=26980"},{"taxonomy":"property_status","embeddable":true,"href":"https:\/\/www.tunidotenerife.com\/ro\/wp-json\/wp\/v2\/property_status?post=26980"},{"taxonomy":"property_feature","embeddable":true,"href":"https:\/\/www.tunidotenerife.com\/ro\/wp-json\/wp\/v2\/property_feature?post=26980"},{"taxonomy":"property_label","embeddable":true,"href":"https:\/\/www.tunidotenerife.com\/ro\/wp-json\/wp\/v2\/property_label?post=26980"},{"taxonomy":"property_city","embeddable":true,"href":"https:\/\/www.tunidotenerife.com\/ro\/wp-json\/wp\/v2\/property_city?post=26980"}],"curies":[{"name":"wp","href":"https:\/\/api.w.org\/{rel}","templated":true}]}}

Vilă de vânzare în Tenerife South, El Duque

<p>Vă prezentăm o vilă uimitoare de vânzare, situată în cartierul de prestigiu El Duque. Această proprietate cu trei dormitoare și trei băi se află la o scurtă plimbare de trei minute de centrul comercial aglomerat și de plaja liniștită, oferind o locație imbatabilă.</p>
<p>Vila are o piscină privată, perfectă pentru a vă bucura de momente de agrement și relaxare. La parter, veți găsi o cameră de zi și de luat masa luminoasă, proiectată având în vedere o atmosferă confortabilă și confortabilă. Bucătăria independentă este complet echipată, iar lângă aceasta veți găsi o baie și un dormitor, toate proiectate pentru confortul dumneavoastră maxim.</p>
<p>Urcând la primul etaj, există două dormitoare suplimentare și două băi, oferind suficient spațiu pentru a găzdui mai mulți oaspeți în confort total.</p>
<p>Dar adevărata bijuterie a acestei proprietăți este piscina sa mare încălzită. Cu o dimensiune de 212m2 și un teren de 215m2, această vilă este o opțiune atractivă pentru cei care caută o casă nouă.</p>
<p>Taxe comunitare lunare- 161,14€ (inclusiv paza)</p>
<p>Impozit anual - 328,03€.</p>
<p>Nu ratați ocazia de a achiziționa această vilă frumoasă într-o locație privilegiată. Cu combinația sa de confort, lux și locație, este o investiție care vă va oferi cu siguranță un randament imbatabil. Contactați-ne astăzi pentru mai multe informații sau pentru a organiza o vizionare.</p>

<p>Les presentamos una impresionante villa en venta, situada en el prestigioso barrio de El Duque. Esta propiedad de tres dormitorios y tres baños se encuentra a un breve paseo de tres minutos del bullicioso centro comercial y la tranquila playa, ofreciendo una ubicación inmejorable. La villa cuenta con una piscina privada, perfecta para disfrutar de [&hellip;]</p>

El Duque, Avenida de Bruselas, Playas del Duque, Costa Adeje, Miraverde, Adeje, Santa Cruz de Tenerife, Canarias, 38679, España
