{"id":25320,"date":"2024-12-12T16:42:49","date_gmt":"2024-12-12T16:42:49","guid":{"rendered":"https:\/\/www.tunidotenerife.com\/p\/estudio-en-tenerife-sur-roque-del-conde\/"},"modified":"2025-05-09T14:48:41","modified_gmt":"2025-05-09T13:48:41","slug":"estudio-en-tenerife-sur-roque-del-conde","status":"houzez_sold","type":"property","link":"https:\/\/www.tunidotenerife.com\/ro\/p\/estudio-en-tenerife-sur-roque-del-conde\/","title":{"rendered":"Studio \u00een Tenerife Sud, Roque del Conde"},"content":{"rendered":"<p>V\u0103 prezent\u0103m acest fermec\u0103tor apartament studio \u00een Balcon del Atlantico, situat \u00een c\u0103utat dup\u0103 Roque del Conde! Acest studio recent renovat ofer\u0103 un spa\u021biu de locuit modern \u0219i confortabil de 38m2, perfect pentru cei care caut\u0103 o cas\u0103 elegant\u0103 \u0219i confortabil\u0103.<\/p>\n<p>Studioul are o serie de camere care se vor potrivi nevoilor dvs., \u00eempreun\u0103 cu o baie complet\u0103. Dar asta nu e tot, imagina\u021bi-v\u0103 c\u0103 v\u0103 trezi\u021bi \u00een fiecare diminea\u021b\u0103 cu priveli\u0219ti uluitoare ale oceanului, o priveli\u0219te care nu \u00eenceteaz\u0103 niciodat\u0103 s\u0103 uimeasc\u0103.<\/p>\n<p>Pentru iubitorii de soare \u0219i ap\u0103, proprietatea ofer\u0103, de asemenea, o piscin\u0103 comun\u0103, locul perfect pentru a v\u0103 relaxa \u0219i a v\u0103 bucura de vremea \u00eensorit\u0103. \u0218i nu v\u0103 face\u021bi griji cu privire la parcare, deoarece acest studio vine cu propriul s\u0103u loc de parcare, un adev\u0103rat lux \u00een aceast\u0103 zon\u0103.<\/p>\n<p>Acest studio \u00een Balcon de Atlantico nu este doar o proprietate, este un stil de via\u021b\u0103. Nu rata\u021bi ocazia de a face din aceasta noua dvs. cas\u0103, contacta\u021bi-ne ast\u0103zi pentru mai multe informa\u021bii sau pentru a programa o vizionare!<\/p>","protected":false},"excerpt":{"rendered":"<p>\u00a1Presentamos este encantador estudio en Balcon del Atlantico, ubicado en el codiciado Roque del Conde! Este estudio, recientemente reformado, ofrece un espacio de vida moderno y acogedor de 38m2, perfecto para aquellos que buscan un hogar con estilo y comodidad. El estudio cuenta con un n\u00famero de habitaciones que se adaptar\u00e1 a sus necesidades, junto [&hellip;]<\/p>\n","protected":false},"author":5,"featured_media":25308,"parent":0,"menu_order":0,"template":"","property_type":[41],"property_status":[40],"property_feature":[17,174,172,170],"property_label":[109,180],"property_city":[],"class_list":["post-25320","property","type-property","status-houzez_sold","has-post-thumbnail","hentry","property_type-estudio","property_status-vendido","property_feature-aire-acondicionado","property_feature-cocina-amueblada","property_feature-piscina-comunitaria","property_feature-vistas-al-oceano","property_label-exclusivo","property_label-oferta"],"property_meta":{"rank_math_internal_links_processed":["1"],"fave_property_price":["199000"],"fave_property_price_postfix":[""],"fave_show_price_placeholder":["0"],"fave_property_price_placeholder":[""],"fave_property_price_prefix":[""],"fave_property_sec_price":[""],"fave_property_size":["38"],"fave_property_size_prefix":["m\u00b2"],"fave_property_land":[""],"fave_property_land_postfix":["m\u00b2"],"fave_property_bedrooms":["0"],"fave_property_bathrooms":["1"],"fave_property_garage":[""],"fave_property_garage_size":[""],"fave_virtual_tour":[""],"fave_property_year":[""],"fave_property_id":["2307"],"fave_video_url":[""],"fave_property_images":["25308","25304","25305","25306","25310","25311","25312","25313","25314","25315","25316","25317","25318","25319","25303","25301"],"_thumbnail_id":["25308"],"fave_property_zip":["38660"],"additional_features":["a:1:{i:0;a:2:{s:29:\"fave_additional_feature_title\";s:0:\"\";s:29:\"fave_additional_feature_value\";s:0:\"\";}}"],"fave_additional_features_enable":["enable"],"floor_plans":[""],"fave_multi_units":[""],"fave_featured":["0"],"houzez_featured_listing_date":[""],"fave_loggedintoview":["0"],"fave_mortgage_cal":["0"],"fave_private_note":["es un local"],"fave_property_disclaimer":[""],"fave_payment_status":["not_paid"],"fave_agents":["23720"],"fave_agent_display_option":["agent_info"],"fave_property_map_address":["Calle Asturias, Torviscas Bajo, Miraverde, Adeje, Santa Cruz de Tenerife, Canarias, 38660, Espa\u00f1a"],"fave_property_address":["Calle Asturias, Torviscas Bajo, Miraverde, Adeje, Santa Cruz de Tenerife, Canarias, 38660, Espa\u00f1a"],"houzez_geolocation_lat":["28.090808898134885"],"houzez_geolocation_long":["-16.71944047559006"],"fave_property_location":["28.090808898134885,-16.71944047559006"],"fave_property_map":["1"],"fave_property_map_street_view":[""],"houzez_total_property_views":["21515"],"houzez_views_by_date":["a:61:{s:10:\"02-27-2026\";i:36;s:10:\"02-28-2026\";i:36;s:10:\"03-01-2026\";i:44;s:10:\"03-02-2026\";i:39;s:10:\"03-03-2026\";i:39;s:10:\"03-04-2026\";i:50;s:10:\"03-05-2026\";i:45;s:10:\"03-06-2026\";i:37;s:10:\"03-07-2026\";i:36;s:10:\"03-08-2026\";i:36;s:10:\"03-09-2026\";i:36;s:10:\"03-10-2026\";i:54;s:10:\"03-11-2026\";i:72;s:10:\"03-12-2026\";i:54;s:10:\"03-13-2026\";i:36;s:10:\"03-14-2026\";i:36;s:10:\"03-15-2026\";i:44;s:10:\"03-16-2026\";i:44;s:10:\"03-17-2026\";i:38;s:10:\"03-18-2026\";i:38;s:10:\"03-19-2026\";i:69;s:10:\"03-20-2026\";i:58;s:10:\"03-21-2026\";i:42;s:10:\"03-22-2026\";i:36;s:10:\"03-23-2026\";i:43;s:10:\"03-24-2026\";i:32;s:10:\"03-25-2026\";i:35;s:10:\"03-26-2026\";i:50;s:10:\"03-27-2026\";i:36;s:10:\"03-28-2026\";i:62;s:10:\"03-29-2026\";i:36;s:10:\"03-30-2026\";i:36;s:10:\"03-31-2026\";i:36;s:10:\"04-01-2026\";i:38;s:10:\"04-02-2026\";i:54;s:10:\"04-03-2026\";i:36;s:10:\"04-04-2026\";i:36;s:10:\"04-05-2026\";i:44;s:10:\"04-06-2026\";i:44;s:10:\"04-07-2026\";i:114;s:10:\"04-08-2026\";i:46;s:10:\"04-09-2026\";i:36;s:10:\"04-10-2026\";i:50;s:10:\"04-11-2026\";i:44;s:10:\"04-12-2026\";i:36;s:10:\"04-13-2026\";i:36;s:10:\"04-14-2026\";i:36;s:10:\"04-15-2026\";i:54;s:10:\"04-16-2026\";i:36;s:10:\"04-17-2026\";i:44;s:10:\"04-18-2026\";i:46;s:10:\"04-19-2026\";i:36;s:10:\"04-20-2026\";i:36;s:10:\"04-21-2026\";i:36;s:10:\"04-22-2026\";i:42;s:10:\"04-23-2026\";i:40;s:10:\"04-24-2026\";i:44;s:10:\"04-25-2026\";i:36;s:10:\"04-26-2026\";i:36;s:10:\"04-27-2026\";i:36;s:10:\"04-28-2026\";i:56;}"],"houzez_recently_viewed":["2026-04-28 16:10:14"],"_edit_lock":["1769435146:1"],"_elementor_page_assets":["a:0:{}"]},"_links":{"self":[{"href":"https:\/\/www.tunidotenerife.com\/ro\/wp-json\/wp\/v2\/properties\/25320","targetHints":{"allow":["GET"]}}],"collection":[{"href":"https:\/\/www.tunidotenerife.com\/ro\/wp-json\/wp\/v2\/properties"}],"about":[{"href":"https:\/\/www.tunidotenerife.com\/ro\/wp-json\/wp\/v2\/types\/property"}],"author":[{"embeddable":true,"href":"https:\/\/www.tunidotenerife.com\/ro\/wp-json\/wp\/v2\/users\/5"}],"version-history":[{"count":0,"href":"https:\/\/www.tunidotenerife.com\/ro\/wp-json\/wp\/v2\/properties\/25320\/revisions"}],"wp:featuredmedia":[{"embeddable":true,"href":"https:\/\/www.tunidotenerife.com\/ro\/wp-json\/wp\/v2\/media\/25308"}],"wp:attachment":[{"href":"https:\/\/www.tunidotenerife.com\/ro\/wp-json\/wp\/v2\/media?parent=25320"}],"wp:term":[{"taxonomy":"property_type","embeddable":true,"href":"https:\/\/www.tunidotenerife.com\/ro\/wp-json\/wp\/v2\/property_type?post=25320"},{"taxonomy":"property_status","embeddable":true,"href":"https:\/\/www.tunidotenerife.com\/ro\/wp-json\/wp\/v2\/property_status?post=25320"},{"taxonomy":"property_feature","embeddable":true,"href":"https:\/\/www.tunidotenerife.com\/ro\/wp-json\/wp\/v2\/property_feature?post=25320"},{"taxonomy":"property_label","embeddable":true,"href":"https:\/\/www.tunidotenerife.com\/ro\/wp-json\/wp\/v2\/property_label?post=25320"},{"taxonomy":"property_city","embeddable":true,"href":"https:\/\/www.tunidotenerife.com\/ro\/wp-json\/wp\/v2\/property_city?post=25320"}],"curies":[{"name":"wp","href":"https:\/\/api.w.org\/{rel}","templated":true}]}}

Studio în Tenerife Sud, Roque del Conde

<p>Vă prezentăm acest fermecător apartament studio în Balcon del Atlantico, situat în căutat după Roque del Conde! Acest studio recent renovat oferă un spațiu de locuit modern și confortabil de 38m2, perfect pentru cei care caută o casă elegantă și confortabilă.</p>
<p>Studioul are o serie de camere care se vor potrivi nevoilor dvs., împreună cu o baie completă. Dar asta nu e tot, imaginați-vă că vă treziți în fiecare dimineață cu priveliști uluitoare ale oceanului, o priveliște care nu încetează niciodată să uimească.</p>
<p>Pentru iubitorii de soare și apă, proprietatea oferă, de asemenea, o piscină comună, locul perfect pentru a vă relaxa și a vă bucura de vremea însorită. Și nu vă faceți griji cu privire la parcare, deoarece acest studio vine cu propriul său loc de parcare, un adevărat lux în această zonă.</p>
<p>Acest studio în Balcon de Atlantico nu este doar o proprietate, este un stil de viață. Nu ratați ocazia de a face din aceasta noua dvs. casă, contactați-ne astăzi pentru mai multe informații sau pentru a programa o vizionare!</p>

<p>¡Presentamos este encantador estudio en Balcon del Atlantico, ubicado en el codiciado Roque del Conde! Este estudio, recientemente reformado, ofrece un espacio de vida moderno y acogedor de 38m2, perfecto para aquellos que buscan un hogar con estilo y comodidad. El estudio cuenta con un número de habitaciones que se adaptará a sus necesidades, junto [&hellip;]</p>

Calle Asturias, Torviscas Bajo, Miraverde, Adeje, Santa Cruz de Tenerife, Canarias, 38660, España
