{"id":24542,"date":"2024-07-16T14:47:57","date_gmt":"2024-07-16T13:47:57","guid":{"rendered":"https:\/\/www.tunidotenerife.com\/p\/apartamento-en-venta-en-tenerife-sur-el-medano\/"},"modified":"2025-02-17T12:36:25","modified_gmt":"2025-02-17T12:36:25","slug":"apartamento-en-venta-en-tenerife-sur-el-medano","status":"houzez_sold","type":"property","link":"https:\/\/www.tunidotenerife.com\/ro\/p\/apartamento-en-venta-en-tenerife-sur-el-medano\/","title":{"rendered":"Apartament de v\u00e2nzare \u00een Tenerife South, El Medano"},"content":{"rendered":"<p>Aten\u021bie! Avem un apartament spectaculos de v\u00e2nzare \u00een El M\u00e9dano care v\u0103 va capta cu siguran\u021b\u0103 interesul. Aceast\u0103 cas\u0103 frumoas\u0103 are 84 m\u00b2 construi\u021bi \u0219i 78 m\u00b2 utili, perfect distribui\u021bi pentru a v\u0103 oferi confort \u0219i func\u021bionalitate maxime.<\/p>\n<p>Imagina\u021bi-v\u0103 c\u0103 locui\u021bi \u00eentr-un spa\u021biu care are dou\u0103 camere spa\u021bioase \u0219i luminoase, ideale pentru odihn\u0103 dup\u0103 o zi lung\u0103. De asemenea, are o baie complet\u0103, dotat\u0103 cu tot ce ave\u021bi nevoie pentru confortul dumneavoastr\u0103.<\/p>\n<p>Dar asta nu e tot, acest apartament este situat la primul etaj, cu lift, \u0219i este caracterizat de terasa \u0219i balconul s\u0103u minunat, locuri perfecte pentru a v\u0103 bucura de priveli\u0219ti \u0219i de clima din El M\u00e9dano.<\/p>\n<p>C\u0103uta\u021bi r\u0103coare \u00een lunile de var\u0103? Acest apartament este dotat cu aer condi\u021bionat, garant\u00e2nd o atmosfer\u0103 pl\u0103cut\u0103 \u00een orice moment, indiferent de temperatura de afar\u0103.<\/p>\n<p>Situat \u00een El M\u00e9dano, acest apartament v\u0103 va permite s\u0103 v\u0103 bucura\u021bi de o loca\u021bie excelent\u0103, aproape de toate serviciile necesare pentru via\u021ba dumneavoastr\u0103 de zi cu zi.<\/p>\n<p>Nu rata\u021bi ocazia de a achizi\u021biona acest apartament fantastic. Este mai mult dec\u00e2t o cas\u0103, este locul \u00een care v\u0103 pute\u021bi construi amintiri, v\u0103 pute\u021bi bucura de via\u021b\u0103 \u0219i v\u0103 pute\u021bi sim\u021bi cu adev\u0103rat acas\u0103. Contacta\u021bi-ne ast\u0103zi \u0219i descoperi\u021bi tot ce are de oferit acest apartament!<\/p>","protected":false},"excerpt":{"rendered":"<p>\u00a1Atenci\u00f3n! Tenemos en venta un espectacular apartamento en El M\u00e9dano que seguramente captar\u00e1 tu inter\u00e9s. Este hermoso hogar cuenta con 84 m\u00b2 construidos y 78 m\u00b2 \u00fatiles, perfectamente distribuidos para ofrecerte el m\u00e1ximo confort y funcionalidad. Imag\u00ednate viviendo en un espacio que cuenta con dos amplias y luminosas habitaciones, ideales para descansar tras una larga [&hellip;]<\/p>\n","protected":false},"author":5,"featured_media":24540,"parent":0,"menu_order":0,"template":"","property_type":[49],"property_status":[40],"property_feature":[17,176,177,174,26],"property_label":[109],"property_city":[86],"class_list":["post-24542","property","type-property","status-houzez_sold","has-post-thumbnail","hentry","property_type-apartamento","property_status-vendido","property_feature-aire-acondicionado","property_feature-cerca-de-centros-comerciales","property_feature-cerca-de-la-playa","property_feature-cocina-amueblada","property_feature-lavadora","property_label-exclusivo","property_city-el-medano"],"property_meta":{"rank_math_internal_links_processed":["1"],"fave_property_price":["249000"],"fave_property_price_postfix":[""],"fave_show_price_placeholder":["0"],"fave_property_price_placeholder":[""],"fave_property_price_prefix":[""],"fave_property_sec_price":[""],"fave_property_size":["84"],"fave_property_size_prefix":["m\u00b2"],"fave_property_land":[""],"fave_property_land_postfix":["m\u00b2"],"fave_property_bedrooms":["2"],"fave_property_bathrooms":["1"],"fave_property_garage":[""],"fave_property_garage_size":[""],"fave_virtual_tour":[""],"fave_property_year":[""],"fave_property_id":["2276"],"fave_video_url":[""],"fave_property_images":["24540","24534","24539","24538","24536","24535","24533","24537","24541"],"_thumbnail_id":["24540"],"fave_property_zip":["38612"],"additional_features":["a:1:{i:0;a:2:{s:29:\"fave_additional_feature_title\";s:0:\"\";s:29:\"fave_additional_feature_value\";s:0:\"\";}}"],"fave_additional_features_enable":["enable"],"floor_plans":[""],"fave_multi_units":[""],"fave_featured":["0"],"houzez_featured_listing_date":[""],"fave_loggedintoview":["0"],"fave_mortgage_cal":["0"],"fave_private_note":[""],"fave_property_disclaimer":[""],"fave_payment_status":["not_paid"],"fave_agents":["23720"],"fave_agent_display_option":["agent_info"],"fave_property_map_address":["3, Avenida Pr\u00edncipes de Espa\u00f1a, Los Mart\u00ednez, El M\u00e9dano, El Cabezo, Granadilla de Abona, Santa Cruz de Tenerife, Canarias, 38612, Espa\u00f1a"],"fave_property_address":["3, Avenida Pr\u00edncipes de Espa\u00f1a, Los Mart\u00ednez, El M\u00e9dano, El Cabezo, Granadilla de Abona, Santa Cruz de Tenerife, Canarias, 38612, Espa\u00f1a"],"houzez_geolocation_lat":["28.0457324"],"houzez_geolocation_long":["-16.5385899"],"fave_property_location":["28.0457324,-16.5385899"],"fave_property_map":["1"],"fave_property_map_street_view":[""],"houzez_total_property_views":["22296"],"houzez_views_by_date":["a:61:{s:10:\"02-26-2026\";i:52;s:10:\"02-27-2026\";i:36;s:10:\"02-28-2026\";i:36;s:10:\"03-01-2026\";i:40;s:10:\"03-02-2026\";i:40;s:10:\"03-03-2026\";i:39;s:10:\"03-04-2026\";i:41;s:10:\"03-05-2026\";i:48;s:10:\"03-06-2026\";i:38;s:10:\"03-07-2026\";i:36;s:10:\"03-08-2026\";i:36;s:10:\"03-09-2026\";i:36;s:10:\"03-10-2026\";i:54;s:10:\"03-11-2026\";i:63;s:10:\"03-12-2026\";i:54;s:10:\"03-13-2026\";i:36;s:10:\"03-14-2026\";i:36;s:10:\"03-15-2026\";i:40;s:10:\"03-16-2026\";i:48;s:10:\"03-17-2026\";i:38;s:10:\"03-18-2026\";i:36;s:10:\"03-19-2026\";i:68;s:10:\"03-20-2026\";i:50;s:10:\"03-21-2026\";i:44;s:10:\"03-22-2026\";i:36;s:10:\"03-23-2026\";i:36;s:10:\"03-24-2026\";i:32;s:10:\"03-25-2026\";i:35;s:10:\"03-26-2026\";i:54;s:10:\"03-27-2026\";i:36;s:10:\"03-28-2026\";i:56;s:10:\"03-29-2026\";i:36;s:10:\"03-30-2026\";i:36;s:10:\"03-31-2026\";i:36;s:10:\"04-01-2026\";i:38;s:10:\"04-02-2026\";i:54;s:10:\"04-03-2026\";i:36;s:10:\"04-04-2026\";i:36;s:10:\"04-05-2026\";i:40;s:10:\"04-06-2026\";i:48;s:10:\"04-07-2026\";i:57;s:10:\"04-08-2026\";i:52;s:10:\"04-09-2026\";i:36;s:10:\"04-10-2026\";i:42;s:10:\"04-11-2026\";i:48;s:10:\"04-12-2026\";i:36;s:10:\"04-13-2026\";i:36;s:10:\"04-14-2026\";i:36;s:10:\"04-15-2026\";i:54;s:10:\"04-16-2026\";i:36;s:10:\"04-17-2026\";i:38;s:10:\"04-18-2026\";i:48;s:10:\"04-19-2026\";i:40;s:10:\"04-20-2026\";i:36;s:10:\"04-21-2026\";i:36;s:10:\"04-22-2026\";i:36;s:10:\"04-23-2026\";i:43;s:10:\"04-24-2026\";i:47;s:10:\"04-25-2026\";i:36;s:10:\"04-26-2026\";i:36;s:10:\"04-27-2026\";i:36;}"],"houzez_recently_viewed":["2026-04-27 18:18:54"],"_edit_lock":["1769435147:1"],"_elementor_page_assets":["a:0:{}"]},"_links":{"self":[{"href":"https:\/\/www.tunidotenerife.com\/ro\/wp-json\/wp\/v2\/properties\/24542","targetHints":{"allow":["GET"]}}],"collection":[{"href":"https:\/\/www.tunidotenerife.com\/ro\/wp-json\/wp\/v2\/properties"}],"about":[{"href":"https:\/\/www.tunidotenerife.com\/ro\/wp-json\/wp\/v2\/types\/property"}],"author":[{"embeddable":true,"href":"https:\/\/www.tunidotenerife.com\/ro\/wp-json\/wp\/v2\/users\/5"}],"version-history":[{"count":0,"href":"https:\/\/www.tunidotenerife.com\/ro\/wp-json\/wp\/v2\/properties\/24542\/revisions"}],"wp:featuredmedia":[{"embeddable":true,"href":"https:\/\/www.tunidotenerife.com\/ro\/wp-json\/wp\/v2\/media\/24540"}],"wp:attachment":[{"href":"https:\/\/www.tunidotenerife.com\/ro\/wp-json\/wp\/v2\/media?parent=24542"}],"wp:term":[{"taxonomy":"property_type","embeddable":true,"href":"https:\/\/www.tunidotenerife.com\/ro\/wp-json\/wp\/v2\/property_type?post=24542"},{"taxonomy":"property_status","embeddable":true,"href":"https:\/\/www.tunidotenerife.com\/ro\/wp-json\/wp\/v2\/property_status?post=24542"},{"taxonomy":"property_feature","embeddable":true,"href":"https:\/\/www.tunidotenerife.com\/ro\/wp-json\/wp\/v2\/property_feature?post=24542"},{"taxonomy":"property_label","embeddable":true,"href":"https:\/\/www.tunidotenerife.com\/ro\/wp-json\/wp\/v2\/property_label?post=24542"},{"taxonomy":"property_city","embeddable":true,"href":"https:\/\/www.tunidotenerife.com\/ro\/wp-json\/wp\/v2\/property_city?post=24542"}],"curies":[{"name":"wp","href":"https:\/\/api.w.org\/{rel}","templated":true}]}}

Apartament de vânzare în Tenerife South, El Medano

<p>Atenție! Avem un apartament spectaculos de vânzare în El Médano care vă va capta cu siguranță interesul. Această casă frumoasă are 84 m² construiți și 78 m² utili, perfect distribuiți pentru a vă oferi confort și funcționalitate maxime.</p>
<p>Imaginați-vă că locuiți într-un spațiu care are două camere spațioase și luminoase, ideale pentru odihnă după o zi lungă. De asemenea, are o baie completă, dotată cu tot ce aveți nevoie pentru confortul dumneavoastră.</p>
<p>Dar asta nu e tot, acest apartament este situat la primul etaj, cu lift, și este caracterizat de terasa și balconul său minunat, locuri perfecte pentru a vă bucura de priveliști și de clima din El Médano.</p>
<p>Căutați răcoare în lunile de vară? Acest apartament este dotat cu aer condiționat, garantând o atmosferă plăcută în orice moment, indiferent de temperatura de afară.</p>
<p>Situat în El Médano, acest apartament vă va permite să vă bucurați de o locație excelentă, aproape de toate serviciile necesare pentru viața dumneavoastră de zi cu zi.</p>
<p>Nu ratați ocazia de a achiziționa acest apartament fantastic. Este mai mult decât o casă, este locul în care vă puteți construi amintiri, vă puteți bucura de viață și vă puteți simți cu adevărat acasă. Contactați-ne astăzi și descoperiți tot ce are de oferit acest apartament!</p>

<p>¡Atención! Tenemos en venta un espectacular apartamento en El Médano que seguramente captará tu interés. Este hermoso hogar cuenta con 84 m² construidos y 78 m² útiles, perfectamente distribuidos para ofrecerte el máximo confort y funcionalidad. Imagínate viviendo en un espacio que cuenta con dos amplias y luminosas habitaciones, ideales para descansar tras una larga [&hellip;]</p>

3, Avenida Príncipes de España, Los Martínez, El Médano, El Cabezo, Granadilla de Abona, Santa Cruz de Tenerife, Canarias, 38612, España
