{"id":21313,"date":"2024-04-15T15:46:56","date_gmt":"2024-04-15T14:46:56","guid":{"rendered":"https:\/\/www.tunidotenerife.com\/p\/villa-en-venta-en-tenerife-sur-madronal-de-fanabe\/"},"modified":"2025-11-12T11:14:47","modified_gmt":"2025-11-12T11:14:47","slug":"villa-venta-tenerife-2215","status":"publish","type":"property","link":"https:\/\/www.tunidotenerife.com\/ro\/p\/villa-venta-tenerife-2215\/","title":{"rendered":"Vil\u0103 de v\u00e2nzare \u00een El Madro\u00f1al de Fa\u00f1abe, Tenerife Sud"},"content":{"rendered":"<p>V\u0103 invit\u0103m s\u0103 descoperi\u021bi aceast\u0103 fermec\u0103toare vil\u0103 deta\u0219at\u0103 de v\u00e2nzare, situat\u0103 \u00een zona exclusivist\u0103 Madro\u00f1al de Fa\u00f1abe, \u00een sudul vibrant al insulei Tenerife. Tu Nido v\u0103 prezint\u0103 o oportunitate unic\u0103 de a de\u021bine aceast\u0103 bijuterie arhitectural\u0103, al c\u0103rei design modern \u0219i elegant v\u0103 promite o via\u021b\u0103 plin\u0103 de rafinament \u0219i lini\u0219te.<\/p>\n<p>Situat\u0103 pe un teren de 500 m\u00b2, aceast\u0103 vil\u0103 din El Madro\u00f1al de Fa\u00f1abe are o suprafa\u021b\u0103 util\u0103 de 180 m\u00b2, precum \u0219i terase spa\u021bioase \u00een aer liber. Casa a fost renovat\u0103 \u00eentr-un stil contemporan, care aduce un aer de elegan\u021b\u0103 vizibil \u00een fiecare detaliu.<\/p>\n<p>Interiorul vilei ofer\u0103 patru dormitoare duble spa\u021bioase, toate cu dulapuri montate care ofer\u0103 mult spa\u021biu de depozitare. Cele dou\u0103 b\u0103i sunt dotate cu du\u0219uri moderne \u0219i facilit\u0103\u021bi de top, ad\u0103ug\u00e2nd o not\u0103 de lux \u0219i confort casei.<\/p>\n<p>De asemenea, are un garaj spa\u021bios pentru dou\u0103 ma\u0219ini \u0219i o piscin\u0103 \u00eenc\u0103lzit\u0103, \u00eenconjurat\u0103 de gr\u0103dini \u0219i o zon\u0103 de relaxare, perfect\u0103 pentru a v\u0103 bucura de zilele \u00eensorite din Tenerife. Vila se vinde complet mobilat\u0103, cu mobilier de designer care \u00eei pune \u00een valoare frumuse\u021bea.<\/p>\n<p>Loca\u021bia vilei din Madro\u00f1al de Fa\u00f1abe este imbatabil\u0103. La doar 1,5 km de plaj\u0103 \u0219i aproape de zonele de agrement, aceasta ofer\u0103 acces u\u0219or la principalele atrac\u021bii ale zonei, bucur\u00e2ndu-se \u00een acela\u0219i timp de lini\u0219tea \u0219i intimitatea pe care le ofer\u0103 aceast\u0103 zon\u0103.<\/p>\n<p>Nu rata\u021bi ocazia de a face din aceast\u0103 vil\u0103 exclusivist\u0103 noua dvs. cas\u0103, oferind un stil de via\u021b\u0103 unic, modern \u0219i relaxat \u00een inima ora\u0219ului Madro\u00f1al de Fa\u00f1abe.<\/p>","protected":false},"excerpt":{"rendered":"<p>Te invitamos a conocer esta encantadora villa independiente a la venta, ubicada en la exclusiva \u00e1rea de Madro\u00f1al de Fa\u00f1abe, en el vibrante sur de Tenerife. Tu Nido te presenta una oportunidad \u00fanica para poseer esta joya arquitect\u00f3nica, cuyo dise\u00f1o moderno y elegante te promete una vida plena de sofisticaci\u00f3n y paz. Situada en una [&hellip;]<\/p>\n","protected":false},"author":2,"featured_media":21294,"parent":0,"menu_order":0,"template":"","property_type":[45],"property_status":[24],"property_feature":[17,174,31,173,42,171,170],"property_label":[179],"property_city":[58],"class_list":["post-21313","property","type-property","status-publish","has-post-thumbnail","hentry","property_type-villa","property_status-venta","property_feature-aire-acondicionado","property_feature-cocina-amueblada","property_feature-ducha-exterior","property_feature-piscina-climatizada","property_feature-piscina-privada","property_feature-vistas-a-la-montana","property_feature-vistas-al-oceano","property_label-luxury","property_city-adeje"],"property_meta":{"rank_math_internal_links_processed":["1"],"fave_property_price":["1200000"],"fave_show_price_placeholder":["0"],"fave_property_size":["180"],"fave_property_size_prefix":["m\u00b2"],"fave_property_land":["500"],"fave_property_land_postfix":["m\u00b2"],"fave_property_bedrooms":["4"],"fave_property_bathrooms":["2"],"fave_property_garage":["2"],"fave_property_id":["2215"],"fave_property_zip":["38679"],"fave_additional_features_enable":["enable"],"fave_featured":["0"],"houzez_featured_listing_date":[""],"fave_loggedintoview":["0"],"fave_mortgage_cal":["0"],"fave_payment_status":["not_paid"],"fave_agent_display_option":["agent_info"],"fave_property_map_address":["Fa\u00f1ab\u00e9, Espa\u00f1a"],"fave_property_address":["Fa\u00f1ab\u00e9, Espa\u00f1a"],"houzez_geolocation_lat":["28.096576491608"],"houzez_geolocation_long":["-16.726210641772"],"fave_property_location":["28.096576491608,-16.726210641772"],"fave_property_map":["1"],"fave_property_map_street_view":[null],"houzez_total_property_views":["23301"],"houzez_views_by_date":["a:61:{s:10:\"03-01-2026\";i:40;s:10:\"03-02-2026\";i:45;s:10:\"03-03-2026\";i:38;s:10:\"03-04-2026\";i:39;s:10:\"03-05-2026\";i:50;s:10:\"03-06-2026\";i:38;s:10:\"03-07-2026\";i:36;s:10:\"03-08-2026\";i:36;s:10:\"03-09-2026\";i:36;s:10:\"03-10-2026\";i:54;s:10:\"03-11-2026\";i:60;s:10:\"03-12-2026\";i:54;s:10:\"03-13-2026\";i:36;s:10:\"03-14-2026\";i:36;s:10:\"03-15-2026\";i:40;s:10:\"03-16-2026\";i:48;s:10:\"03-17-2026\";i:38;s:10:\"03-18-2026\";i:36;s:10:\"03-19-2026\";i:68;s:10:\"03-20-2026\";i:44;s:10:\"03-21-2026\";i:46;s:10:\"03-22-2026\";i:36;s:10:\"03-23-2026\";i:36;s:10:\"03-24-2026\";i:36;s:10:\"03-25-2026\";i:36;s:10:\"03-26-2026\";i:54;s:10:\"03-27-2026\";i:36;s:10:\"03-28-2026\";i:54;s:10:\"03-29-2026\";i:36;s:10:\"03-30-2026\";i:36;s:10:\"03-31-2026\";i:36;s:10:\"04-01-2026\";i:40;s:10:\"04-02-2026\";i:54;s:10:\"04-03-2026\";i:36;s:10:\"04-04-2026\";i:36;s:10:\"04-05-2026\";i:40;s:10:\"04-06-2026\";i:48;s:10:\"04-07-2026\";i:66;s:10:\"04-08-2026\";i:54;s:10:\"04-09-2026\";i:36;s:10:\"04-10-2026\";i:47;s:10:\"04-11-2026\";i:45;s:10:\"04-12-2026\";i:36;s:10:\"04-13-2026\";i:36;s:10:\"04-14-2026\";i:36;s:10:\"04-15-2026\";i:54;s:10:\"04-16-2026\";i:36;s:10:\"04-17-2026\";i:40;s:10:\"04-18-2026\";i:50;s:10:\"04-19-2026\";i:36;s:10:\"04-20-2026\";i:36;s:10:\"04-21-2026\";i:36;s:10:\"04-22-2026\";i:36;s:10:\"04-23-2026\";i:46;s:10:\"04-24-2026\";i:44;s:10:\"04-25-2026\";i:36;s:10:\"04-26-2026\";i:36;s:10:\"04-27-2026\";i:36;s:10:\"04-28-2026\";i:54;s:10:\"04-29-2026\";i:44;s:10:\"04-30-2026\";i:28;}"],"houzez_recently_viewed":["2026-04-30 12:10:18"],"_edit_lock":["1714138923:1"],"rank_math_seo_score":["10"],"_edit_last":["1"],"fave_single_top_area":["global"],"fave_single_content_area":["global"],"rank_math_primary_property_type":["0"],"rank_math_primary_property_status":["0"],"rank_math_primary_property_feature":["0"],"rank_math_primary_property_label":["179"],"rank_math_primary_property_city":["0"],"houzez_manual_expire":["0"],"_houzez_expiration_date_status":["saved"],"fave_property_price_postfix":[""],"fave_property_price_placeholder":[""],"fave_property_price_prefix":[""],"fave_property_sec_price":[""],"fave_property_garage_size":[""],"fave_virtual_tour":[""],"fave_property_year":[""],"fave_video_url":[""],"additional_features":[""],"floor_plans":[""],"fave_multi_units":[""],"fave_private_note":[""],"fave_property_images":["21294","21293","21296","21297","21298","21299","21300","21301","21303","21304","21305","21306","21302","21310","21308","21311","21312","21309","21295"],"_thumbnail_id":["21294"],"fave_agents":["150"],"_elementor_page_assets":["a:0:{}"]},"_links":{"self":[{"href":"https:\/\/www.tunidotenerife.com\/ro\/wp-json\/wp\/v2\/properties\/21313","targetHints":{"allow":["GET"]}}],"collection":[{"href":"https:\/\/www.tunidotenerife.com\/ro\/wp-json\/wp\/v2\/properties"}],"about":[{"href":"https:\/\/www.tunidotenerife.com\/ro\/wp-json\/wp\/v2\/types\/property"}],"author":[{"embeddable":true,"href":"https:\/\/www.tunidotenerife.com\/ro\/wp-json\/wp\/v2\/users\/2"}],"version-history":[{"count":0,"href":"https:\/\/www.tunidotenerife.com\/ro\/wp-json\/wp\/v2\/properties\/21313\/revisions"}],"wp:featuredmedia":[{"embeddable":true,"href":"https:\/\/www.tunidotenerife.com\/ro\/wp-json\/wp\/v2\/media\/21294"}],"wp:attachment":[{"href":"https:\/\/www.tunidotenerife.com\/ro\/wp-json\/wp\/v2\/media?parent=21313"}],"wp:term":[{"taxonomy":"property_type","embeddable":true,"href":"https:\/\/www.tunidotenerife.com\/ro\/wp-json\/wp\/v2\/property_type?post=21313"},{"taxonomy":"property_status","embeddable":true,"href":"https:\/\/www.tunidotenerife.com\/ro\/wp-json\/wp\/v2\/property_status?post=21313"},{"taxonomy":"property_feature","embeddable":true,"href":"https:\/\/www.tunidotenerife.com\/ro\/wp-json\/wp\/v2\/property_feature?post=21313"},{"taxonomy":"property_label","embeddable":true,"href":"https:\/\/www.tunidotenerife.com\/ro\/wp-json\/wp\/v2\/property_label?post=21313"},{"taxonomy":"property_city","embeddable":true,"href":"https:\/\/www.tunidotenerife.com\/ro\/wp-json\/wp\/v2\/property_city?post=21313"}],"curies":[{"name":"wp","href":"https:\/\/api.w.org\/{rel}","templated":true}]}}

Vilă de vânzare în El Madroñal de Fañabe, Tenerife Sud

<p>Vă invităm să descoperiți această fermecătoare vilă detașată de vânzare, situată în zona exclusivistă Madroñal de Fañabe, în sudul vibrant al insulei Tenerife. Tu Nido vă prezintă o oportunitate unică de a deține această bijuterie arhitecturală, al cărei design modern și elegant vă promite o viață plină de rafinament și liniște.</p>
<p>Situată pe un teren de 500 m², această vilă din El Madroñal de Fañabe are o suprafață utilă de 180 m², precum și terase spațioase în aer liber. Casa a fost renovată într-un stil contemporan, care aduce un aer de eleganță vizibil în fiecare detaliu.</p>
<p>Interiorul vilei oferă patru dormitoare duble spațioase, toate cu dulapuri montate care oferă mult spațiu de depozitare. Cele două băi sunt dotate cu dușuri moderne și facilități de top, adăugând o notă de lux și confort casei.</p>
<p>De asemenea, are un garaj spațios pentru două mașini și o piscină încălzită, înconjurată de grădini și o zonă de relaxare, perfectă pentru a vă bucura de zilele însorite din Tenerife. Vila se vinde complet mobilată, cu mobilier de designer care îi pune în valoare frumusețea.</p>
<p>Locația vilei din Madroñal de Fañabe este imbatabilă. La doar 1,5 km de plajă și aproape de zonele de agrement, aceasta oferă acces ușor la principalele atracții ale zonei, bucurându-se în același timp de liniștea și intimitatea pe care le oferă această zonă.</p>
<p>Nu ratați ocazia de a face din această vilă exclusivistă noua dvs. casă, oferind un stil de viață unic, modern și relaxat în inima orașului Madroñal de Fañabe.</p>

<p>Te invitamos a conocer esta encantadora villa independiente a la venta, ubicada en la exclusiva área de Madroñal de Fañabe, en el vibrante sur de Tenerife. Tu Nido te presenta una oportunidad única para poseer esta joya arquitectónica, cuyo diseño moderno y elegante te promete una vida plena de sofisticación y paz. Situada en una [&hellip;]</p>

Fañabé, España
