{"id":27958,"date":"2025-09-15T14:29:49","date_gmt":"2025-09-15T13:29:49","guid":{"rendered":"https:\/\/www.tunidotenerife.com\/en\/p\/apartamneto-en-las-americas-2-dormitorios\/"},"modified":"2025-09-17T12:01:38","modified_gmt":"2025-09-17T11:01:38","slug":"apartamento-alquiler-2-habitaciones-playa-de-las-vistas","status":"publish","type":"property","link":"https:\/\/www.tunidotenerife.com\/pl\/p\/apartamento-alquiler-2-habitaciones-playa-de-las-vistas\/","title":{"rendered":"Apartament z 2 sypialniami do wynaj\u0119cia w Playa de las Vistas"},"content":{"rendered":"<p>Ten przestronny apartament znajduje si\u0119 w kompleksie mieszkalnym Compostela Beach, w samym sercu Z\u0142otej Mili i jest prawdziw\u0105 oaz\u0105 komfortu. Mo\u017ce on pomie\u015bci\u0107 4 osoby i oferuje wszelkie udogodnienia gwarantuj\u0105ce doskona\u0142y i beztroski pobyt.<\/p>\n<p>W mieszkaniu znajduj\u0105 si\u0119 dwie przytulne sypialnie, ka\u017cda z dwoma pojedynczymi \u0142\u00f3\u017ckami, idealne do relaksu po d\u0142ugim dniu zwiedzania. Ponadto w salonie znajduje si\u0119 sofa zapewniaj\u0105ca komfort wszystkim go\u015bciom.<\/p>\n<p>Kuchnia w stylu ameryka\u0144skim jest w pe\u0142ni wyposa\u017cona we wszystko, czego potrzebujesz, aby zaspokoi\u0107 swoje kulinarne potrzeby. Ponadto \u0142azienka z praktycznym prysznicem i pralk\u0105 zwi\u0119ksza funkcjonalno\u015b\u0107 mieszkania.<\/p>\n<p>Klejnotem w koronie tego mieszkania jest niew\u0105tpliwie imponuj\u0105cy taras o powierzchni 12 m2, z kt\u00f3rego mo\u017cna podziwia\u0107 spektakularny widok na pla\u017c\u0119. Ta przestrze\u0144 na \u015bwie\u017cym powietrzu jest idealnym miejscem na przyjemne \u015bniadanie lub kolacj\u0119 pod gwiazdami.<\/p>\n<p>Tymczasem kompleks mieszkalny Compostela Beach oferuje szerok\u0105 gam\u0119 udogodnie\u0144, w tym kilka basen\u00f3w, ogrody, strefy dla dzieci oraz r\u00f3\u017cnorodne lokale gastronomiczne i rozrywkowe. Wszystko to w bezkonkurencyjnym otoczeniu, blisko wszystkiego i bez konieczno\u015bci korzystania z samochodu.<\/p>\n<p>Zaledwie kilka krok\u00f3w od mieszkania znajduje si\u0119 przystanek autobusowy i post\u00f3j taks\u00f3wek, sklepy, centrum handlowe, supermarkety i szpital - wszystko, czego potrzebujesz, aby zapewni\u0107 wygodny i praktyczny pobyt.<\/p>\n<p>Dla rozrywki i komfortu, mieszkanie posiada r\u00f3wnie\u017c po\u0142\u0105czenie Wi-Fi. Kr\u00f3tko m\u00f3wi\u0105c, to mieszkanie jest idealnym wyborem dla tych, kt\u00f3rzy chc\u0105 cieszy\u0107 si\u0119 wszystkimi wygodami w uprzywilejowanym \u015brodowisku.<\/p>","protected":false},"excerpt":{"rendered":"<p>Situado en el complejo residencial Compostela Beach, en el coraz\u00f3n de la Milla de Oro, se encuentra este espacioso apartamento, un aut\u00e9ntico refugio de comodidad. Con capacidad para alojar a 4 personas, este alojamiento ofrece todas las facilidades para garantizar una estancia perfecta y sin preocupaciones. El apartamento presenta dos acogedores dormitorios, cada uno con [&hellip;]<\/p>\n","protected":false},"author":4,"featured_media":27959,"parent":0,"menu_order":0,"template":"","property_type":[49],"property_status":[23],"property_feature":[176,177,174,26,173,172,170],"property_label":[],"property_city":[69],"class_list":["post-27958","property","type-property","status-publish","has-post-thumbnail","hentry","property_type-apartamento","property_status-alquiler-vacacional","property_feature-cerca-de-centros-comerciales","property_feature-cerca-de-la-playa","property_feature-cocina-amueblada","property_feature-lavadora","property_feature-piscina-climatizada","property_feature-piscina-comunitaria","property_feature-vistas-al-oceano","property_city-los-cristianos"],"property_meta":{"rank_math_internal_links_processed":["1"],"fave_property_bathrooms":["1"],"fave_property_bedrooms":["2"],"fave_property_size_prefix":["m\u00b2"],"fave_property_land_postfix":["m\u00b2"],"fave_show_price_placeholder":["1"],"fave_additional_features_enable":["enable"],"fave_featured":["0"],"houzez_featured_listing_date":[""],"fave_loggedintoview":["0"],"_thumbnail_id":["27959"],"houzez_geolocation_lat":["28.053802768217"],"houzez_geolocation_long":["-16.727092266083"],"fave_property_location":["28.053802768217,-16.727092266083,17"],"fave_property_map":["1"],"fave_property_map_street_view":["hide"],"fave_property_id":["744"],"fave_payment_status":["not_paid"],"fave_agent_display_option":["agent_info"],"fave_mortgage_cal":["0"],"houzez_total_property_views":["9808"],"houzez_views_by_date":["a:61:{s:10:\"03-02-2026\";i:36;s:10:\"03-03-2026\";i:48;s:10:\"03-04-2026\";i:39;s:10:\"03-05-2026\";i:37;s:10:\"03-06-2026\";i:42;s:10:\"03-07-2026\";i:49;s:10:\"03-08-2026\";i:36;s:10:\"03-09-2026\";i:36;s:10:\"03-10-2026\";i:42;s:10:\"03-11-2026\";i:38;s:10:\"03-12-2026\";i:36;s:10:\"03-13-2026\";i:37;s:10:\"03-14-2026\";i:36;s:10:\"03-15-2026\";i:36;s:10:\"03-16-2026\";i:36;s:10:\"03-17-2026\";i:38;s:10:\"03-18-2026\";i:58;s:10:\"03-19-2026\";i:38;s:10:\"03-20-2026\";i:36;s:10:\"03-21-2026\";i:37;s:10:\"03-22-2026\";i:44;s:10:\"03-23-2026\";i:46;s:10:\"03-24-2026\";i:36;s:10:\"03-25-2026\";i:39;s:10:\"03-26-2026\";i:54;s:10:\"03-27-2026\";i:37;s:10:\"03-28-2026\";i:38;s:10:\"03-29-2026\";i:52;s:10:\"03-30-2026\";i:36;s:10:\"03-31-2026\";i:39;s:10:\"04-01-2026\";i:41;s:10:\"04-02-2026\";i:37;s:10:\"04-03-2026\";i:36;s:10:\"04-04-2026\";i:36;s:10:\"04-05-2026\";i:36;s:10:\"04-06-2026\";i:38;s:10:\"04-07-2026\";i:39;s:10:\"04-08-2026\";i:44;s:10:\"04-09-2026\";i:36;s:10:\"04-10-2026\";i:36;s:10:\"04-11-2026\";i:36;s:10:\"04-12-2026\";i:48;s:10:\"04-13-2026\";i:42;s:10:\"04-14-2026\";i:36;s:10:\"04-15-2026\";i:61;s:10:\"04-16-2026\";i:36;s:10:\"04-17-2026\";i:37;s:10:\"04-18-2026\";i:40;s:10:\"04-19-2026\";i:41;s:10:\"04-20-2026\";i:46;s:10:\"04-21-2026\";i:37;s:10:\"04-22-2026\";i:42;s:10:\"04-23-2026\";i:38;s:10:\"04-24-2026\";i:39;s:10:\"04-25-2026\";i:47;s:10:\"04-26-2026\";i:40;s:10:\"04-27-2026\";i:41;s:10:\"04-28-2026\";i:38;s:10:\"04-29-2026\";i:39;s:10:\"04-30-2026\";i:44;s:10:\"05-01-2026\";i:30;}"],"houzez_recently_viewed":["2026-05-01 12:29:42"],"_edit_lock":["1758106783:1"],"rank_math_seo_score":["7"],"_edit_last":["1"],"fave_single_top_area":["global"],"fave_single_content_area":["global"],"_pys_head_footer":["a:7:{s:14:\"disable_global\";b:0;s:8:\"head_any\";s:0:\"\";s:12:\"head_desktop\";s:0:\"\";s:11:\"head_mobile\";s:0:\"\";s:10:\"footer_any\";s:0:\"\";s:14:\"footer_desktop\";s:0:\"\";s:13:\"footer_mobile\";s:0:\"\";}"],"rank_math_primary_property_type":["0"],"rank_math_primary_property_status":["0"],"rank_math_primary_property_feature":["0"],"rank_math_primary_property_label":["0"],"rank_math_primary_property_city":["69"],"houzez_manual_expire":["0"],"_houzez_expiration_date_status":["saved"],"rank_math_title":["Apartamento en Alquiler de 2 Hab. en Playa de las Vistas"],"fave_property_map_address":["Playa Las Vistas, Paseo las Vistas, Playa de las Am\u00e9ricas, Los Cristianos, Arona, Santa Cruz de Tenerife, Canarias, 38650, Espa\u00f1a"],"fave_property_address":["Playa de las Vistas"],"fave_booking_shortcode":["[wpsbc id=\"28\" title=\"no\" legend=\"yes\" legend_position=\"top\" dropdown=\"yes\" start=\"1\" display=\"6\" language=\"auto\" month=\"0\" year=\"0\" jump=\"yes\" history=\"1\" tooltip=\"3\" weeknumbers=\"no\" highlighttoday=\"yes\"]"],"fave_property_price_placeholder":["Precio a Consultar"],"rank_math_description":["Apartamento en alquiler de 2 habitaciones en Playa de las Vistas, Tenerife. Confort, ubicaci\u00f3n c\u00e9ntrica y acceso cercano a la playa."],"fave_property_images":["27959","27942","27905","27943","27910","27952","27939","27940","27908","27932","27954","27955","27936","27956","27937","27953","27946","27945","27947"],"fave_agents":["156"],"_elementor_page_assets":["a:0:{}"]},"_links":{"self":[{"href":"https:\/\/www.tunidotenerife.com\/pl\/wp-json\/wp\/v2\/properties\/27958","targetHints":{"allow":["GET"]}}],"collection":[{"href":"https:\/\/www.tunidotenerife.com\/pl\/wp-json\/wp\/v2\/properties"}],"about":[{"href":"https:\/\/www.tunidotenerife.com\/pl\/wp-json\/wp\/v2\/types\/property"}],"author":[{"embeddable":true,"href":"https:\/\/www.tunidotenerife.com\/pl\/wp-json\/wp\/v2\/users\/4"}],"version-history":[{"count":0,"href":"https:\/\/www.tunidotenerife.com\/pl\/wp-json\/wp\/v2\/properties\/27958\/revisions"}],"wp:featuredmedia":[{"embeddable":true,"href":"https:\/\/www.tunidotenerife.com\/pl\/wp-json\/wp\/v2\/media\/27959"}],"wp:attachment":[{"href":"https:\/\/www.tunidotenerife.com\/pl\/wp-json\/wp\/v2\/media?parent=27958"}],"wp:term":[{"taxonomy":"property_type","embeddable":true,"href":"https:\/\/www.tunidotenerife.com\/pl\/wp-json\/wp\/v2\/property_type?post=27958"},{"taxonomy":"property_status","embeddable":true,"href":"https:\/\/www.tunidotenerife.com\/pl\/wp-json\/wp\/v2\/property_status?post=27958"},{"taxonomy":"property_feature","embeddable":true,"href":"https:\/\/www.tunidotenerife.com\/pl\/wp-json\/wp\/v2\/property_feature?post=27958"},{"taxonomy":"property_label","embeddable":true,"href":"https:\/\/www.tunidotenerife.com\/pl\/wp-json\/wp\/v2\/property_label?post=27958"},{"taxonomy":"property_city","embeddable":true,"href":"https:\/\/www.tunidotenerife.com\/pl\/wp-json\/wp\/v2\/property_city?post=27958"}],"curies":[{"name":"wp","href":"https:\/\/api.w.org\/{rel}","templated":true}]}}

Apartament z 2 sypialniami do wynajęcia w Playa de las Vistas

<p>Ten przestronny apartament znajduje się w kompleksie mieszkalnym Compostela Beach, w samym sercu Złotej Mili i jest prawdziwą oazą komfortu. Może on pomieścić 4 osoby i oferuje wszelkie udogodnienia gwarantujące doskonały i beztroski pobyt.</p>
<p>W mieszkaniu znajdują się dwie przytulne sypialnie, każda z dwoma pojedynczymi łóżkami, idealne do relaksu po długim dniu zwiedzania. Ponadto w salonie znajduje się sofa zapewniająca komfort wszystkim gościom.</p>
<p>Kuchnia w stylu amerykańskim jest w pełni wyposażona we wszystko, czego potrzebujesz, aby zaspokoić swoje kulinarne potrzeby. Ponadto łazienka z praktycznym prysznicem i pralką zwiększa funkcjonalność mieszkania.</p>
<p>Klejnotem w koronie tego mieszkania jest niewątpliwie imponujący taras o powierzchni 12 m2, z którego można podziwiać spektakularny widok na plażę. Ta przestrzeń na świeżym powietrzu jest idealnym miejscem na przyjemne śniadanie lub kolację pod gwiazdami.</p>
<p>Tymczasem kompleks mieszkalny Compostela Beach oferuje szeroką gamę udogodnień, w tym kilka basenów, ogrody, strefy dla dzieci oraz różnorodne lokale gastronomiczne i rozrywkowe. Wszystko to w bezkonkurencyjnym otoczeniu, blisko wszystkiego i bez konieczności korzystania z samochodu.</p>
<p>Zaledwie kilka kroków od mieszkania znajduje się przystanek autobusowy i postój taksówek, sklepy, centrum handlowe, supermarkety i szpital - wszystko, czego potrzebujesz, aby zapewnić wygodny i praktyczny pobyt.</p>
<p>Dla rozrywki i komfortu, mieszkanie posiada również połączenie Wi-Fi. Krótko mówiąc, to mieszkanie jest idealnym wyborem dla tych, którzy chcą cieszyć się wszystkimi wygodami w uprzywilejowanym środowisku.</p>

<p>Situado en el complejo residencial Compostela Beach, en el corazón de la Milla de Oro, se encuentra este espacioso apartamento, un auténtico refugio de comodidad. Con capacidad para alojar a 4 personas, este alojamiento ofrece todas las facilidades para garantizar una estancia perfecta y sin preocupaciones. El apartamento presenta dos acogedores dormitorios, cada uno con [&hellip;]</p>

Playa Las Vistas, Paseo las Vistas, Playa de las Américas, Los Cristianos, Arona, Santa Cruz de Tenerife, Canarias, 38650, España

Apartamento en alquiler de 2 habitaciones en Playa de las Vistas, Tenerife. Confort, ubicación céntrica y acceso cercano a la playa.
