{"id":26980,"date":"2025-06-05T11:17:26","date_gmt":"2025-06-05T10:17:26","guid":{"rendered":"https:\/\/www.tunidotenerife.com\/p\/villa-en-venta-en-tenerife-sur-el-duque\/"},"modified":"2026-04-23T14:18:50","modified_gmt":"2026-04-23T13:18:50","slug":"villa-en-venta-en-tenerife-sur-el-duque","status":"publish","type":"property","link":"https:\/\/www.tunidotenerife.com\/pl\/p\/villa-en-venta-en-tenerife-sur-el-duque\/","title":{"rendered":"Willa na sprzeda\u017c na Teneryfie Po\u0142udniowej, El Duque"},"content":{"rendered":"<p>Prezentujemy Pa\u0144stwu osza\u0142amiaj\u0105c\u0105 will\u0119 na sprzeda\u017c, po\u0142o\u017con\u0105 w presti\u017cowej okolicy El Duque. Ta nieruchomo\u015b\u0107 z trzema sypialniami i trzema \u0142azienkami znajduje si\u0119 zaledwie trzy minuty spacerem od t\u0119tni\u0105cego \u017cyciem centrum handlowego i spokojnej pla\u017cy, oferuj\u0105c bezkonkurencyjn\u0105 lokalizacj\u0119.<\/p>\n<p>Willa posiada prywatny basen, idealny do sp\u0119dzania czasu wolnego i relaksu. Na parterze znajduje si\u0119 jasny salon i jadalnia, zaprojektowane z my\u015bl\u0105 o przytulnej i komfortowej atmosferze. Niezale\u017cna kuchnia jest w pe\u0142ni wyposa\u017cona, a obok niej znajduje si\u0119 \u0142azienka i sypialnia, wszystkie zaprojektowane z my\u015bl\u0105 o maksymalnym komforcie.<\/p>\n<p>Na pierwszym pi\u0119trze znajduj\u0105 si\u0119 dwie dodatkowe sypialnie i dwie \u0142azienki, zapewniaj\u0105c wystarczaj\u0105co du\u017co miejsca, aby pomie\u015bci\u0107 kilku go\u015bci w pe\u0142nym komforcie.<\/p>\n<p>Ale prawdziwym klejnotem tej nieruchomo\u015bci jest du\u017cy basen z podgrzewan\u0105 wod\u0105. Dzi\u0119ki powierzchni 212 m2 i dzia\u0142ce o powierzchni 215 m2, ta willa jest atrakcyjn\u0105 opcj\u0105 dla os\u00f3b poszukuj\u0105cych nowego domu.<\/p>\n<p>Miesi\u0119czne op\u0142aty wsp\u00f3lnotowe - 161,14 \u20ac (w tym ochrona)<\/p>\n<p>Roczny podatek - 328,03 \u20ac.<\/p>\n<p>Nie przegap okazji, aby naby\u0107 t\u0119 pi\u0119kn\u0105 will\u0119 w uprzywilejowanej lokalizacji. Dzi\u0119ki po\u0142\u0105czeniu komfortu, luksusu i lokalizacji jest to inwestycja, kt\u00f3ra z pewno\u015bci\u0105 zapewni bezkonkurencyjny zwrot. Skontaktuj si\u0119 z nami ju\u017c dzi\u015b, aby uzyska\u0107 wi\u0119cej informacji lub um\u00f3wi\u0107 si\u0119 na ogl\u0105danie.<\/p>","protected":false},"excerpt":{"rendered":"<p>Les presentamos una impresionante villa en venta, situada en el prestigioso barrio de El Duque. Esta propiedad de tres dormitorios y tres ba\u00f1os se encuentra a un breve paseo de tres minutos del bullicioso centro comercial y la tranquila playa, ofreciendo una ubicaci\u00f3n inmejorable. La villa cuenta con una piscina privada, perfecta para disfrutar de [&hellip;]<\/p>\n","protected":false},"author":5,"featured_media":26971,"parent":0,"menu_order":0,"template":"","property_type":[45],"property_status":[24],"property_feature":[17,178,19,176,177,174,31,26,173,42],"property_label":[109,180],"property_city":[60],"class_list":["post-26980","property","type-property","status-publish","has-post-thumbnail","hentry","property_type-villa","property_status-venta","property_feature-aire-acondicionado","property_feature-aparcamiento-privado-cerrado","property_feature-barbacoa","property_feature-cerca-de-centros-comerciales","property_feature-cerca-de-la-playa","property_feature-cocina-amueblada","property_feature-ducha-exterior","property_feature-lavadora","property_feature-piscina-climatizada","property_feature-piscina-privada","property_label-exclusivo","property_label-oferta","property_city-el-duque"],"property_meta":{"rank_math_internal_links_processed":["1"],"fave_property_bathrooms":["3"],"fave_property_bedrooms":["3"],"fave_property_size":["212"],"fave_property_size_prefix":["m\u00b2"],"fave_property_land":["215"],"fave_property_land_postfix":["m\u00b2"],"fave_property_garage":["3"],"fave_property_garage_size":["111"],"fave_property_year":["1997"],"fave_property_price":["1290000"],"fave_property_price_placeholder":[""],"fave_property_price_prefix":[""],"fave_property_price_postfix":[""],"fave_property_sec_price":[""],"fave_show_price_placeholder":["0"],"additional_features":["a:1:{i:0;a:2:{s:29:\"fave_additional_feature_title\";s:0:\"\";s:29:\"fave_additional_feature_value\";s:0:\"\";}}"],"fave_additional_features_enable":["enable"],"floor_plans":[""],"fave_multi_units":[""],"fave_featured":["0"],"houzez_featured_listing_date":[""],"fave_virtual_tour":[""],"fave_loggedintoview":["0"],"fave_video_url":[""],"fave_property_zip":["38679"],"fave_property_map_address":["El Duque, Avenida de Bruselas, Playas del Duque, Costa Adeje, Miraverde, Adeje, Santa Cruz de Tenerife, Canarias, 38679, Espa\u00f1a"],"fave_property_address":["El Duque, Avenida de Bruselas, Playas del Duque, Costa Adeje, Miraverde, Adeje, Santa Cruz de Tenerife, Canarias, 38679, Espa\u00f1a"],"houzez_geolocation_lat":["28.0925898"],"houzez_geolocation_long":["-16.7367128"],"fave_property_location":["28.0925898,-16.7367128"],"fave_property_map":["1"],"fave_property_map_street_view":[null],"fave_property_id":["2340"],"fave_private_note":[""],"fave_property_disclaimer":[""],"fave_payment_status":["not_paid"],"fave_agent_display_option":["agent_info"],"fave_mortgage_cal":["0"],"houzez_total_property_views":["13703"],"houzez_views_by_date":["a:61:{s:10:\"02-27-2026\";i:36;s:10:\"02-28-2026\";i:36;s:10:\"03-01-2026\";i:36;s:10:\"03-02-2026\";i:43;s:10:\"03-03-2026\";i:45;s:10:\"03-04-2026\";i:39;s:10:\"03-05-2026\";i:36;s:10:\"03-06-2026\";i:52;s:10:\"03-07-2026\";i:38;s:10:\"03-08-2026\";i:36;s:10:\"03-09-2026\";i:41;s:10:\"03-10-2026\";i:54;s:10:\"03-11-2026\";i:44;s:10:\"03-12-2026\";i:54;s:10:\"03-13-2026\";i:36;s:10:\"03-14-2026\";i:36;s:10:\"03-15-2026\";i:36;s:10:\"03-16-2026\";i:42;s:10:\"03-17-2026\";i:46;s:10:\"03-18-2026\";i:38;s:10:\"03-19-2026\";i:36;s:10:\"03-20-2026\";i:36;s:10:\"03-21-2026\";i:42;s:10:\"03-22-2026\";i:48;s:10:\"03-23-2026\";i:36;s:10:\"03-24-2026\";i:36;s:10:\"03-25-2026\";i:36;s:10:\"03-26-2026\";i:55;s:10:\"03-27-2026\";i:36;s:10:\"03-28-2026\";i:55;s:10:\"03-29-2026\";i:36;s:10:\"03-30-2026\";i:36;s:10:\"03-31-2026\";i:37;s:10:\"04-01-2026\";i:40;s:10:\"04-02-2026\";i:54;s:10:\"04-03-2026\";i:36;s:10:\"04-04-2026\";i:36;s:10:\"04-05-2026\";i:36;s:10:\"04-06-2026\";i:36;s:10:\"04-07-2026\";i:37;s:10:\"04-08-2026\";i:46;s:10:\"04-09-2026\";i:38;s:10:\"04-10-2026\";i:38;s:10:\"04-11-2026\";i:40;s:10:\"04-12-2026\";i:50;s:10:\"04-13-2026\";i:36;s:10:\"04-14-2026\";i:39;s:10:\"04-15-2026\";i:57;s:10:\"04-16-2026\";i:36;s:10:\"04-17-2026\";i:36;s:10:\"04-18-2026\";i:36;s:10:\"04-19-2026\";i:50;s:10:\"04-20-2026\";i:40;s:10:\"04-21-2026\";i:38;s:10:\"04-22-2026\";i:36;s:10:\"04-23-2026\";i:36;s:10:\"04-24-2026\";i:52;s:10:\"04-25-2026\";i:38;s:10:\"04-26-2026\";i:36;s:10:\"04-27-2026\";i:36;s:10:\"04-28-2026\";i:37;}"],"houzez_recently_viewed":["2026-04-28 17:09:38"],"fave_property_images":["29534","26971","26961","26962","26963","26964","26965","26966","26967","26968","26969","26970","26972","26973","26974","26975","26976","26977","26978","26960"],"_thumbnail_id":["26971"],"fave_agents":["23720"],"_elementor_page_assets":["a:0:{}"]},"_links":{"self":[{"href":"https:\/\/www.tunidotenerife.com\/pl\/wp-json\/wp\/v2\/properties\/26980","targetHints":{"allow":["GET"]}}],"collection":[{"href":"https:\/\/www.tunidotenerife.com\/pl\/wp-json\/wp\/v2\/properties"}],"about":[{"href":"https:\/\/www.tunidotenerife.com\/pl\/wp-json\/wp\/v2\/types\/property"}],"author":[{"embeddable":true,"href":"https:\/\/www.tunidotenerife.com\/pl\/wp-json\/wp\/v2\/users\/5"}],"version-history":[{"count":1,"href":"https:\/\/www.tunidotenerife.com\/pl\/wp-json\/wp\/v2\/properties\/26980\/revisions"}],"predecessor-version":[{"id":29283,"href":"https:\/\/www.tunidotenerife.com\/pl\/wp-json\/wp\/v2\/properties\/26980\/revisions\/29283"}],"wp:featuredmedia":[{"embeddable":true,"href":"https:\/\/www.tunidotenerife.com\/pl\/wp-json\/wp\/v2\/media\/26971"}],"wp:attachment":[{"href":"https:\/\/www.tunidotenerife.com\/pl\/wp-json\/wp\/v2\/media?parent=26980"}],"wp:term":[{"taxonomy":"property_type","embeddable":true,"href":"https:\/\/www.tunidotenerife.com\/pl\/wp-json\/wp\/v2\/property_type?post=26980"},{"taxonomy":"property_status","embeddable":true,"href":"https:\/\/www.tunidotenerife.com\/pl\/wp-json\/wp\/v2\/property_status?post=26980"},{"taxonomy":"property_feature","embeddable":true,"href":"https:\/\/www.tunidotenerife.com\/pl\/wp-json\/wp\/v2\/property_feature?post=26980"},{"taxonomy":"property_label","embeddable":true,"href":"https:\/\/www.tunidotenerife.com\/pl\/wp-json\/wp\/v2\/property_label?post=26980"},{"taxonomy":"property_city","embeddable":true,"href":"https:\/\/www.tunidotenerife.com\/pl\/wp-json\/wp\/v2\/property_city?post=26980"}],"curies":[{"name":"wp","href":"https:\/\/api.w.org\/{rel}","templated":true}]}}

Willa na sprzedaż na Teneryfie Południowej, El Duque

<p>Prezentujemy Państwu oszałamiającą willę na sprzedaż, położoną w prestiżowej okolicy El Duque. Ta nieruchomość z trzema sypialniami i trzema łazienkami znajduje się zaledwie trzy minuty spacerem od tętniącego życiem centrum handlowego i spokojnej plaży, oferując bezkonkurencyjną lokalizację.</p>
<p>Willa posiada prywatny basen, idealny do spędzania czasu wolnego i relaksu. Na parterze znajduje się jasny salon i jadalnia, zaprojektowane z myślą o przytulnej i komfortowej atmosferze. Niezależna kuchnia jest w pełni wyposażona, a obok niej znajduje się łazienka i sypialnia, wszystkie zaprojektowane z myślą o maksymalnym komforcie.</p>
<p>Na pierwszym piętrze znajdują się dwie dodatkowe sypialnie i dwie łazienki, zapewniając wystarczająco dużo miejsca, aby pomieścić kilku gości w pełnym komforcie.</p>
<p>Ale prawdziwym klejnotem tej nieruchomości jest duży basen z podgrzewaną wodą. Dzięki powierzchni 212 m2 i działce o powierzchni 215 m2, ta willa jest atrakcyjną opcją dla osób poszukujących nowego domu.</p>
<p>Miesięczne opłaty wspólnotowe - 161,14 € (w tym ochrona)</p>
<p>Roczny podatek - 328,03 €.</p>
<p>Nie przegap okazji, aby nabyć tę piękną willę w uprzywilejowanej lokalizacji. Dzięki połączeniu komfortu, luksusu i lokalizacji jest to inwestycja, która z pewnością zapewni bezkonkurencyjny zwrot. Skontaktuj się z nami już dziś, aby uzyskać więcej informacji lub umówić się na oglądanie.</p>

<p>Les presentamos una impresionante villa en venta, situada en el prestigioso barrio de El Duque. Esta propiedad de tres dormitorios y tres baños se encuentra a un breve paseo de tres minutos del bullicioso centro comercial y la tranquila playa, ofreciendo una ubicación inmejorable. La villa cuenta con una piscina privada, perfecta para disfrutar de [&hellip;]</p>

El Duque, Avenida de Bruselas, Playas del Duque, Costa Adeje, Miraverde, Adeje, Santa Cruz de Tenerife, Canarias, 38679, España
