{"id":26943,"date":"2025-06-03T11:43:13","date_gmt":"2025-06-03T10:43:13","guid":{"rendered":"https:\/\/www.tunidotenerife.com\/p\/adosado-en-venta-en-madronal-de-fanabe-tenerife-sur\/"},"modified":"2026-01-26T13:50:44","modified_gmt":"2026-01-26T13:50:44","slug":"adosado-en-venta-en-madronal-de-fanabe-tenerife-sur","status":"houzez_sold","type":"property","link":"https:\/\/www.tunidotenerife.com\/pl\/p\/adosado-en-venta-en-madronal-de-fanabe-tenerife-sur\/","title":{"rendered":"Kamienica na sprzeda\u017c w Madro\u00f1al de Fa\u00f1abe, Teneryfa Sur"},"content":{"rendered":"<p>Wspania\u0142a naro\u017cna kamienica na sprzeda\u017c, kt\u00f3ra wyr\u00f3\u017cnia si\u0119 przestronno\u015bci\u0105, \u015bwiat\u0142em i komfortem. Ta nieruchomo\u015b\u0107 o powierzchni 366 m\u00b2 jest prawdziw\u0105 oaz\u0105 komfortu i spokoju.<\/p>\n<p>Nieruchomo\u015b\u0107 jest wzbogacona o 190 m\u00b2 taras\u00f3w, kt\u00f3re s\u0105 podzielone na du\u017cy g\u00f3rny taras ze sztuczn\u0105 traw\u0105, idealny do sp\u0119dzania przyjemnych chwil na \u015bwie\u017cym powietrzu, oraz uroczy dolny taras z ogrodem przy wej\u015bciu do nieruchomo\u015bci. Przestrze\u0144 ta jest idealna do grillowania, aktywno\u015bci na \u015bwie\u017cym powietrzu lub po prostu relaksu w cichym i prywatnym otoczeniu.<\/p>\n<p>W piwnicy o powierzchni 106 m\u00b2 znajduje si\u0119 du\u017cy gara\u017c mog\u0105cy pomie\u015bci\u0107 trzy pojazdy. Znajduje si\u0119 tam r\u00f3wnie\u017c dodatkowa sypialnia z \u0142azienk\u0105 i przedpok\u00f3j z wbudowan\u0105 szaf\u0105, co zwi\u0119ksza funkcjonalno\u015b\u0107 i komfort nieruchomo\u015bci.<\/p>\n<p>Na parterze o powierzchni 119 m\u00b2 znajduje si\u0119 elegancki hol wej\u015bciowy, kt\u00f3ry prowadzi do przestronnego salonu z jadalni\u0105. Ta pe\u0142na naturalnego \u015bwiat\u0142a przestrze\u0144 jest idealna do sp\u0119dzania wolnego czasu z rodzin\u0105. Nowoczesna kuchnia wyposa\u017cona jest w najwy\u017cszej klasy sprz\u0119t AGD. Na tym pi\u0119trze znajduje si\u0119 \u0142azienka i dost\u0119p do du\u017cego tarasu ze sztuczn\u0105 traw\u0105.<\/p>\n<p>Na pi\u0119trze o powierzchni 87 m\u00b2 znajduj\u0105 si\u0119 cztery przestronne i jasne sypialnie. Wszystkie maj\u0105 du\u017ce okna, kt\u00f3re wpuszczaj\u0105 naturalne \u015bwiat\u0142o przez ca\u0142y dzie\u0144. Uzupe\u0142niaj\u0105 je dwie w pe\u0142ni wyposa\u017cone \u0142azienki, zapewniaj\u0105ce komfort wszystkim cz\u0142onkom rodziny.<\/p>\n<p>Podatek od nieruchomo\u015bci (IBI) wynosi 834 euro rocznie.<\/p>\n<p>Kr\u00f3tko m\u00f3wi\u0105c, ta nieruchomo\u015b\u0107 jest idealnym wyborem dla tych, kt\u00f3rzy ceni\u0105 sobie wypoczynek na \u015bwie\u017cym powietrzu i szukaj\u0105 wygodnego, przestronnego i wype\u0142nionego \u015bwiat\u0142em domu.<\/p>","protected":false},"excerpt":{"rendered":"<p>Se pone a la venta un magn\u00edfico adosado de esquina, que destaca por su amplitud, luminosidad y confortabilidad. Este inmueble, con una superficie construida de 366 m\u00b2, se presenta como un aut\u00e9ntico oasis de comodidad y tranquilidad. La propiedad se enriquece con 190 m\u00b2 de terrazas, que se dividen entre una gran terraza superior con [&hellip;]<\/p>\n","protected":false},"author":5,"featured_media":26887,"parent":0,"menu_order":0,"template":"","property_type":[119],"property_status":[40],"property_feature":[17,178,19,176,174,26,172,171,170],"property_label":[],"property_city":[62],"class_list":["post-26943","property","type-property","status-houzez_sold","has-post-thumbnail","hentry","property_type-adosado","property_status-vendido","property_feature-aire-acondicionado","property_feature-aparcamiento-privado-cerrado","property_feature-barbacoa","property_feature-cerca-de-centros-comerciales","property_feature-cocina-amueblada","property_feature-lavadora","property_feature-piscina-comunitaria","property_feature-vistas-a-la-montana","property_feature-vistas-al-oceano","property_city-el-madronal-de-fanabe"],"property_meta":{"rank_math_internal_links_processed":["1"],"fave_property_price":["680000"],"fave_show_price_placeholder":["0"],"fave_property_size":["366"],"fave_property_size_prefix":["m\u00b2"],"fave_property_land_postfix":["m\u00b2"],"fave_property_bedrooms":["5"],"fave_property_bathrooms":["4"],"fave_property_garage":["2"],"fave_property_id":["2342"],"fave_property_zip":["38679"],"fave_additional_features_enable":["enable"],"fave_featured":["0"],"houzez_featured_listing_date":[""],"fave_loggedintoview":["0"],"fave_mortgage_cal":["0"],"fave_payment_status":["not_paid"],"fave_agent_display_option":["agent_info"],"fave_property_map_address":["Calle Beirut, Playa de Fa\u00f1ab\u00e9, Costa Adeje, Miraverde, Adeje, Santa Cruz de Tenerife, Canarias, 38679, Espa\u00f1a"],"fave_property_address":["Calle Beirut, Playa de Fa\u00f1ab\u00e9, Costa Adeje, Miraverde, Adeje, Santa Cruz de Tenerife, Canarias, 38679, Espa\u00f1a"],"houzez_geolocation_lat":["28.0923466"],"houzez_geolocation_long":["-16.7283326"],"fave_property_location":["28.0923466,-16.7283326,0"],"fave_property_map":["1"],"fave_property_map_street_view":["hide"],"houzez_total_property_views":["13511"],"houzez_views_by_date":["a:61:{s:10:\"02-27-2026\";i:36;s:10:\"02-28-2026\";i:36;s:10:\"03-01-2026\";i:37;s:10:\"03-02-2026\";i:43;s:10:\"03-03-2026\";i:42;s:10:\"03-04-2026\";i:40;s:10:\"03-05-2026\";i:38;s:10:\"03-06-2026\";i:50;s:10:\"03-07-2026\";i:38;s:10:\"03-08-2026\";i:36;s:10:\"03-09-2026\";i:36;s:10:\"03-10-2026\";i:54;s:10:\"03-11-2026\";i:54;s:10:\"03-12-2026\";i:54;s:10:\"03-13-2026\";i:37;s:10:\"03-14-2026\";i:36;s:10:\"03-15-2026\";i:36;s:10:\"03-16-2026\";i:42;s:10:\"03-17-2026\";i:46;s:10:\"03-18-2026\";i:38;s:10:\"03-19-2026\";i:36;s:10:\"03-20-2026\";i:37;s:10:\"03-21-2026\";i:41;s:10:\"03-22-2026\";i:48;s:10:\"03-23-2026\";i:36;s:10:\"03-24-2026\";i:36;s:10:\"03-25-2026\";i:36;s:10:\"03-26-2026\";i:54;s:10:\"03-27-2026\";i:36;s:10:\"03-28-2026\";i:54;s:10:\"03-29-2026\";i:36;s:10:\"03-30-2026\";i:36;s:10:\"03-31-2026\";i:36;s:10:\"04-01-2026\";i:38;s:10:\"04-02-2026\";i:54;s:10:\"04-03-2026\";i:36;s:10:\"04-04-2026\";i:36;s:10:\"04-05-2026\";i:36;s:10:\"04-06-2026\";i:44;s:10:\"04-07-2026\";i:28;s:10:\"04-08-2026\";i:50;s:10:\"04-09-2026\";i:36;s:10:\"04-10-2026\";i:37;s:10:\"04-11-2026\";i:45;s:10:\"04-12-2026\";i:44;s:10:\"04-13-2026\";i:36;s:10:\"04-14-2026\";i:36;s:10:\"04-15-2026\";i:54;s:10:\"04-16-2026\";i:36;s:10:\"04-17-2026\";i:36;s:10:\"04-18-2026\";i:38;s:10:\"04-19-2026\";i:52;s:10:\"04-20-2026\";i:36;s:10:\"04-21-2026\";i:36;s:10:\"04-22-2026\";i:36;s:10:\"04-23-2026\";i:36;s:10:\"04-24-2026\";i:44;s:10:\"04-25-2026\";i:46;s:10:\"04-26-2026\";i:36;s:10:\"04-27-2026\";i:36;s:10:\"04-28-2026\";i:35;}"],"houzez_recently_viewed":["2026-04-28 16:50:12"],"_thumbnail_id":["26887"],"_edit_lock":["1769435149:1"],"rank_math_seo_score":["6"],"_edit_last":["1"],"fave_single_top_area":["global"],"fave_single_content_area":["global"],"_pys_head_footer":["a:7:{s:14:\"disable_global\";b:0;s:8:\"head_any\";s:0:\"\";s:12:\"head_desktop\";s:0:\"\";s:11:\"head_mobile\";s:0:\"\";s:10:\"footer_any\";s:0:\"\";s:14:\"footer_desktop\";s:0:\"\";s:13:\"footer_mobile\";s:0:\"\";}"],"houzez_manual_expire":["0"],"_houzez_expiration_date_status":["saved"],"rank_math_primary_property_label":["180"],"fave_property_images":["26887","26873","26877","26878","26879","26880","26881","26882","26883","26884","26885","26886","26888","26872","26889","26890","26892","26894","26895","26896","26897","26898","26899","26900","26901","26902","26903","26904","26905","26908","26910","26911","26912","26913","26914","26915","26916","26917","26918","26919","26920","26921","26922","26923","26925","26926","26927","26928","26929","26931","26933","26934","26935","26936","26937","26938","26939","26940","26941","26876"],"fave_agents":["23720"],"_elementor_page_assets":["a:0:{}"]},"_links":{"self":[{"href":"https:\/\/www.tunidotenerife.com\/pl\/wp-json\/wp\/v2\/properties\/26943","targetHints":{"allow":["GET"]}}],"collection":[{"href":"https:\/\/www.tunidotenerife.com\/pl\/wp-json\/wp\/v2\/properties"}],"about":[{"href":"https:\/\/www.tunidotenerife.com\/pl\/wp-json\/wp\/v2\/types\/property"}],"author":[{"embeddable":true,"href":"https:\/\/www.tunidotenerife.com\/pl\/wp-json\/wp\/v2\/users\/5"}],"version-history":[{"count":0,"href":"https:\/\/www.tunidotenerife.com\/pl\/wp-json\/wp\/v2\/properties\/26943\/revisions"}],"wp:featuredmedia":[{"embeddable":true,"href":"https:\/\/www.tunidotenerife.com\/pl\/wp-json\/wp\/v2\/media\/26887"}],"wp:attachment":[{"href":"https:\/\/www.tunidotenerife.com\/pl\/wp-json\/wp\/v2\/media?parent=26943"}],"wp:term":[{"taxonomy":"property_type","embeddable":true,"href":"https:\/\/www.tunidotenerife.com\/pl\/wp-json\/wp\/v2\/property_type?post=26943"},{"taxonomy":"property_status","embeddable":true,"href":"https:\/\/www.tunidotenerife.com\/pl\/wp-json\/wp\/v2\/property_status?post=26943"},{"taxonomy":"property_feature","embeddable":true,"href":"https:\/\/www.tunidotenerife.com\/pl\/wp-json\/wp\/v2\/property_feature?post=26943"},{"taxonomy":"property_label","embeddable":true,"href":"https:\/\/www.tunidotenerife.com\/pl\/wp-json\/wp\/v2\/property_label?post=26943"},{"taxonomy":"property_city","embeddable":true,"href":"https:\/\/www.tunidotenerife.com\/pl\/wp-json\/wp\/v2\/property_city?post=26943"}],"curies":[{"name":"wp","href":"https:\/\/api.w.org\/{rel}","templated":true}]}}

Kamienica na sprzedaż w Madroñal de Fañabe, Teneryfa Sur

<p>Wspaniała narożna kamienica na sprzedaż, która wyróżnia się przestronnością, światłem i komfortem. Ta nieruchomość o powierzchni 366 m² jest prawdziwą oazą komfortu i spokoju.</p>
<p>Nieruchomość jest wzbogacona o 190 m² tarasów, które są podzielone na duży górny taras ze sztuczną trawą, idealny do spędzania przyjemnych chwil na świeżym powietrzu, oraz uroczy dolny taras z ogrodem przy wejściu do nieruchomości. Przestrzeń ta jest idealna do grillowania, aktywności na świeżym powietrzu lub po prostu relaksu w cichym i prywatnym otoczeniu.</p>
<p>W piwnicy o powierzchni 106 m² znajduje się duży garaż mogący pomieścić trzy pojazdy. Znajduje się tam również dodatkowa sypialnia z łazienką i przedpokój z wbudowaną szafą, co zwiększa funkcjonalność i komfort nieruchomości.</p>
<p>Na parterze o powierzchni 119 m² znajduje się elegancki hol wejściowy, który prowadzi do przestronnego salonu z jadalnią. Ta pełna naturalnego światła przestrzeń jest idealna do spędzania wolnego czasu z rodziną. Nowoczesna kuchnia wyposażona jest w najwyższej klasy sprzęt AGD. Na tym piętrze znajduje się łazienka i dostęp do dużego tarasu ze sztuczną trawą.</p>
<p>Na piętrze o powierzchni 87 m² znajdują się cztery przestronne i jasne sypialnie. Wszystkie mają duże okna, które wpuszczają naturalne światło przez cały dzień. Uzupełniają je dwie w pełni wyposażone łazienki, zapewniające komfort wszystkim członkom rodziny.</p>
<p>Podatek od nieruchomości (IBI) wynosi 834 euro rocznie.</p>
<p>Krótko mówiąc, ta nieruchomość jest idealnym wyborem dla tych, którzy cenią sobie wypoczynek na świeżym powietrzu i szukają wygodnego, przestronnego i wypełnionego światłem domu.</p>

<p>Se pone a la venta un magnífico adosado de esquina, que destaca por su amplitud, luminosidad y confortabilidad. Este inmueble, con una superficie construida de 366 m², se presenta como un auténtico oasis de comodidad y tranquilidad. La propiedad se enriquece con 190 m² de terrazas, que se dividen entre una gran terraza superior con [&hellip;]</p>

Calle Beirut, Playa de Fañabé, Costa Adeje, Miraverde, Adeje, Santa Cruz de Tenerife, Canarias, 38679, España
