{"id":26350,"date":"2025-04-08T15:13:03","date_gmt":"2025-04-08T14:13:03","guid":{"rendered":"https:\/\/www.tunidotenerife.com\/p\/essence-residence-marbella\/"},"modified":"2025-06-04T18:19:58","modified_gmt":"2025-06-04T17:19:58","slug":"essence-residence-marbella","status":"publish","type":"property","link":"https:\/\/www.tunidotenerife.com\/pl\/p\/essence-residence-marbella\/","title":{"rendered":"Essence Residence, Marbella"},"content":{"rendered":"<p>Na sprzeda\u017c! Prezentujemy wspania\u0142e mieszkania z 2, 3 i 4 sypialniami zlokalizowane w Cancelada, West Estepona, Marbella. Dom, kt\u00f3ry doskonale \u0142\u0105czy pi\u0119kno natury z luksusem i komfortem.<\/p>\n<p>To mieszkanie stanowi cz\u0119\u015b\u0107 nowego, ekskluzywnego kompleksu premium na New Golden Mile, oferuj\u0105cego \u0142atwy dost\u0119p do dziewiczych pla\u017c, \u015bwiatowej klasy p\u00f3l golfowych, takich jak Villa Padierna, i t\u0119tni\u0105cego \u017cyciem uroku Puerto Ban\u00fas.<\/p>\n<p>Inwestycja zosta\u0142a zaprojektowana z my\u015bl\u0105 o zapewnieniu luksusowych warunk\u00f3w \u017cycia. Znajduje si\u0119 w nim najnowocze\u015bniejsza si\u0142ownia wyposa\u017cona w strefy cardio i si\u0142owe oraz spa, w kt\u00f3rym mo\u017cna zrelaksowa\u0107 si\u0119 po d\u0142ugim dniu. Oferuje r\u00f3wnie\u017c odkryte baseny i podgrzewany kryty taras basenowy, z kt\u00f3rego mo\u017cna korzysta\u0107 przez ca\u0142y rok.<\/p>\n<p>Z my\u015bl\u0105 o nowoczesnych profesjonalistach, kompleks posiada r\u00f3wnie\u017c dedykowane \u015brodowisko coworkingowe, kt\u00f3re zach\u0119ca do produktywno\u015bci i wsp\u00f3\u0142pracy. Ponadto, us\u0142uga concierge jest zawsze pod r\u0119k\u0105, aby przewidzie\u0107 ka\u017cd\u0105 potrzeb\u0119.<\/p>\n<p>Mieszkanie otoczone jest bujn\u0105 zieleni\u0105 i znajduje si\u0119 na ekskluzywnym zamkni\u0119tym osiedlu z ca\u0142odobow\u0105 ochron\u0105, oferuj\u0105c spok\u00f3j i bezpiecze\u0144stwo swoim mieszka\u0144com.<\/p>\n<p>Zako\u0144czenie budowy zaplanowano na trzeci kwarta\u0142 2027 roku, co czyni to mieszkanie jeszcze bardziej atrakcyjn\u0105 opcj\u0105 dla os\u00f3b poszukuj\u0105cych nowego domu.<\/p>\n<p>Nie przegap okazji, aby zamieszka\u0107 w miejscu, w kt\u00f3rym komfort, luksus i natura \u0142\u0105cz\u0105 si\u0119, tworz\u0105c idealny dom - skontaktuj si\u0119 z nami ju\u017c dzi\u015b, aby uzyska\u0107 wi\u0119cej informacji!<\/p>","protected":false},"excerpt":{"rendered":"<p>\u00a1En venta! Presentamos\u00a0 impresionantes apartamentos de 2,3 y 4 habitaciones ubicado en Cancelada, Oeste Estepona, Marbella. Un hogar que combina perfectamente la belleza de la naturaleza con el lujo y la comodidad. Este apartamento forma parte de un nuevo y exclusivo complejo premium en la Nueva Milla de Oro, que ofrece un f\u00e1cil acceso a [&hellip;]<\/p>\n","protected":false},"author":5,"featured_media":26336,"parent":0,"menu_order":0,"template":"","property_type":[49],"property_status":[24],"property_feature":[17,178,174,31,25,175,169,173,172,42,35,21,171,170],"property_label":[109,179],"property_city":[204],"class_list":["post-26350","property","type-property","status-publish","has-post-thumbnail","hentry","property_type-apartamento","property_status-venta","property_feature-aire-acondicionado","property_feature-aparcamiento-privado-cerrado","property_feature-cocina-amueblada","property_feature-ducha-exterior","property_feature-gimnasio","property_feature-jacuzzi","property_feature-nueva-construccion","property_feature-piscina-climatizada","property_feature-piscina-comunitaria","property_feature-piscina-privada","property_feature-sauna","property_feature-secadora","property_feature-vistas-a-la-montana","property_feature-vistas-al-oceano","property_label-exclusivo","property_label-luxury","property_city-marbella"],"property_meta":{"rank_math_internal_links_processed":["1"],"fave_property_price":["780000"],"fave_show_price_placeholder":["0"],"fave_property_price_prefix":["Desde"],"fave_property_size":["94"],"fave_property_size_prefix":["m\u00b2"],"fave_property_land_postfix":["m\u00b2"],"fave_property_bedrooms":["2,3,4"],"fave_property_bathrooms":["2"],"fave_property_garage":["1"],"fave_property_id":["2325"],"_thumbnail_id":["26336"],"fave_property_zip":["29689"],"fave_additional_features_enable":["enable"],"fave_featured":["0"],"houzez_featured_listing_date":[""],"fave_loggedintoview":["0"],"fave_mortgage_cal":["0"],"fave_payment_status":["not_paid"],"fave_agent_display_option":["agent_info"],"fave_property_map_address":["Cancelada, Bel-Air, Estepona, Costa del Sol Occidental, M\u00e1laga, Andaluc\u00eda, 29689, Espa\u00f1a"],"fave_property_address":["Cancelada, Bel-Air, Estepona, Costa del Sol Occidental, M\u00e1laga, Andaluc\u00eda, 29689, Espa\u00f1a"],"houzez_geolocation_lat":["36.4615884"],"houzez_geolocation_long":["-5.0523707"],"fave_property_location":["36.4615884,-5.0523707,0"],"fave_property_map":["1"],"fave_property_map_street_view":["hide"],"houzez_total_property_views":["16092"],"houzez_views_by_date":["a:61:{s:10:\"03-04-2026\";i:37;s:10:\"03-05-2026\";i:52;s:10:\"03-06-2026\";i:38;s:10:\"03-07-2026\";i:36;s:10:\"03-08-2026\";i:36;s:10:\"03-09-2026\";i:36;s:10:\"03-10-2026\";i:54;s:10:\"03-11-2026\";i:54;s:10:\"03-12-2026\";i:54;s:10:\"03-13-2026\";i:36;s:10:\"03-14-2026\";i:36;s:10:\"03-15-2026\";i:36;s:10:\"03-16-2026\";i:42;s:10:\"03-17-2026\";i:47;s:10:\"03-18-2026\";i:38;s:10:\"03-19-2026\";i:45;s:10:\"03-20-2026\";i:38;s:10:\"03-21-2026\";i:43;s:10:\"03-22-2026\";i:47;s:10:\"03-23-2026\";i:36;s:10:\"03-24-2026\";i:36;s:10:\"03-25-2026\";i:36;s:10:\"03-26-2026\";i:54;s:10:\"03-27-2026\";i:36;s:10:\"03-28-2026\";i:55;s:10:\"03-29-2026\";i:36;s:10:\"03-30-2026\";i:36;s:10:\"03-31-2026\";i:36;s:10:\"04-01-2026\";i:40;s:10:\"04-02-2026\";i:54;s:10:\"04-03-2026\";i:36;s:10:\"04-04-2026\";i:36;s:10:\"04-05-2026\";i:36;s:10:\"04-06-2026\";i:44;s:10:\"04-07-2026\";i:32;s:10:\"04-08-2026\";i:48;s:10:\"04-09-2026\";i:36;s:10:\"04-10-2026\";i:37;s:10:\"04-11-2026\";i:45;s:10:\"04-12-2026\";i:45;s:10:\"04-13-2026\";i:36;s:10:\"04-14-2026\";i:36;s:10:\"04-15-2026\";i:54;s:10:\"04-16-2026\";i:36;s:10:\"04-17-2026\";i:36;s:10:\"04-18-2026\";i:42;s:10:\"04-19-2026\";i:48;s:10:\"04-20-2026\";i:36;s:10:\"04-21-2026\";i:36;s:10:\"04-22-2026\";i:36;s:10:\"04-23-2026\";i:36;s:10:\"04-24-2026\";i:50;s:10:\"04-25-2026\";i:40;s:10:\"04-26-2026\";i:36;s:10:\"04-27-2026\";i:37;s:10:\"04-28-2026\";i:37;s:10:\"04-29-2026\";i:36;s:10:\"04-30-2026\";i:54;s:10:\"05-01-2026\";i:36;s:10:\"05-02-2026\";i:36;s:10:\"05-03-2026\";i:22;}"],"houzez_recently_viewed":["2026-05-03 16:03:31"],"_edit_lock":["1749069875:1"],"rank_math_seo_score":["9"],"_edit_last":["1"],"fave_property_images":["26336","26331","26332","26333","26334","26335","26337","26338","26339","26340","26341","26342","26343","26344","26345","26346","26347","26348","26349"],"fave_agents":["23720"],"fave_single_top_area":["global"],"fave_single_content_area":["global"],"_pys_head_footer":["a:7:{s:14:\"disable_global\";b:0;s:8:\"head_any\";s:0:\"\";s:12:\"head_desktop\";s:0:\"\";s:11:\"head_mobile\";s:0:\"\";s:10:\"footer_any\";s:0:\"\";s:14:\"footer_desktop\";s:0:\"\";s:13:\"footer_mobile\";s:0:\"\";}"],"rank_math_primary_property_type":["0"],"rank_math_primary_property_status":["0"],"rank_math_primary_property_feature":["0"],"rank_math_primary_property_label":["0"],"rank_math_primary_property_city":["204"],"houzez_manual_expire":["0"],"_houzez_expiration_date_status":["saved"],"_elementor_page_assets":["a:0:{}"]},"_links":{"self":[{"href":"https:\/\/www.tunidotenerife.com\/pl\/wp-json\/wp\/v2\/properties\/26350","targetHints":{"allow":["GET"]}}],"collection":[{"href":"https:\/\/www.tunidotenerife.com\/pl\/wp-json\/wp\/v2\/properties"}],"about":[{"href":"https:\/\/www.tunidotenerife.com\/pl\/wp-json\/wp\/v2\/types\/property"}],"author":[{"embeddable":true,"href":"https:\/\/www.tunidotenerife.com\/pl\/wp-json\/wp\/v2\/users\/5"}],"version-history":[{"count":0,"href":"https:\/\/www.tunidotenerife.com\/pl\/wp-json\/wp\/v2\/properties\/26350\/revisions"}],"wp:featuredmedia":[{"embeddable":true,"href":"https:\/\/www.tunidotenerife.com\/pl\/wp-json\/wp\/v2\/media\/26336"}],"wp:attachment":[{"href":"https:\/\/www.tunidotenerife.com\/pl\/wp-json\/wp\/v2\/media?parent=26350"}],"wp:term":[{"taxonomy":"property_type","embeddable":true,"href":"https:\/\/www.tunidotenerife.com\/pl\/wp-json\/wp\/v2\/property_type?post=26350"},{"taxonomy":"property_status","embeddable":true,"href":"https:\/\/www.tunidotenerife.com\/pl\/wp-json\/wp\/v2\/property_status?post=26350"},{"taxonomy":"property_feature","embeddable":true,"href":"https:\/\/www.tunidotenerife.com\/pl\/wp-json\/wp\/v2\/property_feature?post=26350"},{"taxonomy":"property_label","embeddable":true,"href":"https:\/\/www.tunidotenerife.com\/pl\/wp-json\/wp\/v2\/property_label?post=26350"},{"taxonomy":"property_city","embeddable":true,"href":"https:\/\/www.tunidotenerife.com\/pl\/wp-json\/wp\/v2\/property_city?post=26350"}],"curies":[{"name":"wp","href":"https:\/\/api.w.org\/{rel}","templated":true}]}}

<p>Na sprzedaż! Prezentujemy wspaniałe mieszkania z 2, 3 i 4 sypialniami zlokalizowane w Cancelada, West Estepona, Marbella. Dom, który doskonale łączy piękno natury z luksusem i komfortem.</p>
<p>To mieszkanie stanowi część nowego, ekskluzywnego kompleksu premium na New Golden Mile, oferującego łatwy dostęp do dziewiczych plaż, światowej klasy pól golfowych, takich jak Villa Padierna, i tętniącego życiem uroku Puerto Banús.</p>
<p>Inwestycja została zaprojektowana z myślą o zapewnieniu luksusowych warunków życia. Znajduje się w nim najnowocześniejsza siłownia wyposażona w strefy cardio i siłowe oraz spa, w którym można zrelaksować się po długim dniu. Oferuje również odkryte baseny i podgrzewany kryty taras basenowy, z którego można korzystać przez cały rok.</p>
<p>Z myślą o nowoczesnych profesjonalistach, kompleks posiada również dedykowane środowisko coworkingowe, które zachęca do produktywności i współpracy. Ponadto, usługa concierge jest zawsze pod ręką, aby przewidzieć każdą potrzebę.</p>
<p>Mieszkanie otoczone jest bujną zielenią i znajduje się na ekskluzywnym zamkniętym osiedlu z całodobową ochroną, oferując spokój i bezpieczeństwo swoim mieszkańcom.</p>
<p>Zakończenie budowy zaplanowano na trzeci kwartał 2027 roku, co czyni to mieszkanie jeszcze bardziej atrakcyjną opcją dla osób poszukujących nowego domu.</p>
<p>Nie przegap okazji, aby zamieszkać w miejscu, w którym komfort, luksus i natura łączą się, tworząc idealny dom - skontaktuj się z nami już dziś, aby uzyskać więcej informacji!</p>

<p>¡En venta! Presentamos  impresionantes apartamentos de 2,3 y 4 habitaciones ubicado en Cancelada, Oeste Estepona, Marbella. Un hogar que combina perfectamente la belleza de la naturaleza con el lujo y la comodidad. Este apartamento forma parte de un nuevo y exclusivo complejo premium en la Nueva Milla de Oro, que ofrece un fácil acceso a [&hellip;]</p>

Cancelada, Bel-Air, Estepona, Costa del Sol Occidental, Málaga, Andalucía, 29689, España
