{"id":25741,"date":"2025-01-22T13:12:17","date_gmt":"2025-01-22T13:12:17","guid":{"rendered":"https:\/\/www.tunidotenerife.com\/p\/adosado-en-venta-en-tenerife-sur-madronal-de-fanabe-2\/"},"modified":"2025-02-20T15:42:07","modified_gmt":"2025-02-20T15:42:07","slug":"adosado-en-venta-en-tenerife-sur-madronal-de-fanabe-2","status":"publish","type":"property","link":"https:\/\/www.tunidotenerife.com\/pl\/p\/adosado-en-venta-en-tenerife-sur-madronal-de-fanabe-2\/","title":{"rendered":"Kamienica na sprzeda\u017c na Teneryfie Po\u0142udniowej, Madro\u00f1al de Fa\u00f1abe"},"content":{"rendered":"<p>Prezentujemy ekskluzywn\u0105 kamienic\u0119 na sprzeda\u017c na Teneryfie Po\u0142udniowej, w szczeg\u00f3lno\u015bci w presti\u017cowej spo\u0142eczno\u015bci Oasis de Fanabe (fasa1). Nieruchomo\u015b\u0107 ta wyr\u00f3\u017cnia si\u0119 eleganckim designem i doskona\u0142\u0105 lokalizacj\u0105 w poszukiwanej dzielnicy Madro\u00f1al de Fanabe.<\/p>\n<p>Nieruchomo\u015b\u0107 ma \u0142\u0105czn\u0105 powierzchni\u0119 287 m2, z czego 209 m2 jest dost\u0119pnych do u\u017cytku. Wewn\u0105trz znajduj\u0105 si\u0119 cztery przestronne sypialnie i cztery w pe\u0142ni wyposa\u017cone \u0142azienki, gwarantuj\u0105ce komfort i prywatno\u015b\u0107 wszystkim mieszka\u0144com.<\/p>\n<p>Kamienica jest w pe\u0142ni umeblowana i wyposa\u017cona w wysokiej jako\u015bci sprz\u0119t AGD, co oznacza, \u017ce jest gotowa do zamieszkania bez konieczno\u015bci dodatkowych inwestycji. Jest te\u017c gara\u017c z miejscem na dwa samochody, co stanowi dodatkowy atut tej nieruchomo\u015bci.<\/p>\n<p>Na zewn\u0105trz nieruchomo\u015bci znajduj\u0105 si\u0119 cztery tarasy, idealne do korzystania z doskona\u0142ego klimatu Teneryfy Po\u0142udniowej i widok\u00f3w na okolic\u0119.<\/p>\n<p>Pod wzgl\u0119dem finansowym podatek od nieruchomo\u015bci (IBI) wynosi 357 euro rocznie, a op\u0142ata wsp\u00f3lnotowa 91 euro.<\/p>\n<p>Pod wzgl\u0119dem lokalizacji znajduje si\u0119 zaledwie kilka minut od centrum handlowego, co oznacza, \u017ce b\u0119dziesz mia\u0142 \u0142atwy dost\u0119p do szerokiej gamy us\u0142ug i sklep\u00f3w. Ponadto pla\u017ca oddalona jest o zaledwie 5 minut jazdy samochodem, co czyni t\u0119 kamienic\u0119 idealnym miejscem dla tych, kt\u00f3rzy chc\u0105 cieszy\u0107 si\u0119 naturalnym pi\u0119knem Teneryfy.<\/p>\n<p>Kr\u00f3tko m\u00f3wi\u0105c, ta kamienica na sprzeda\u017c na Teneryfie Po\u0142udniowej, w Madro\u00f1al de Fa\u00f1abe, jest wyj\u0105tkow\u0105 okazj\u0105 dla tych, kt\u00f3rzy szukaj\u0105 wysokiej jako\u015bci domu w jednym z najlepszych obszar\u00f3w wyspy. Nie wahaj si\u0119 skontaktowa\u0107 z nami, aby uzyska\u0107 wi\u0119cej informacji lub um\u00f3wi\u0107 si\u0119 na ogl\u0105danie.<\/p>","protected":false},"excerpt":{"rendered":"<p>Presentamos un exclusivo adosado en venta en Tenerife Sur, espec\u00edficamente en la prestigiosa comunidad Oasis de Fanabe (fasa1). Esta propiedad destaca por su elegante dise\u00f1o y su excelente ubicaci\u00f3n, en el codiciado sector de Madro\u00f1al de Fa\u00f1abe. La vivienda cuenta con una superficie total de 287m2, de los cuales 209m2 est\u00e1n disponibles para su uso. [&hellip;]<\/p>\n","protected":false},"author":5,"featured_media":25965,"parent":0,"menu_order":0,"template":"","property_type":[119],"property_status":[24],"property_feature":[17,178,176,174,172,171],"property_label":[180],"property_city":[65],"class_list":["post-25741","property","type-property","status-publish","has-post-thumbnail","hentry","property_type-adosado","property_status-venta","property_feature-aire-acondicionado","property_feature-aparcamiento-privado-cerrado","property_feature-cerca-de-centros-comerciales","property_feature-cocina-amueblada","property_feature-piscina-comunitaria","property_feature-vistas-a-la-montana","property_label-oferta","property_city-torviscas-bajo"],"property_meta":{"rank_math_internal_links_processed":["1"],"fave_property_price":["549000"],"fave_property_price_postfix":[""],"fave_show_price_placeholder":["0"],"fave_property_price_placeholder":[""],"fave_property_price_prefix":[""],"fave_property_sec_price":[""],"fave_property_size":["287"],"fave_property_size_prefix":["m\u00b2"],"fave_property_land":[""],"fave_property_land_postfix":["m\u00b2"],"fave_property_bedrooms":["4"],"fave_property_bathrooms":["4"],"fave_property_garage":["2"],"fave_property_garage_size":[""],"fave_virtual_tour":[""],"fave_property_year":["2012"],"fave_property_id":["2311"],"fave_video_url":[""],"fave_property_zip":["38660"],"additional_features":["a:1:{i:0;a:2:{s:29:\"fave_additional_feature_title\";s:0:\"\";s:29:\"fave_additional_feature_value\";s:0:\"\";}}"],"fave_additional_features_enable":["enable"],"floor_plans":[""],"fave_multi_units":[""],"fave_featured":["0"],"houzez_featured_listing_date":[""],"fave_loggedintoview":["0"],"fave_mortgage_cal":["0"],"fave_private_note":[""],"fave_property_disclaimer":[""],"fave_payment_status":["not_paid"],"fave_agent_display_option":["agent_info"],"fave_property_map_address":["Calle Beirut, Torviscas Bajo, Miraverde, Adeje, Santa Cruz de Tenerife, Canarias, 38660, Espa\u00f1a"],"fave_property_address":["Calle Beirut, Torviscas Bajo, Miraverde, Adeje, Santa Cruz de Tenerife, Canarias, 38660, Espa\u00f1a"],"houzez_geolocation_lat":["28.08977985523798"],"houzez_geolocation_long":["-16.727312161061"],"fave_property_location":["28.08977985523798,-16.727312161061"],"fave_property_map":["1"],"fave_property_map_street_view":[""],"houzez_total_property_views":["19570"],"houzez_views_by_date":["a:61:{s:10:\"02-28-2026\";i:36;s:10:\"03-01-2026\";i:36;s:10:\"03-02-2026\";i:42;s:10:\"03-03-2026\";i:45;s:10:\"03-04-2026\";i:37;s:10:\"03-05-2026\";i:52;s:10:\"03-06-2026\";i:38;s:10:\"03-07-2026\";i:36;s:10:\"03-08-2026\";i:36;s:10:\"03-09-2026\";i:36;s:10:\"03-10-2026\";i:54;s:10:\"03-11-2026\";i:54;s:10:\"03-12-2026\";i:54;s:10:\"03-13-2026\";i:36;s:10:\"03-14-2026\";i:36;s:10:\"03-15-2026\";i:36;s:10:\"03-16-2026\";i:42;s:10:\"03-17-2026\";i:47;s:10:\"03-18-2026\";i:37;s:10:\"03-19-2026\";i:44;s:10:\"03-20-2026\";i:36;s:10:\"03-21-2026\";i:52;s:10:\"03-22-2026\";i:38;s:10:\"03-23-2026\";i:36;s:10:\"03-24-2026\";i:36;s:10:\"03-25-2026\";i:36;s:10:\"03-26-2026\";i:54;s:10:\"03-27-2026\";i:36;s:10:\"03-28-2026\";i:54;s:10:\"03-29-2026\";i:36;s:10:\"03-30-2026\";i:36;s:10:\"03-31-2026\";i:37;s:10:\"04-01-2026\";i:43;s:10:\"04-02-2026\";i:54;s:10:\"04-03-2026\";i:36;s:10:\"04-04-2026\";i:36;s:10:\"04-05-2026\";i:36;s:10:\"04-06-2026\";i:44;s:10:\"04-07-2026\";i:35;s:10:\"04-08-2026\";i:54;s:10:\"04-09-2026\";i:36;s:10:\"04-10-2026\";i:36;s:10:\"04-11-2026\";i:46;s:10:\"04-12-2026\";i:44;s:10:\"04-13-2026\";i:36;s:10:\"04-14-2026\";i:36;s:10:\"04-15-2026\";i:54;s:10:\"04-16-2026\";i:36;s:10:\"04-17-2026\";i:36;s:10:\"04-18-2026\";i:50;s:10:\"04-19-2026\";i:40;s:10:\"04-20-2026\";i:36;s:10:\"04-21-2026\";i:36;s:10:\"04-22-2026\";i:36;s:10:\"04-23-2026\";i:36;s:10:\"04-24-2026\";i:54;s:10:\"04-25-2026\";i:36;s:10:\"04-26-2026\";i:36;s:10:\"04-27-2026\";i:36;s:10:\"04-28-2026\";i:54;s:10:\"04-29-2026\";i:36;}"],"houzez_recently_viewed":["2026-04-29 15:12:45"],"fave_property_images":["25965","25736","25739","25735","25740","25738"],"_thumbnail_id":["25965"],"fave_agents":["23720"],"_elementor_page_assets":["a:0:{}"]},"_links":{"self":[{"href":"https:\/\/www.tunidotenerife.com\/pl\/wp-json\/wp\/v2\/properties\/25741","targetHints":{"allow":["GET"]}}],"collection":[{"href":"https:\/\/www.tunidotenerife.com\/pl\/wp-json\/wp\/v2\/properties"}],"about":[{"href":"https:\/\/www.tunidotenerife.com\/pl\/wp-json\/wp\/v2\/types\/property"}],"author":[{"embeddable":true,"href":"https:\/\/www.tunidotenerife.com\/pl\/wp-json\/wp\/v2\/users\/5"}],"version-history":[{"count":0,"href":"https:\/\/www.tunidotenerife.com\/pl\/wp-json\/wp\/v2\/properties\/25741\/revisions"}],"wp:featuredmedia":[{"embeddable":true,"href":"https:\/\/www.tunidotenerife.com\/pl\/wp-json\/wp\/v2\/media\/25965"}],"wp:attachment":[{"href":"https:\/\/www.tunidotenerife.com\/pl\/wp-json\/wp\/v2\/media?parent=25741"}],"wp:term":[{"taxonomy":"property_type","embeddable":true,"href":"https:\/\/www.tunidotenerife.com\/pl\/wp-json\/wp\/v2\/property_type?post=25741"},{"taxonomy":"property_status","embeddable":true,"href":"https:\/\/www.tunidotenerife.com\/pl\/wp-json\/wp\/v2\/property_status?post=25741"},{"taxonomy":"property_feature","embeddable":true,"href":"https:\/\/www.tunidotenerife.com\/pl\/wp-json\/wp\/v2\/property_feature?post=25741"},{"taxonomy":"property_label","embeddable":true,"href":"https:\/\/www.tunidotenerife.com\/pl\/wp-json\/wp\/v2\/property_label?post=25741"},{"taxonomy":"property_city","embeddable":true,"href":"https:\/\/www.tunidotenerife.com\/pl\/wp-json\/wp\/v2\/property_city?post=25741"}],"curies":[{"name":"wp","href":"https:\/\/api.w.org\/{rel}","templated":true}]}}

Kamienica na sprzedaż na Teneryfie Południowej, Madroñal de Fañabe

<p>Prezentujemy ekskluzywną kamienicę na sprzedaż na Teneryfie Południowej, w szczególności w prestiżowej społeczności Oasis de Fanabe (fasa1). Nieruchomość ta wyróżnia się eleganckim designem i doskonałą lokalizacją w poszukiwanej dzielnicy Madroñal de Fanabe.</p>
<p>Nieruchomość ma łączną powierzchnię 287 m2, z czego 209 m2 jest dostępnych do użytku. Wewnątrz znajdują się cztery przestronne sypialnie i cztery w pełni wyposażone łazienki, gwarantujące komfort i prywatność wszystkim mieszkańcom.</p>
<p>Kamienica jest w pełni umeblowana i wyposażona w wysokiej jakości sprzęt AGD, co oznacza, że jest gotowa do zamieszkania bez konieczności dodatkowych inwestycji. Jest też garaż z miejscem na dwa samochody, co stanowi dodatkowy atut tej nieruchomości.</p>
<p>Na zewnątrz nieruchomości znajdują się cztery tarasy, idealne do korzystania z doskonałego klimatu Teneryfy Południowej i widoków na okolicę.</p>
<p>Pod względem finansowym podatek od nieruchomości (IBI) wynosi 357 euro rocznie, a opłata wspólnotowa 91 euro.</p>
<p>Pod względem lokalizacji znajduje się zaledwie kilka minut od centrum handlowego, co oznacza, że będziesz miał łatwy dostęp do szerokiej gamy usług i sklepów. Ponadto plaża oddalona jest o zaledwie 5 minut jazdy samochodem, co czyni tę kamienicę idealnym miejscem dla tych, którzy chcą cieszyć się naturalnym pięknem Teneryfy.</p>
<p>Krótko mówiąc, ta kamienica na sprzedaż na Teneryfie Południowej, w Madroñal de Fañabe, jest wyjątkową okazją dla tych, którzy szukają wysokiej jakości domu w jednym z najlepszych obszarów wyspy. Nie wahaj się skontaktować z nami, aby uzyskać więcej informacji lub umówić się na oglądanie.</p>

<p>Presentamos un exclusivo adosado en venta en Tenerife Sur, específicamente en la prestigiosa comunidad Oasis de Fanabe (fasa1). Esta propiedad destaca por su elegante diseño y su excelente ubicación, en el codiciado sector de Madroñal de Fañabe. La vivienda cuenta con una superficie total de 287m2, de los cuales 209m2 están disponibles para su uso. [&hellip;]</p>

Calle Beirut, Torviscas Bajo, Miraverde, Adeje, Santa Cruz de Tenerife, Canarias, 38660, España
