{"id":24975,"date":"2024-10-03T16:03:11","date_gmt":"2024-10-03T15:03:11","guid":{"rendered":"https:\/\/www.tunidotenerife.com\/p\/apartamento-en-venta-en-tenerife-sur-madronal-de-fanabe-2\/"},"modified":"2024-10-28T13:39:09","modified_gmt":"2024-10-28T13:39:09","slug":"apartamento-en-venta-en-tenerife-sur-madronal-de-fanabe-2","status":"publish","type":"property","link":"https:\/\/www.tunidotenerife.com\/pl\/p\/apartamento-en-venta-en-tenerife-sur-madronal-de-fanabe-2\/","title":{"rendered":"Mieszkanie na sprzeda\u017c na Teneryfie Po\u0142udniowej, Madro\u00f1al de Fa\u00f1abe"},"content":{"rendered":"<p>Mamy przyjemno\u015b\u0107 zaoferowa\u0107 Pa\u0144stwu na sprzeda\u017c to spektakularne, odnowione i bardzo przytulne mieszkanie w Madro\u00f1al de Fa\u00f1abe, 100 metr\u00f3w od XSur, 1 km od szko\u0142y Costa Adeje i 2 km od pla\u017cy Torviscas. Jego uprzywilejowana lokalizacja oferuje bezpo\u015brednie widoki na ocean i g\u00f3ry, kt\u00f3re mo\u017cna doceni\u0107 z przestronnego tarasu, ciesz\u0105c si\u0119 s\u0142o\u0144cem wyspy i jej wspania\u0142ymi zachodami s\u0142o\u0144ca.<\/p>\n<p>Znajduje si\u0119 w kompleksie Valle del Sol ze wsp\u00f3lnymi basenami dla doros\u0142ych i dzieci. Mieszkanie ma 1 du\u017c\u0105 sypialni\u0119 z wbudowanymi szafami, 1 \u0142azienk\u0119 z prysznicem i schowkiem, przestronn\u0105, w pe\u0142ni wyposa\u017con\u0105 kuchni\u0119 na otwartym planie z jadalni\u0105 i salonem, z kt\u00f3rego maj\u0105 Pa\u0144stwo dost\u0119p do wspania\u0142ych taras\u00f3w z widokiem na ocean i g\u00f3ry. Mieszkanie znajduje si\u0119 na najwy\u017cszym pi\u0119trze, wi\u0119c nie ma s\u0105siad\u00f3w powy\u017cej, co daje mu znacznie wi\u0119cej prywatno\u015bci. Zosta\u0142o odnowione i urz\u0105dzone w nowoczesnym i przytulnym stylu, a dzi\u0119ki swojej uprzywilejowanej lokalizacji jest idealnym mieszkaniem dla pary lub jako drugi dom, je\u015bli chc\u0105 Pa\u0144stwo zainwestowa\u0107.<\/p>\n<p>Sprzedawany jest r\u00f3wnie\u017c z du\u017c\u0105 kom\u00f3rk\u0105 lokatorsk\u0105 i miejscem gara\u017cowym.<\/p>\n<p>Wewn\u0119trzna powierzchnia mieszkania wynosi 52m2, a taras ma 25m2.<\/p>\n<p>&nbsp;<\/p>\n<p>Aby uzyska\u0107 wi\u0119cej informacji, prosimy skontaktowa\u0107 si\u0119 z nami.<\/p>","protected":false},"excerpt":{"rendered":"<p>Tenemos el placer de proponerle a la venta este espectacular apartamento renovado y muy acogedor en Madro\u00f1al de Fa\u00f1abe, a 100 metros de XSur, a 1km del Colegio Costa Adeje y a 2 km de la playa de Torviscas. Su privilegiada ubicaci\u00f3n le ofrece al apartamento vistas directas al oc\u00e9ano y a la monta\u00f1a, que [&hellip;]<\/p>\n","protected":false},"author":2,"featured_media":24969,"parent":0,"menu_order":0,"template":"","property_type":[49],"property_status":[24],"property_feature":[176,174,172,171,170],"property_label":[109,179],"property_city":[62],"class_list":["post-24975","property","type-property","status-publish","has-post-thumbnail","hentry","property_type-apartamento","property_status-venta","property_feature-cerca-de-centros-comerciales","property_feature-cocina-amueblada","property_feature-piscina-comunitaria","property_feature-vistas-a-la-montana","property_feature-vistas-al-oceano","property_label-exclusivo","property_label-luxury","property_city-el-madronal-de-fanabe"],"property_meta":{"rank_math_internal_links_processed":["1"],"fave_property_price":["310000"],"fave_property_price_postfix":[""],"fave_show_price_placeholder":["0"],"fave_property_price_placeholder":[""],"fave_property_price_prefix":[""],"fave_property_sec_price":[""],"fave_property_size":["52"],"fave_property_size_prefix":["m\u00b2"],"fave_property_land":[""],"fave_property_land_postfix":["m\u00b2"],"fave_property_bedrooms":["1"],"fave_property_bathrooms":["1"],"fave_property_garage":["1"],"fave_property_garage_size":[""],"fave_virtual_tour":[""],"fave_property_year":[""],"fave_property_id":["2294"],"fave_video_url":[""],"fave_property_zip":[""],"additional_features":["a:1:{i:0;a:2:{s:29:\"fave_additional_feature_title\";s:0:\"\";s:29:\"fave_additional_feature_value\";s:0:\"\";}}"],"fave_additional_features_enable":["enable"],"floor_plans":[""],"fave_multi_units":[""],"fave_featured":["0"],"houzez_featured_listing_date":[""],"fave_loggedintoview":["0"],"fave_mortgage_cal":["0"],"fave_private_note":[""],"fave_property_disclaimer":[""],"fave_payment_status":["not_paid"],"fave_agent_display_option":["agent_info"],"fave_property_map_address":[""],"fave_property_address":[""],"houzez_geolocation_lat":["28.089965458793152"],"houzez_geolocation_long":["-16.725440025329593"],"fave_property_location":["28.089965458793152,-16.725440025329593"],"fave_property_map":["1"],"fave_property_map_street_view":[""],"houzez_total_property_views":["22450"],"houzez_views_by_date":["a:61:{s:10:\"03-04-2026\";i:44;s:10:\"03-05-2026\";i:46;s:10:\"03-06-2026\";i:38;s:10:\"03-07-2026\";i:36;s:10:\"03-08-2026\";i:36;s:10:\"03-09-2026\";i:36;s:10:\"03-10-2026\";i:54;s:10:\"03-11-2026\";i:68;s:10:\"03-12-2026\";i:54;s:10:\"03-13-2026\";i:36;s:10:\"03-14-2026\";i:36;s:10:\"03-15-2026\";i:40;s:10:\"03-16-2026\";i:48;s:10:\"03-17-2026\";i:38;s:10:\"03-18-2026\";i:36;s:10:\"03-19-2026\";i:70;s:10:\"03-20-2026\";i:52;s:10:\"03-21-2026\";i:44;s:10:\"03-22-2026\";i:36;s:10:\"03-23-2026\";i:39;s:10:\"03-24-2026\";i:33;s:10:\"03-25-2026\";i:36;s:10:\"03-26-2026\";i:54;s:10:\"03-27-2026\";i:36;s:10:\"03-28-2026\";i:58;s:10:\"03-29-2026\";i:36;s:10:\"03-30-2026\";i:36;s:10:\"03-31-2026\";i:36;s:10:\"04-01-2026\";i:38;s:10:\"04-02-2026\";i:54;s:10:\"04-03-2026\";i:36;s:10:\"04-04-2026\";i:36;s:10:\"04-05-2026\";i:40;s:10:\"04-06-2026\";i:48;s:10:\"04-07-2026\";i:91;s:10:\"04-08-2026\";i:54;s:10:\"04-09-2026\";i:36;s:10:\"04-10-2026\";i:44;s:10:\"04-11-2026\";i:48;s:10:\"04-12-2026\";i:36;s:10:\"04-13-2026\";i:36;s:10:\"04-14-2026\";i:36;s:10:\"04-15-2026\";i:54;s:10:\"04-16-2026\";i:36;s:10:\"04-17-2026\";i:41;s:10:\"04-18-2026\";i:48;s:10:\"04-19-2026\";i:38;s:10:\"04-20-2026\";i:37;s:10:\"04-21-2026\";i:37;s:10:\"04-22-2026\";i:38;s:10:\"04-23-2026\";i:44;s:10:\"04-24-2026\";i:42;s:10:\"04-25-2026\";i:38;s:10:\"04-26-2026\";i:36;s:10:\"04-27-2026\";i:36;s:10:\"04-28-2026\";i:52;s:10:\"04-29-2026\";i:44;s:10:\"04-30-2026\";i:50;s:10:\"05-01-2026\";i:36;s:10:\"05-02-2026\";i:36;s:10:\"05-03-2026\";i:22;}"],"houzez_recently_viewed":["2026-05-03 16:10:56"],"fave_property_images":["24969","24965","24966","24967","24970","24968","24971","24972","24973","24974","24964"],"_thumbnail_id":["24969"],"fave_agents":["150"],"_elementor_page_assets":["a:0:{}"]},"_links":{"self":[{"href":"https:\/\/www.tunidotenerife.com\/pl\/wp-json\/wp\/v2\/properties\/24975","targetHints":{"allow":["GET"]}}],"collection":[{"href":"https:\/\/www.tunidotenerife.com\/pl\/wp-json\/wp\/v2\/properties"}],"about":[{"href":"https:\/\/www.tunidotenerife.com\/pl\/wp-json\/wp\/v2\/types\/property"}],"author":[{"embeddable":true,"href":"https:\/\/www.tunidotenerife.com\/pl\/wp-json\/wp\/v2\/users\/2"}],"version-history":[{"count":0,"href":"https:\/\/www.tunidotenerife.com\/pl\/wp-json\/wp\/v2\/properties\/24975\/revisions"}],"wp:featuredmedia":[{"embeddable":true,"href":"https:\/\/www.tunidotenerife.com\/pl\/wp-json\/wp\/v2\/media\/24969"}],"wp:attachment":[{"href":"https:\/\/www.tunidotenerife.com\/pl\/wp-json\/wp\/v2\/media?parent=24975"}],"wp:term":[{"taxonomy":"property_type","embeddable":true,"href":"https:\/\/www.tunidotenerife.com\/pl\/wp-json\/wp\/v2\/property_type?post=24975"},{"taxonomy":"property_status","embeddable":true,"href":"https:\/\/www.tunidotenerife.com\/pl\/wp-json\/wp\/v2\/property_status?post=24975"},{"taxonomy":"property_feature","embeddable":true,"href":"https:\/\/www.tunidotenerife.com\/pl\/wp-json\/wp\/v2\/property_feature?post=24975"},{"taxonomy":"property_label","embeddable":true,"href":"https:\/\/www.tunidotenerife.com\/pl\/wp-json\/wp\/v2\/property_label?post=24975"},{"taxonomy":"property_city","embeddable":true,"href":"https:\/\/www.tunidotenerife.com\/pl\/wp-json\/wp\/v2\/property_city?post=24975"}],"curies":[{"name":"wp","href":"https:\/\/api.w.org\/{rel}","templated":true}]}}

Mieszkanie na sprzedaż na Teneryfie Południowej, Madroñal de Fañabe

<p>Mamy przyjemność zaoferować Państwu na sprzedaż to spektakularne, odnowione i bardzo przytulne mieszkanie w Madroñal de Fañabe, 100 metrów od XSur, 1 km od szkoły Costa Adeje i 2 km od plaży Torviscas. Jego uprzywilejowana lokalizacja oferuje bezpośrednie widoki na ocean i góry, które można docenić z przestronnego tarasu, ciesząc się słońcem wyspy i jej wspaniałymi zachodami słońca.</p>
<p>Znajduje się w kompleksie Valle del Sol ze wspólnymi basenami dla dorosłych i dzieci. Mieszkanie ma 1 dużą sypialnię z wbudowanymi szafami, 1 łazienkę z prysznicem i schowkiem, przestronną, w pełni wyposażoną kuchnię na otwartym planie z jadalnią i salonem, z którego mają Państwo dostęp do wspaniałych tarasów z widokiem na ocean i góry. Mieszkanie znajduje się na najwyższym piętrze, więc nie ma sąsiadów powyżej, co daje mu znacznie więcej prywatności. Zostało odnowione i urządzone w nowoczesnym i przytulnym stylu, a dzięki swojej uprzywilejowanej lokalizacji jest idealnym mieszkaniem dla pary lub jako drugi dom, jeśli chcą Państwo zainwestować.</p>
<p>Sprzedawany jest również z dużą komórką lokatorską i miejscem garażowym.</p>
<p>Wewnętrzna powierzchnia mieszkania wynosi 52m2, a taras ma 25m2.</p>
<p>&nbsp;</p>
<p>Aby uzyskać więcej informacji, prosimy skontaktować się z nami.</p>

<p>Tenemos el placer de proponerle a la venta este espectacular apartamento renovado y muy acogedor en Madroñal de Fañabe, a 100 metros de XSur, a 1km del Colegio Costa Adeje y a 2 km de la playa de Torviscas. Su privilegiada ubicación le ofrece al apartamento vistas directas al océano y a la montaña, que [&hellip;]</p>
