{"id":24841,"date":"2024-07-29T16:27:25","date_gmt":"2024-07-29T15:27:25","guid":{"rendered":"https:\/\/www.tunidotenerife.com\/p\/apartamento-en-venta-en-tenerife-sur-las-americas\/"},"modified":"2025-07-14T15:17:49","modified_gmt":"2025-07-14T14:17:49","slug":"apartamento-en-venta-en-tenerife-sur-las-americas","status":"houzez_sold","type":"property","link":"https:\/\/www.tunidotenerife.com\/pl\/p\/apartamento-en-venta-en-tenerife-sur-las-americas\/","title":{"rendered":"Mieszkanie na sprzeda\u017c na Teneryfie Po\u0142udniowej, Las Americas"},"content":{"rendered":"<p>Mamy przyjemno\u015b\u0107 zaprezentowa\u0107 Pa\u0144stwu to pi\u0119kne mieszkanie na sprzeda\u017c, po\u0142o\u017cone w poszukiwanym kompleksie Torres de Yomely w t\u0119tni\u0105cej \u017cyciem Playa de las Americas. Ten wymarzony dom ma jedn\u0105 sypialni\u0119 i jedn\u0105 \u0142azienk\u0119, doskonale rozmieszczone na powierzchni 54 m2.<\/p>\n<p>Po\u0142o\u017cony na sz\u00f3stym pi\u0119trze apartament oferuje zapieraj\u0105ce dech w piersiach widoki, kt\u00f3re mo\u017cna podziwia\u0107 z w\u0142asnego balkonu. Prosz\u0119 sobie wyobrazi\u0107 porann\u0105 kaw\u0119 lub kieliszek wina o zachodzie s\u0142o\u0144ca z delikatnym szumem oceanu w tle.<\/p>\n<p>Kompleks Torres de Yomely oferuje nie tylko uprzywilejowan\u0105 lokalizacj\u0119, ale tak\u017ce du\u017cy basen dla przyjemno\u015bci swoich mieszka\u0144c\u00f3w. Niezale\u017cnie od tego, czy wol\u0105 Pa\u0144stwo orze\u017awiaj\u0105c\u0105 porann\u0105 k\u0105piel, czy relaksuj\u0105ce p\u0142ywanie pod koniec dnia, basen znajduje si\u0119 zaledwie kilka krok\u00f3w od Pa\u0144stwa drzwi.<\/p>\n<p>Ponadto mieszkanie to jest licencjonowane jako dom wakacyjny (VV), co czyni je doskona\u0142\u0105 opcj\u0105 inwestycyjn\u0105. Mog\u0105 Pa\u0144stwo cieszy\u0107 si\u0119 tym pi\u0119knym domem, jednocze\u015bnie uzyskuj\u0105c zwrot z inwestycji, wynajmuj\u0105c go w okresach, gdy go Pa\u0144stwo nie u\u017cywaj\u0105.<\/p>\n<p>Prosz\u0119 nie przegapi\u0107 okazji, aby naby\u0107 to urocze mieszkanie w Playa de las Americas. To wi\u0119cej ni\u017c dom, to styl \u017cycia. Prosz\u0119 skontaktowa\u0107 si\u0119 z nami ju\u017c dzi\u015b, aby uzyska\u0107 wi\u0119cej informacji lub um\u00f3wi\u0107 si\u0119 na ogl\u0105danie.<\/p>","protected":false},"excerpt":{"rendered":"<p>Estamos encantados de presentar este precioso apartamento en venta, ubicado en el codiciado complejo Torres de Yomely, en la vibrante Playa de las Americas. Este hogar de ensue\u00f1o cuenta con un dormitorio y un ba\u00f1o, perfectamente distribuidos en un espacio de 54m2. Situado en la sexta planta, este apartamento ofrece vistas impresionantes que se pueden [&hellip;]<\/p>\n","protected":false},"author":5,"featured_media":25390,"parent":0,"menu_order":0,"template":"","property_type":[49],"property_status":[40],"property_feature":[176,177,174,172,171],"property_label":[109,180],"property_city":[66],"class_list":["post-24841","property","type-property","status-houzez_sold","has-post-thumbnail","hentry","property_type-apartamento","property_status-vendido","property_feature-cerca-de-centros-comerciales","property_feature-cerca-de-la-playa","property_feature-cocina-amueblada","property_feature-piscina-comunitaria","property_feature-vistas-a-la-montana","property_label-exclusivo","property_label-oferta","property_city-las-americas"],"property_meta":{"rank_math_internal_links_processed":["1"],"fave_property_price":["242000"],"fave_property_price_postfix":[""],"fave_show_price_placeholder":["0"],"fave_property_price_placeholder":[""],"fave_property_price_prefix":[""],"fave_property_sec_price":[""],"fave_property_size":["54"],"fave_property_size_prefix":["m\u00b2"],"fave_property_land":[""],"fave_property_land_postfix":["m\u00b2"],"fave_property_bedrooms":["1"],"fave_property_bathrooms":["1"],"fave_property_garage":[""],"fave_property_garage_size":[""],"fave_virtual_tour":[""],"fave_property_year":[""],"fave_property_id":["2289"],"fave_video_url":[""],"fave_property_zip":["38660"],"additional_features":["a:1:{i:0;a:2:{s:29:\"fave_additional_feature_title\";s:0:\"\";s:29:\"fave_additional_feature_value\";s:0:\"\";}}"],"fave_additional_features_enable":["enable"],"floor_plans":[""],"fave_multi_units":[""],"fave_featured":["0"],"houzez_featured_listing_date":[""],"fave_loggedintoview":["0"],"fave_mortgage_cal":["0"],"fave_private_note":[""],"fave_property_disclaimer":[""],"fave_payment_status":["not_paid"],"fave_agent_display_option":["agent_info"],"fave_property_map_address":["Apartamentos Yomely, Paseo las Torres, Playa de las Am\u00e9ricas, Los Cristianos, Arona, Santa Cruz de Tenerife, Canarias, 38660, Espa\u00f1a"],"fave_property_address":["Apartamentos Yomely, Paseo las Torres, Playa de las Am\u00e9ricas, Los Cristianos, Arona, Santa Cruz de Tenerife, Canarias, 38660, Espa\u00f1a"],"houzez_geolocation_lat":["28.06572245"],"houzez_geolocation_long":["-16.729952925369872"],"fave_property_location":["28.06572245,-16.729952925369872"],"fave_property_map":["1"],"fave_property_map_street_view":[""],"houzez_total_property_views":["22410"],"houzez_views_by_date":["a:61:{s:10:\"02-26-2026\";i:54;s:10:\"02-27-2026\";i:36;s:10:\"02-28-2026\";i:36;s:10:\"03-01-2026\";i:42;s:10:\"03-02-2026\";i:40;s:10:\"03-03-2026\";i:38;s:10:\"03-04-2026\";i:41;s:10:\"03-05-2026\";i:48;s:10:\"03-06-2026\";i:38;s:10:\"03-07-2026\";i:36;s:10:\"03-08-2026\";i:36;s:10:\"03-09-2026\";i:36;s:10:\"03-10-2026\";i:54;s:10:\"03-11-2026\";i:64;s:10:\"03-12-2026\";i:54;s:10:\"03-13-2026\";i:36;s:10:\"03-14-2026\";i:36;s:10:\"03-15-2026\";i:40;s:10:\"03-16-2026\";i:46;s:10:\"03-17-2026\";i:40;s:10:\"03-18-2026\";i:36;s:10:\"03-19-2026\";i:70;s:10:\"03-20-2026\";i:52;s:10:\"03-21-2026\";i:42;s:10:\"03-22-2026\";i:36;s:10:\"03-23-2026\";i:38;s:10:\"03-24-2026\";i:32;s:10:\"03-25-2026\";i:32;s:10:\"03-26-2026\";i:50;s:10:\"03-27-2026\";i:36;s:10:\"03-28-2026\";i:57;s:10:\"03-29-2026\";i:36;s:10:\"03-30-2026\";i:36;s:10:\"03-31-2026\";i:36;s:10:\"04-01-2026\";i:47;s:10:\"04-02-2026\";i:54;s:10:\"04-03-2026\";i:36;s:10:\"04-04-2026\";i:36;s:10:\"04-05-2026\";i:42;s:10:\"04-06-2026\";i:46;s:10:\"04-07-2026\";i:71;s:10:\"04-08-2026\";i:50;s:10:\"04-09-2026\";i:36;s:10:\"04-10-2026\";i:46;s:10:\"04-11-2026\";i:44;s:10:\"04-12-2026\";i:36;s:10:\"04-13-2026\";i:36;s:10:\"04-14-2026\";i:36;s:10:\"04-15-2026\";i:54;s:10:\"04-16-2026\";i:36;s:10:\"04-17-2026\";i:38;s:10:\"04-18-2026\";i:52;s:10:\"04-19-2026\";i:36;s:10:\"04-20-2026\";i:36;s:10:\"04-21-2026\";i:36;s:10:\"04-22-2026\";i:38;s:10:\"04-23-2026\";i:44;s:10:\"04-24-2026\";i:44;s:10:\"04-25-2026\";i:36;s:10:\"04-26-2026\";i:36;s:10:\"04-27-2026\";i:26;}"],"houzez_recently_viewed":["2026-04-27 16:15:44"],"fave_property_images":["25390","25378","25379","25380","25381","25384","25385","25386","25387","25388","25389","25391","25392"],"_thumbnail_id":["25390"],"fave_agents":["23720"],"_edit_lock":["1769435147:1"],"_elementor_page_assets":["a:0:{}"]},"_links":{"self":[{"href":"https:\/\/www.tunidotenerife.com\/pl\/wp-json\/wp\/v2\/properties\/24841","targetHints":{"allow":["GET"]}}],"collection":[{"href":"https:\/\/www.tunidotenerife.com\/pl\/wp-json\/wp\/v2\/properties"}],"about":[{"href":"https:\/\/www.tunidotenerife.com\/pl\/wp-json\/wp\/v2\/types\/property"}],"author":[{"embeddable":true,"href":"https:\/\/www.tunidotenerife.com\/pl\/wp-json\/wp\/v2\/users\/5"}],"version-history":[{"count":0,"href":"https:\/\/www.tunidotenerife.com\/pl\/wp-json\/wp\/v2\/properties\/24841\/revisions"}],"wp:featuredmedia":[{"embeddable":true,"href":"https:\/\/www.tunidotenerife.com\/pl\/wp-json\/wp\/v2\/media\/25390"}],"wp:attachment":[{"href":"https:\/\/www.tunidotenerife.com\/pl\/wp-json\/wp\/v2\/media?parent=24841"}],"wp:term":[{"taxonomy":"property_type","embeddable":true,"href":"https:\/\/www.tunidotenerife.com\/pl\/wp-json\/wp\/v2\/property_type?post=24841"},{"taxonomy":"property_status","embeddable":true,"href":"https:\/\/www.tunidotenerife.com\/pl\/wp-json\/wp\/v2\/property_status?post=24841"},{"taxonomy":"property_feature","embeddable":true,"href":"https:\/\/www.tunidotenerife.com\/pl\/wp-json\/wp\/v2\/property_feature?post=24841"},{"taxonomy":"property_label","embeddable":true,"href":"https:\/\/www.tunidotenerife.com\/pl\/wp-json\/wp\/v2\/property_label?post=24841"},{"taxonomy":"property_city","embeddable":true,"href":"https:\/\/www.tunidotenerife.com\/pl\/wp-json\/wp\/v2\/property_city?post=24841"}],"curies":[{"name":"wp","href":"https:\/\/api.w.org\/{rel}","templated":true}]}}

Mieszkanie na sprzedaż na Teneryfie Południowej, Las Americas

<p>Mamy przyjemność zaprezentować Państwu to piękne mieszkanie na sprzedaż, położone w poszukiwanym kompleksie Torres de Yomely w tętniącej życiem Playa de las Americas. Ten wymarzony dom ma jedną sypialnię i jedną łazienkę, doskonale rozmieszczone na powierzchni 54 m2.</p>
<p>Położony na szóstym piętrze apartament oferuje zapierające dech w piersiach widoki, które można podziwiać z własnego balkonu. Proszę sobie wyobrazić poranną kawę lub kieliszek wina o zachodzie słońca z delikatnym szumem oceanu w tle.</p>
<p>Kompleks Torres de Yomely oferuje nie tylko uprzywilejowaną lokalizację, ale także duży basen dla przyjemności swoich mieszkańców. Niezależnie od tego, czy wolą Państwo orzeźwiającą poranną kąpiel, czy relaksujące pływanie pod koniec dnia, basen znajduje się zaledwie kilka kroków od Państwa drzwi.</p>
<p>Ponadto mieszkanie to jest licencjonowane jako dom wakacyjny (VV), co czyni je doskonałą opcją inwestycyjną. Mogą Państwo cieszyć się tym pięknym domem, jednocześnie uzyskując zwrot z inwestycji, wynajmując go w okresach, gdy go Państwo nie używają.</p>
<p>Proszę nie przegapić okazji, aby nabyć to urocze mieszkanie w Playa de las Americas. To więcej niż dom, to styl życia. Proszę skontaktować się z nami już dziś, aby uzyskać więcej informacji lub umówić się na oglądanie.</p>

<p>Estamos encantados de presentar este precioso apartamento en venta, ubicado en el codiciado complejo Torres de Yomely, en la vibrante Playa de las Americas. Este hogar de ensueño cuenta con un dormitorio y un baño, perfectamente distribuidos en un espacio de 54m2. Situado en la sexta planta, este apartamento ofrece vistas impresionantes que se pueden [&hellip;]</p>

Apartamentos Yomely, Paseo las Torres, Playa de las Américas, Los Cristianos, Arona, Santa Cruz de Tenerife, Canarias, 38660, España
