{"id":24606,"date":"2024-07-17T17:11:03","date_gmt":"2024-07-17T16:11:03","guid":{"rendered":"https:\/\/www.tunidotenerife.com\/p\/villa-en-venta-en-tenerife-sur-la-caleta\/"},"modified":"2024-07-17T17:14:00","modified_gmt":"2024-07-17T16:14:00","slug":"villa-en-venta-en-tenerife-sur-la-caleta","status":"publish","type":"property","link":"https:\/\/www.tunidotenerife.com\/pl\/p\/villa-en-venta-en-tenerife-sur-la-caleta\/","title":{"rendered":"Willa na sprzeda\u017c na Teneryfie Po\u0142udniowej, La Caleta"},"content":{"rendered":"<p>Wyj\u0105tkowa okazja, aby posiada\u0107 kawa\u0142ek raju w La Caleta! Ta osza\u0142amiaj\u0105ca willa z trzema sypialniami i dwiema \u0142azienkami jest na sprzeda\u017c, gotowa, aby sta\u0107 si\u0119 domem Pa\u0144stwa marze\u0144. Dzi\u0119ki dw\u00f3m elegancko zaprojektowanym pi\u0119trom ka\u017cdy zak\u0105tek tej nieruchomo\u015bci zach\u0119ca do relaksu i cieszenia si\u0119 pe\u0142ni\u0105 \u017cycia.<\/p>\n<p>Nieruchomo\u015b\u0107 znajduje si\u0119 w ekskluzywnym kompleksie willi La Caleta, spokojnym i bezpiecznym otoczeniu, w kt\u00f3rym jako\u015b\u0107 \u017cycia jest norm\u0105. Willa posiada podgrzewany basen, idealny do korzystania przez ca\u0142y rok, oraz klimatyzacj\u0119, aby zapewni\u0107 Pa\u0144stwu komfort w najgor\u0119tsze dni.<\/p>\n<p>Ponadto willa posiada dwa ogrodzone miejsca parkingowe, zapewniaj\u0105ce dodatkowe bezpiecze\u0144stwo Pa\u0144stwa pojazdom i u\u0142atwiaj\u0105ce ich przechowywanie. Dzi\u0119ki op\u0142acie wsp\u00f3lnotowej w wysoko\u015bci zaledwie 76,67 \u20ac miesi\u0119cznie i IBI w wysoko\u015bci 921,94 \u20ac rocznie, ta nieruchomo\u015b\u0107 jest inteligentn\u0105 inwestycj\u0105, kt\u00f3ra \u0142\u0105czy w sobie luksus i przyst\u0119pn\u0105 cen\u0119.<\/p>\n<p>Ka\u017cdy pok\u00f3j w tej willi zosta\u0142 starannie zaprojektowany, aby zapewni\u0107 komfortow\u0105 i stylow\u0105 przestrze\u0144 \u017cyciow\u0105. Przestronne sypialnie zapewniaj\u0105 spokojny wypoczynek, a nowoczesne \u0142azienki dodaj\u0105 odrobin\u0119 luksusu do codziennej rutyny.<\/p>\n<p>Prosz\u0119 nie przegapi\u0107 okazji, aby zamieszka\u0107 w jednym z najbardziej poszukiwanych obszar\u00f3w La Caleta. Ta willa to wi\u0119cej ni\u017c dom, to styl \u017cycia. Nie czekaj d\u0142u\u017cej, Tw\u00f3j nowy dom czeka na Ciebie w La Caleta.<\/p>","protected":false},"excerpt":{"rendered":"<p>\u00a1Una oportunidad \u00fanica de poseer un pedazo de para\u00edso en La Caleta! Esta impresionante villa de tres dormitorios y dos ba\u00f1os est\u00e1 en venta, lista para ser el hogar de tus sue\u00f1os. Con dos plantas de elegante dise\u00f1o, cada rinc\u00f3n de esta propiedad te invita a relajarte y disfrutar de la vida al m\u00e1ximo. La [&hellip;]<\/p>\n","protected":false},"author":5,"featured_media":24607,"parent":0,"menu_order":0,"template":"","property_type":[45],"property_status":[24],"property_feature":[17,178,174,173,42,170],"property_label":[109,179],"property_city":[61],"class_list":["post-24606","property","type-property","status-publish","has-post-thumbnail","hentry","property_type-villa","property_status-venta","property_feature-aire-acondicionado","property_feature-aparcamiento-privado-cerrado","property_feature-cocina-amueblada","property_feature-piscina-climatizada","property_feature-piscina-privada","property_feature-vistas-al-oceano","property_label-exclusivo","property_label-luxury","property_city-la-caleta"],"property_meta":{"rank_math_internal_links_processed":["1"],"fave_property_price":["1369000"],"fave_property_price_postfix":[""],"fave_show_price_placeholder":["0"],"fave_property_price_placeholder":[""],"fave_property_price_prefix":[""],"fave_property_sec_price":[""],"fave_property_size":["130"],"fave_property_size_prefix":["m\u00b2"],"fave_property_land":[""],"fave_property_land_postfix":["m\u00b2"],"fave_property_bedrooms":["3"],"fave_property_bathrooms":["2"],"fave_property_garage":["2"],"fave_property_garage_size":[""],"fave_virtual_tour":[""],"fave_property_year":[""],"fave_property_id":["2281"],"fave_video_url":[""],"fave_property_zip":["38679"],"additional_features":["a:1:{i:0;a:2:{s:29:\"fave_additional_feature_title\";s:0:\"\";s:29:\"fave_additional_feature_value\";s:0:\"\";}}"],"fave_additional_features_enable":["enable"],"floor_plans":[""],"fave_multi_units":[""],"fave_featured":["0"],"houzez_featured_listing_date":[""],"fave_loggedintoview":["0"],"fave_mortgage_cal":["0"],"fave_private_note":[""],"fave_property_disclaimer":[""],"fave_payment_status":["not_paid"],"fave_agent_display_option":["agent_info"],"fave_property_map_address":["Calle Neveda, La Caleta, Adeje, Santa Cruz de Tenerife, Canarias, 38679, Espa\u00f1a"],"fave_property_address":["Calle Neveda, La Caleta, Adeje, Santa Cruz de Tenerife, Canarias, 38679, Espa\u00f1a"],"houzez_geolocation_lat":["28.1107922"],"houzez_geolocation_long":["-16.7529082"],"fave_property_location":["28.1107922,-16.7529082"],"fave_property_map":["1"],"fave_property_map_street_view":[""],"houzez_total_property_views":["22502"],"houzez_views_by_date":["a:61:{s:10:\"03-02-2026\";i:37;s:10:\"03-03-2026\";i:41;s:10:\"03-04-2026\";i:44;s:10:\"03-05-2026\";i:48;s:10:\"03-06-2026\";i:38;s:10:\"03-07-2026\";i:36;s:10:\"03-08-2026\";i:36;s:10:\"03-09-2026\";i:36;s:10:\"03-10-2026\";i:54;s:10:\"03-11-2026\";i:64;s:10:\"03-12-2026\";i:54;s:10:\"03-13-2026\";i:36;s:10:\"03-14-2026\";i:36;s:10:\"03-15-2026\";i:40;s:10:\"03-16-2026\";i:48;s:10:\"03-17-2026\";i:38;s:10:\"03-18-2026\";i:36;s:10:\"03-19-2026\";i:66;s:10:\"03-20-2026\";i:52;s:10:\"03-21-2026\";i:42;s:10:\"03-22-2026\";i:36;s:10:\"03-23-2026\";i:40;s:10:\"03-24-2026\";i:33;s:10:\"03-25-2026\";i:38;s:10:\"03-26-2026\";i:52;s:10:\"03-27-2026\";i:36;s:10:\"03-28-2026\";i:57;s:10:\"03-29-2026\";i:36;s:10:\"03-30-2026\";i:36;s:10:\"03-31-2026\";i:36;s:10:\"04-01-2026\";i:40;s:10:\"04-02-2026\";i:54;s:10:\"04-03-2026\";i:36;s:10:\"04-04-2026\";i:36;s:10:\"04-05-2026\";i:40;s:10:\"04-06-2026\";i:44;s:10:\"04-07-2026\";i:77;s:10:\"04-08-2026\";i:53;s:10:\"04-09-2026\";i:38;s:10:\"04-10-2026\";i:46;s:10:\"04-11-2026\";i:46;s:10:\"04-12-2026\";i:36;s:10:\"04-13-2026\";i:36;s:10:\"04-14-2026\";i:36;s:10:\"04-15-2026\";i:54;s:10:\"04-16-2026\";i:36;s:10:\"04-17-2026\";i:40;s:10:\"04-18-2026\";i:47;s:10:\"04-19-2026\";i:39;s:10:\"04-20-2026\";i:36;s:10:\"04-21-2026\";i:36;s:10:\"04-22-2026\";i:38;s:10:\"04-23-2026\";i:41;s:10:\"04-24-2026\";i:45;s:10:\"04-25-2026\";i:38;s:10:\"04-26-2026\";i:36;s:10:\"04-27-2026\";i:36;s:10:\"04-28-2026\";i:52;s:10:\"04-29-2026\";i:44;s:10:\"04-30-2026\";i:48;s:10:\"05-01-2026\";i:18;}"],"houzez_recently_viewed":["2026-05-01 11:34:39"],"fave_property_images":["24607","24573","24570","24568","24571","24575","24595","24593","24587","24591","24586","24598","24585","24588","24596","24597","24599","24581"],"_thumbnail_id":["24607"],"fave_agents":["23720"],"_elementor_page_assets":["a:0:{}"]},"_links":{"self":[{"href":"https:\/\/www.tunidotenerife.com\/pl\/wp-json\/wp\/v2\/properties\/24606","targetHints":{"allow":["GET"]}}],"collection":[{"href":"https:\/\/www.tunidotenerife.com\/pl\/wp-json\/wp\/v2\/properties"}],"about":[{"href":"https:\/\/www.tunidotenerife.com\/pl\/wp-json\/wp\/v2\/types\/property"}],"author":[{"embeddable":true,"href":"https:\/\/www.tunidotenerife.com\/pl\/wp-json\/wp\/v2\/users\/5"}],"version-history":[{"count":0,"href":"https:\/\/www.tunidotenerife.com\/pl\/wp-json\/wp\/v2\/properties\/24606\/revisions"}],"wp:featuredmedia":[{"embeddable":true,"href":"https:\/\/www.tunidotenerife.com\/pl\/wp-json\/wp\/v2\/media\/24607"}],"wp:attachment":[{"href":"https:\/\/www.tunidotenerife.com\/pl\/wp-json\/wp\/v2\/media?parent=24606"}],"wp:term":[{"taxonomy":"property_type","embeddable":true,"href":"https:\/\/www.tunidotenerife.com\/pl\/wp-json\/wp\/v2\/property_type?post=24606"},{"taxonomy":"property_status","embeddable":true,"href":"https:\/\/www.tunidotenerife.com\/pl\/wp-json\/wp\/v2\/property_status?post=24606"},{"taxonomy":"property_feature","embeddable":true,"href":"https:\/\/www.tunidotenerife.com\/pl\/wp-json\/wp\/v2\/property_feature?post=24606"},{"taxonomy":"property_label","embeddable":true,"href":"https:\/\/www.tunidotenerife.com\/pl\/wp-json\/wp\/v2\/property_label?post=24606"},{"taxonomy":"property_city","embeddable":true,"href":"https:\/\/www.tunidotenerife.com\/pl\/wp-json\/wp\/v2\/property_city?post=24606"}],"curies":[{"name":"wp","href":"https:\/\/api.w.org\/{rel}","templated":true}]}}

Willa na sprzedaż na Teneryfie Południowej, La Caleta

<p>Wyjątkowa okazja, aby posiadać kawałek raju w La Caleta! Ta oszałamiająca willa z trzema sypialniami i dwiema łazienkami jest na sprzedaż, gotowa, aby stać się domem Państwa marzeń. Dzięki dwóm elegancko zaprojektowanym piętrom każdy zakątek tej nieruchomości zachęca do relaksu i cieszenia się pełnią życia.</p>
<p>Nieruchomość znajduje się w ekskluzywnym kompleksie willi La Caleta, spokojnym i bezpiecznym otoczeniu, w którym jakość życia jest normą. Willa posiada podgrzewany basen, idealny do korzystania przez cały rok, oraz klimatyzację, aby zapewnić Państwu komfort w najgorętsze dni.</p>
<p>Ponadto willa posiada dwa ogrodzone miejsca parkingowe, zapewniające dodatkowe bezpieczeństwo Państwa pojazdom i ułatwiające ich przechowywanie. Dzięki opłacie wspólnotowej w wysokości zaledwie 76,67 € miesięcznie i IBI w wysokości 921,94 € rocznie, ta nieruchomość jest inteligentną inwestycją, która łączy w sobie luksus i przystępną cenę.</p>
<p>Każdy pokój w tej willi został starannie zaprojektowany, aby zapewnić komfortową i stylową przestrzeń życiową. Przestronne sypialnie zapewniają spokojny wypoczynek, a nowoczesne łazienki dodają odrobinę luksusu do codziennej rutyny.</p>
<p>Proszę nie przegapić okazji, aby zamieszkać w jednym z najbardziej poszukiwanych obszarów La Caleta. Ta willa to więcej niż dom, to styl życia. Nie czekaj dłużej, Twój nowy dom czeka na Ciebie w La Caleta.</p>

<p>¡Una oportunidad única de poseer un pedazo de paraíso en La Caleta! Esta impresionante villa de tres dormitorios y dos baños está en venta, lista para ser el hogar de tus sueños. Con dos plantas de elegante diseño, cada rincón de esta propiedad te invita a relajarte y disfrutar de la vida al máximo. La [&hellip;]</p>

Calle Neveda, La Caleta, Adeje, Santa Cruz de Tenerife, Canarias, 38679, España
