{"id":24517,"date":"2024-07-15T17:01:35","date_gmt":"2024-07-15T16:01:35","guid":{"rendered":"https:\/\/www.tunidotenerife.com\/p\/apartamento-en-venta-en-el-medano-tenerife-sur-2\/"},"modified":"2024-09-16T13:02:01","modified_gmt":"2024-09-16T12:02:01","slug":"apartamento-en-venta-en-el-medano-tenerife-sur-2","status":"houzez_sold","type":"property","link":"https:\/\/www.tunidotenerife.com\/pl\/p\/apartamento-en-venta-en-el-medano-tenerife-sur-2\/","title":{"rendered":"Mieszkanie na sprzeda\u017c w Los Cristianos, Teneryfa Po\u0142udniowa"},"content":{"rendered":"<p>Odkryj esencj\u0119 luksusu i komfortu w tym wspania\u0142ym mieszkaniu w dzielnicy mieszkalnej Los \u00c1ngeles, po\u0142o\u017conym zaledwie trzydzie\u015bci metr\u00f3w od Paseo Mar\u00edtimo, w samym sercu obszaru mieszkalnego Los Cristianos. To mieszkanie Los Cristianos jest prawdziw\u0105 przystani\u0105 elegancji i wyrafinowania, kt\u00f3ra \u0142\u0105czy pi\u0119kno swojego projektu z funkcjonalno\u015bci\u0105 przestrzeni.<\/p>\n<p>To mieszkanie jest nie tylko pi\u0119kne, ale tak\u017ce jasne i przestronne, dzi\u0119ki czemu jest idealnym miejscem do cieszenia si\u0119 luksusowym \u017cyciem. Meble i urz\u0105dzenia s\u0105 nowe i wysokiej jako\u015bci, zapewniaj\u0105c trwa\u0142o\u015b\u0107 i wydajno\u015b\u0107.<\/p>\n<p>Wszystkie wygody s\u0105 na wyci\u0105gni\u0119cie r\u0119ki w tym niesamowitym mieszkaniu. Posiada klimatyzacj\u0119, aby zapewni\u0107 Pa\u0144stwu komfort w najgor\u0119tsze dni, oczyszczacz wody, aby zapewni\u0107 Pa\u0144stwu czyst\u0105 i \u015bwie\u017c\u0105 wod\u0119 przez ca\u0142y czas oraz dwa telewizory dla Pa\u0144stwa rozrywki.<\/p>\n<p>Ponadto to mieszkanie Los Cristianos posiada du\u017cy taras z aluminiow\u0105 obudow\u0105, kt\u00f3ra gwarantuje prywatno\u015b\u0107. Mobilny system markiz pozwoli Pa\u0144stwu tworzy\u0107 r\u00f3\u017cne atmosfery i utrzymywa\u0107 optymaln\u0105 temperatur\u0119 przez ca\u0142y czas.<\/p>\n<p>To wspania\u0142e mieszkanie jest bardzo op\u0142acaln\u0105 inwestycj\u0105, zar\u00f3wno do wykorzystania go jako sta\u0142ego miejsca zamieszkania, dzi\u0119ki sta\u0142ej rewaloryzacji, jak i do wynaj\u0119cia ze wzgl\u0119du na jego uprzywilejowan\u0105 lokalizacj\u0119 w bardzo poszukiwanym obszarze w sektorze turystycznym.<\/p>\n<p>Mieszkanie znajduje si\u0119 na pierwszym pi\u0119trze budynku z wind\u0105 i ma dost\u0119p z zewn\u0105trz przystosowany dla os\u00f3b o ograniczonej sprawno\u015bci ruchowej, dzi\u0119ki czemu jest dost\u0119pne dla wszystkich.<\/p>\n<p>Kr\u00f3tko m\u00f3wi\u0105c, to mieszkanie Los Cristianos jest prawdziwym klejnotem nieruchomo\u015bci, kt\u00f3ry \u0142\u0105czy luksus, komfort i lokalizacj\u0119 w jednym miejscu. Prosz\u0119 nie przegapi\u0107 okazji i zamieszka\u0107 w przestrzeni, kt\u00f3ra na nowo definiuje elegancj\u0119 i komfort.<\/p>","protected":false},"excerpt":{"rendered":"<p>Descubra la esencia del lujo y la comodidad en este impresionante apartamento en la residencial Los \u00c1ngeles, situado a tan solo treinta metros del Paseo Mar\u00edtimo, en el coraz\u00f3n de la zona llana de Los Cristianos. Este apartamento Los Cristianos es un aut\u00e9ntico para\u00edso de elegancia y sofisticaci\u00f3n que combina la belleza de su dise\u00f1o [&hellip;]<\/p>\n","protected":false},"author":5,"featured_media":24504,"parent":0,"menu_order":0,"template":"","property_type":[49],"property_status":[40],"property_feature":[17,176,177,174,172],"property_label":[109],"property_city":[69],"class_list":["post-24517","property","type-property","status-houzez_sold","has-post-thumbnail","hentry","property_type-apartamento","property_status-vendido","property_feature-aire-acondicionado","property_feature-cerca-de-centros-comerciales","property_feature-cerca-de-la-playa","property_feature-cocina-amueblada","property_feature-piscina-comunitaria","property_label-exclusivo","property_city-los-cristianos"],"property_meta":{"rank_math_internal_links_processed":["1"],"fave_property_price":["274750"],"fave_property_price_postfix":[""],"fave_show_price_placeholder":["0"],"fave_property_price_placeholder":[""],"fave_property_price_prefix":[""],"fave_property_sec_price":[""],"fave_property_size":["88"],"fave_property_size_prefix":["m\u00b2"],"fave_property_land":[""],"fave_property_land_postfix":["m\u00b2"],"fave_property_bedrooms":["1"],"fave_property_bathrooms":["1"],"fave_property_garage":[""],"fave_property_garage_size":[""],"fave_virtual_tour":[""],"fave_property_year":[""],"fave_property_id":["2275"],"fave_video_url":[""],"fave_property_zip":["38650"],"additional_features":["a:1:{i:0;a:2:{s:29:\"fave_additional_feature_title\";s:0:\"\";s:29:\"fave_additional_feature_value\";s:0:\"\";}}"],"fave_additional_features_enable":["enable"],"floor_plans":[""],"fave_multi_units":[""],"fave_featured":["0"],"houzez_featured_listing_date":[""],"fave_loggedintoview":["0"],"fave_mortgage_cal":["0"],"fave_private_note":[""],"fave_property_disclaimer":[""],"fave_payment_status":["not_paid"],"fave_agent_display_option":["agent_info"],"fave_property_map_address":["Calle Chalana, Oasis del Sur, Los Cristianos, Arona, Santa Cruz de Tenerife, Canarias, 38650, Espa\u00f1a"],"fave_property_address":["Calle Chalana, Oasis del Sur, Los Cristianos, Arona, Santa Cruz de Tenerife, Canarias, 38650, Espa\u00f1a"],"houzez_geolocation_lat":["28.047165308900073"],"houzez_geolocation_long":["-16.709331187018524"],"fave_property_location":["28.047165308900073,-16.709331187018524"],"fave_property_map":["1"],"fave_property_map_street_view":[""],"houzez_total_property_views":["21598"],"houzez_views_by_date":["a:61:{s:10:\"02-26-2026\";i:50;s:10:\"02-27-2026\";i:36;s:10:\"02-28-2026\";i:36;s:10:\"03-01-2026\";i:38;s:10:\"03-02-2026\";i:45;s:10:\"03-03-2026\";i:41;s:10:\"03-04-2026\";i:38;s:10:\"03-05-2026\";i:50;s:10:\"03-06-2026\";i:38;s:10:\"03-07-2026\";i:36;s:10:\"03-08-2026\";i:36;s:10:\"03-09-2026\";i:36;s:10:\"03-10-2026\";i:54;s:10:\"03-11-2026\";i:58;s:10:\"03-12-2026\";i:54;s:10:\"03-13-2026\";i:36;s:10:\"03-14-2026\";i:36;s:10:\"03-15-2026\";i:38;s:10:\"03-16-2026\";i:46;s:10:\"03-17-2026\";i:42;s:10:\"03-18-2026\";i:36;s:10:\"03-19-2026\";i:68;s:10:\"03-20-2026\";i:42;s:10:\"03-21-2026\";i:50;s:10:\"03-22-2026\";i:36;s:10:\"03-23-2026\";i:38;s:10:\"03-24-2026\";i:32;s:10:\"03-25-2026\";i:35;s:10:\"03-26-2026\";i:52;s:10:\"03-27-2026\";i:36;s:10:\"03-28-2026\";i:56;s:10:\"03-29-2026\";i:36;s:10:\"03-30-2026\";i:36;s:10:\"03-31-2026\";i:36;s:10:\"04-01-2026\";i:38;s:10:\"04-02-2026\";i:54;s:10:\"04-03-2026\";i:36;s:10:\"04-04-2026\";i:36;s:10:\"04-05-2026\";i:38;s:10:\"04-06-2026\";i:48;s:10:\"04-07-2026\";i:50;s:10:\"04-08-2026\";i:48;s:10:\"04-09-2026\";i:36;s:10:\"04-10-2026\";i:38;s:10:\"04-11-2026\";i:50;s:10:\"04-12-2026\";i:38;s:10:\"04-13-2026\";i:36;s:10:\"04-14-2026\";i:36;s:10:\"04-15-2026\";i:54;s:10:\"04-16-2026\";i:36;s:10:\"04-17-2026\";i:38;s:10:\"04-18-2026\";i:48;s:10:\"04-19-2026\";i:40;s:10:\"04-20-2026\";i:36;s:10:\"04-21-2026\";i:36;s:10:\"04-22-2026\";i:36;s:10:\"04-23-2026\";i:42;s:10:\"04-24-2026\";i:46;s:10:\"04-25-2026\";i:38;s:10:\"04-26-2026\";i:36;s:10:\"04-27-2026\";i:20;}"],"houzez_recently_viewed":["2026-04-27 14:54:54"],"fave_property_images":["24504","24481","24516","24499","24501","24502","24503","24506","24505","24508","24509","24510","24511","24513","24514","24515","24489","24492","24490","24485"],"_thumbnail_id":["24504"],"fave_agents":["23720"],"_edit_lock":["1769435148:1"],"_elementor_page_assets":["a:0:{}"]},"_links":{"self":[{"href":"https:\/\/www.tunidotenerife.com\/pl\/wp-json\/wp\/v2\/properties\/24517","targetHints":{"allow":["GET"]}}],"collection":[{"href":"https:\/\/www.tunidotenerife.com\/pl\/wp-json\/wp\/v2\/properties"}],"about":[{"href":"https:\/\/www.tunidotenerife.com\/pl\/wp-json\/wp\/v2\/types\/property"}],"author":[{"embeddable":true,"href":"https:\/\/www.tunidotenerife.com\/pl\/wp-json\/wp\/v2\/users\/5"}],"version-history":[{"count":0,"href":"https:\/\/www.tunidotenerife.com\/pl\/wp-json\/wp\/v2\/properties\/24517\/revisions"}],"wp:featuredmedia":[{"embeddable":true,"href":"https:\/\/www.tunidotenerife.com\/pl\/wp-json\/wp\/v2\/media\/24504"}],"wp:attachment":[{"href":"https:\/\/www.tunidotenerife.com\/pl\/wp-json\/wp\/v2\/media?parent=24517"}],"wp:term":[{"taxonomy":"property_type","embeddable":true,"href":"https:\/\/www.tunidotenerife.com\/pl\/wp-json\/wp\/v2\/property_type?post=24517"},{"taxonomy":"property_status","embeddable":true,"href":"https:\/\/www.tunidotenerife.com\/pl\/wp-json\/wp\/v2\/property_status?post=24517"},{"taxonomy":"property_feature","embeddable":true,"href":"https:\/\/www.tunidotenerife.com\/pl\/wp-json\/wp\/v2\/property_feature?post=24517"},{"taxonomy":"property_label","embeddable":true,"href":"https:\/\/www.tunidotenerife.com\/pl\/wp-json\/wp\/v2\/property_label?post=24517"},{"taxonomy":"property_city","embeddable":true,"href":"https:\/\/www.tunidotenerife.com\/pl\/wp-json\/wp\/v2\/property_city?post=24517"}],"curies":[{"name":"wp","href":"https:\/\/api.w.org\/{rel}","templated":true}]}}

Mieszkanie na sprzedaż w Los Cristianos, Teneryfa Południowa

<p>Odkryj esencję luksusu i komfortu w tym wspaniałym mieszkaniu w dzielnicy mieszkalnej Los Ángeles, położonym zaledwie trzydzieści metrów od Paseo Marítimo, w samym sercu obszaru mieszkalnego Los Cristianos. To mieszkanie Los Cristianos jest prawdziwą przystanią elegancji i wyrafinowania, która łączy piękno swojego projektu z funkcjonalnością przestrzeni.</p>
<p>To mieszkanie jest nie tylko piękne, ale także jasne i przestronne, dzięki czemu jest idealnym miejscem do cieszenia się luksusowym życiem. Meble i urządzenia są nowe i wysokiej jakości, zapewniając trwałość i wydajność.</p>
<p>Wszystkie wygody są na wyciągnięcie ręki w tym niesamowitym mieszkaniu. Posiada klimatyzację, aby zapewnić Państwu komfort w najgorętsze dni, oczyszczacz wody, aby zapewnić Państwu czystą i świeżą wodę przez cały czas oraz dwa telewizory dla Państwa rozrywki.</p>
<p>Ponadto to mieszkanie Los Cristianos posiada duży taras z aluminiową obudową, która gwarantuje prywatność. Mobilny system markiz pozwoli Państwu tworzyć różne atmosfery i utrzymywać optymalną temperaturę przez cały czas.</p>
<p>To wspaniałe mieszkanie jest bardzo opłacalną inwestycją, zarówno do wykorzystania go jako stałego miejsca zamieszkania, dzięki stałej rewaloryzacji, jak i do wynajęcia ze względu na jego uprzywilejowaną lokalizację w bardzo poszukiwanym obszarze w sektorze turystycznym.</p>
<p>Mieszkanie znajduje się na pierwszym piętrze budynku z windą i ma dostęp z zewnątrz przystosowany dla osób o ograniczonej sprawności ruchowej, dzięki czemu jest dostępne dla wszystkich.</p>
<p>Krótko mówiąc, to mieszkanie Los Cristianos jest prawdziwym klejnotem nieruchomości, który łączy luksus, komfort i lokalizację w jednym miejscu. Proszę nie przegapić okazji i zamieszkać w przestrzeni, która na nowo definiuje elegancję i komfort.</p>

<p>Descubra la esencia del lujo y la comodidad en este impresionante apartamento en la residencial Los Ángeles, situado a tan solo treinta metros del Paseo Marítimo, en el corazón de la zona llana de Los Cristianos. Este apartamento Los Cristianos es un auténtico paraíso de elegancia y sofisticación que combina la belleza de su diseño [&hellip;]</p>

Calle Chalana, Oasis del Sur, Los Cristianos, Arona, Santa Cruz de Tenerife, Canarias, 38650, España
