{"id":24351,"date":"2024-06-25T15:10:59","date_gmt":"2024-06-25T14:10:59","guid":{"rendered":"https:\/\/www.tunidotenerife.com\/en\/p\/apartments-in-jardines-de-abama-abama-resort-tenerife-south\/"},"modified":"2026-01-30T14:35:35","modified_gmt":"2026-01-30T14:35:35","slug":"apartments-in-jardines-de-abama-abama-resort-tenerife-south","status":"publish","type":"property","link":"https:\/\/www.tunidotenerife.com\/pl\/p\/apartments-in-jardines-de-abama-abama-resort-tenerife-south\/","title":{"rendered":"Mieszkania Jardines de Abama, Abama Resort, Teneryfa Po\u0142udniowa"},"content":{"rendered":"<p>Obud\u017a si\u0119 przy koj\u0105cej symfonii fal Oceanu Atlantyckiego, ciesz si\u0119 natychmiastowym dost\u0119pem do zacisznej pla\u017cy, rozpocznij niezwyk\u0142\u0105 kulinarn\u0105 przygod\u0119 i ciesz si\u0119 \u015bwiatowej klasy obiektami sportowymi.<\/p>\n<p>Jardines de Abama to wyj\u0105tkowa kolekcja luksusowych mieszka\u0144, kt\u00f3re emanuj\u0105 spokojn\u0105 elegancj\u0105. Ich nowoczesna architektura p\u0142ynnie \u0142\u0105czy si\u0119 z bujnym naturalnym otoczeniem i jest urz\u0105dzona w pi\u0119ciogwiazdkowym luksusowym standardzie. Do wyboru s\u0105 mieszkania z 2 lub 3 sypialniami, wszystkie z \u0142azienkami i o powierzchni od 121 do 201 m2. Ka\u017cde mieszkanie posiada ogr\u00f3d (19-116 m\u00b2), taras (21-105 m\u00b2) oraz parking i kom\u00f3rk\u0119 lokatorsk\u0105.<\/p>\n<p>Jako w\u0142a\u015bciciel The Jardines de Abama, b\u0119d\u0105 Pa\u0144stwo mieli dost\u0119p do kompleksowego o\u015brodka wypoczynkowego ze specjalnymi korzy\u015bciami i zni\u017ckami, takimi jak us\u0142ugi konsjer\u017ca, pralni i sprz\u0105tania, kt\u00f3re zapewni\u0105 Pa\u0144stwu uosobienie luksusowego \u017cycia. W\u0142a\u015bciciele otrzymuj\u0105 cz\u0142onkostwo w The Abama Prestige Owners' Club, gdzie ten ekskluzywny klub oferuje r\u00f3\u017cnorodne wydarzenia i do\u015bwiadczenia kulturalne, od turniej\u00f3w golfowych i klinik po ekskluzywne wycieczki, wspieraj\u0105c t\u0119tni\u0105ce \u017cyciem i anga\u017cuj\u0105ce \u015brodowisko spo\u0142eczne. Opr\u00f3cz p\u00f3l golfowych na terenie obiektu znajduj\u0105 si\u0119 korty tenisowe, klub dla dzieci, szeroki wyb\u00f3r da\u0144 wyr\u00f3\u017cnionych gwiazdk\u0105 Michelin oraz us\u0142ugi spa.<\/p>\n<p>Ponadto Program Wynajmu oferuje w\u0142a\u015bcicielom mo\u017cliwo\u015b\u0107 czerpania zysk\u00f3w z ich nieruchomo\u015bci. W\u0142a\u015bciciele mog\u0105 korzysta\u0107 ze swoich nieruchomo\u015bci przez maksymalnie sze\u015b\u0107 miesi\u0119cy w roku i otrzymaj\u0105 40% ca\u0142kowitego dochodu operacyjnego wygenerowanego przez us\u0142ugi zakwaterowania \u015bwiadczone go\u015bciom.<\/p>\n<p>Jardines de Abama oferuje wyj\u0105tkow\u0105 mo\u017cliwo\u015b\u0107 inwestycji w nieruchomo\u015b\u0107, pozwalaj\u0105c Pa\u0144stwu cieszy\u0107 si\u0119 wymarzonymi wakacjami i jednocze\u015bnie generowa\u0107 doch\u00f3d. Podczas gdy w\u0142a\u015bciciele b\u0119d\u0105 odpowiedzialni za miesi\u0119czn\u0105 op\u0142at\u0119 wsp\u00f3lnotow\u0105, podatki od nieruchomo\u015bci, ubezpieczenie i rezerw\u0119 Capex rocznie, potencja\u0142 dochodu z wynajmu sprawia, \u017ce jest to m\u0105dra inwestycja.<\/p>\n<p>Poznaj szczyt luksusowego \u017cycia i dokonaj m\u0105drej inwestycji w The Jardines de Abama. Prosz\u0119 skontaktowa\u0107 si\u0119 z nami, aby uzyska\u0107 wi\u0119cej informacji.<\/p>","protected":false},"excerpt":{"rendered":"<p>Despierte con la relajante sinfon\u00eda de las olas del Oc\u00e9ano Atl\u00e1ntico, disfrute del acceso inmediato a una playa apartada, emb\u00e1rquese en una extraordinaria aventura culinaria y disfrute de las instalaciones deportivas de primer nivel. Los Jardines de Abama es una exquisita colecci\u00f3n de apartamentos de lujo que irradian una tranquila elegancia. Su arquitectura moderna combina [&hellip;]<\/p>\n","protected":false},"author":2,"featured_media":27557,"parent":0,"menu_order":0,"template":"","property_type":[49],"property_status":[24],"property_feature":[17,178,177,174,31,25,175,169,173,172,171,170],"property_label":[109,179],"property_city":[],"class_list":["post-24351","property","type-property","status-publish","has-post-thumbnail","hentry","property_type-apartamento","property_status-venta","property_feature-aire-acondicionado","property_feature-aparcamiento-privado-cerrado","property_feature-cerca-de-la-playa","property_feature-cocina-amueblada","property_feature-ducha-exterior","property_feature-gimnasio","property_feature-jacuzzi","property_feature-nueva-construccion","property_feature-piscina-climatizada","property_feature-piscina-comunitaria","property_feature-vistas-a-la-montana","property_feature-vistas-al-oceano","property_label-exclusivo","property_label-luxury"],"property_meta":{"rank_math_internal_links_processed":["1"],"fave_show_price_placeholder":["0"],"fave_property_size":["193"],"fave_property_size_prefix":["m\u00b2"],"fave_property_land":["116"],"fave_property_land_postfix":["m\u00b2"],"fave_property_bedrooms":["2,3"],"fave_property_bathrooms":["3"],"fave_property_id":["2265"],"fave_additional_features_enable":["enable"],"fave_featured":["0"],"houzez_featured_listing_date":[""],"fave_loggedintoview":["0"],"fave_mortgage_cal":["0"],"fave_payment_status":["not_paid"],"fave_agent_display_option":["agent_info"],"houzez_total_property_views":["22718"],"houzez_views_by_date":["a:61:{s:10:\"02-27-2026\";i:36;s:10:\"02-28-2026\";i:36;s:10:\"03-01-2026\";i:43;s:10:\"03-02-2026\";i:41;s:10:\"03-03-2026\";i:34;s:10:\"03-04-2026\";i:43;s:10:\"03-05-2026\";i:46;s:10:\"03-06-2026\";i:38;s:10:\"03-07-2026\";i:36;s:10:\"03-08-2026\";i:36;s:10:\"03-09-2026\";i:36;s:10:\"03-10-2026\";i:54;s:10:\"03-11-2026\";i:70;s:10:\"03-12-2026\";i:54;s:10:\"03-13-2026\";i:36;s:10:\"03-14-2026\";i:37;s:10:\"03-15-2026\";i:40;s:10:\"03-16-2026\";i:48;s:10:\"03-17-2026\";i:38;s:10:\"03-18-2026\";i:36;s:10:\"03-19-2026\";i:70;s:10:\"03-20-2026\";i:54;s:10:\"03-21-2026\";i:41;s:10:\"03-22-2026\";i:36;s:10:\"03-23-2026\";i:38;s:10:\"03-24-2026\";i:30;s:10:\"03-25-2026\";i:40;s:10:\"03-26-2026\";i:50;s:10:\"03-27-2026\";i:36;s:10:\"03-28-2026\";i:58;s:10:\"03-29-2026\";i:36;s:10:\"03-30-2026\";i:36;s:10:\"03-31-2026\";i:36;s:10:\"04-01-2026\";i:39;s:10:\"04-02-2026\";i:54;s:10:\"04-03-2026\";i:36;s:10:\"04-04-2026\";i:36;s:10:\"04-05-2026\";i:42;s:10:\"04-06-2026\";i:48;s:10:\"04-07-2026\";i:93;s:10:\"04-08-2026\";i:52;s:10:\"04-09-2026\";i:36;s:10:\"04-10-2026\";i:48;s:10:\"04-11-2026\";i:42;s:10:\"04-12-2026\";i:36;s:10:\"04-13-2026\";i:36;s:10:\"04-14-2026\";i:36;s:10:\"04-15-2026\";i:54;s:10:\"04-16-2026\";i:36;s:10:\"04-17-2026\";i:42;s:10:\"04-18-2026\";i:48;s:10:\"04-19-2026\";i:36;s:10:\"04-20-2026\";i:36;s:10:\"04-21-2026\";i:36;s:10:\"04-22-2026\";i:38;s:10:\"04-23-2026\";i:49;s:10:\"04-24-2026\";i:39;s:10:\"04-25-2026\";i:37;s:10:\"04-26-2026\";i:36;s:10:\"04-27-2026\";i:36;s:10:\"04-28-2026\";i:34;}"],"houzez_recently_viewed":["2026-04-28 13:45:00"],"houzez_geolocation_lat":["28.1696455"],"houzez_geolocation_long":["-16.7900770"],"fave_property_location":["28.1696455,-16.7900770"],"fave_property_map":["1"],"fave_property_map_street_view":[null],"_edit_lock":["1749652153:1"],"rank_math_seo_score":["6"],"_edit_last":["1"],"fave_single_top_area":["global"],"fave_single_content_area":["global"],"_pys_head_footer":["a:7:{s:14:\"disable_global\";b:0;s:8:\"head_any\";s:0:\"\";s:12:\"head_desktop\";s:0:\"\";s:11:\"head_mobile\";s:0:\"\";s:10:\"footer_any\";s:0:\"\";s:14:\"footer_desktop\";s:0:\"\";s:13:\"footer_mobile\";s:0:\"\";}"],"rank_math_primary_property_type":["0"],"rank_math_primary_property_status":["0"],"rank_math_primary_property_feature":["0"],"rank_math_primary_property_label":["0"],"rank_math_primary_property_city":["0"],"houzez_manual_expire":["0"],"_houzez_expiration_date_status":["saved"],"fave_property_price_placeholder":["Precio a Consultar"],"fave_property_garage":[""],"fave_property_garage_size":[""],"fave_property_year":["2026"],"fave_property_price":["945000"],"fave_property_price_prefix":["Desde"],"fave_property_price_postfix":[""],"fave_property_sec_price":[""],"additional_features":[""],"floor_plans":[""],"fave_multi_units":[""],"fave_virtual_tour":[""],"fave_video_url":[""],"fave_property_zip":["38687"],"fave_property_map_address":["Los Jardines de Abama Suites, Km. 8,9, TF-465, Chasogo, Gu\u00eda de Isora, Santa Cruz de Tenerife, Canarias, 38687, Espa\u00f1a"],"fave_property_address":["Los Jardines de Abama Suites, Km. 8,9, TF-465, Chasogo, Gu\u00eda de Isora, Santa Cruz de Tenerife, Canarias, 38687, Espa\u00f1a"],"fave_private_note":[""],"fave_property_images":["27557","27556","27538","27542","27543","27545","27548","27549","27551","27553","27555","27558","27559","27560","27562","27563","27564","27566","27567","27568","27569","27570","27571","27572","27573","27574","27575","27576","27577","27578","27579","27580","27581","27582","27583","27584","27585","27586","27587","27588"],"_thumbnail_id":["27557"],"fave_agents":["150"],"_elementor_page_assets":["a:0:{}"]},"_links":{"self":[{"href":"https:\/\/www.tunidotenerife.com\/pl\/wp-json\/wp\/v2\/properties\/24351","targetHints":{"allow":["GET"]}}],"collection":[{"href":"https:\/\/www.tunidotenerife.com\/pl\/wp-json\/wp\/v2\/properties"}],"about":[{"href":"https:\/\/www.tunidotenerife.com\/pl\/wp-json\/wp\/v2\/types\/property"}],"author":[{"embeddable":true,"href":"https:\/\/www.tunidotenerife.com\/pl\/wp-json\/wp\/v2\/users\/2"}],"version-history":[{"count":1,"href":"https:\/\/www.tunidotenerife.com\/pl\/wp-json\/wp\/v2\/properties\/24351\/revisions"}],"predecessor-version":[{"id":28928,"href":"https:\/\/www.tunidotenerife.com\/pl\/wp-json\/wp\/v2\/properties\/24351\/revisions\/28928"}],"wp:featuredmedia":[{"embeddable":true,"href":"https:\/\/www.tunidotenerife.com\/pl\/wp-json\/wp\/v2\/media\/27557"}],"wp:attachment":[{"href":"https:\/\/www.tunidotenerife.com\/pl\/wp-json\/wp\/v2\/media?parent=24351"}],"wp:term":[{"taxonomy":"property_type","embeddable":true,"href":"https:\/\/www.tunidotenerife.com\/pl\/wp-json\/wp\/v2\/property_type?post=24351"},{"taxonomy":"property_status","embeddable":true,"href":"https:\/\/www.tunidotenerife.com\/pl\/wp-json\/wp\/v2\/property_status?post=24351"},{"taxonomy":"property_feature","embeddable":true,"href":"https:\/\/www.tunidotenerife.com\/pl\/wp-json\/wp\/v2\/property_feature?post=24351"},{"taxonomy":"property_label","embeddable":true,"href":"https:\/\/www.tunidotenerife.com\/pl\/wp-json\/wp\/v2\/property_label?post=24351"},{"taxonomy":"property_city","embeddable":true,"href":"https:\/\/www.tunidotenerife.com\/pl\/wp-json\/wp\/v2\/property_city?post=24351"}],"curies":[{"name":"wp","href":"https:\/\/api.w.org\/{rel}","templated":true}]}}

Mieszkania Jardines de Abama, Abama Resort, Teneryfa Południowa

<p>Obudź się przy kojącej symfonii fal Oceanu Atlantyckiego, ciesz się natychmiastowym dostępem do zacisznej plaży, rozpocznij niezwykłą kulinarną przygodę i ciesz się światowej klasy obiektami sportowymi.</p>
<p>Jardines de Abama to wyjątkowa kolekcja luksusowych mieszkań, które emanują spokojną elegancją. Ich nowoczesna architektura płynnie łączy się z bujnym naturalnym otoczeniem i jest urządzona w pięciogwiazdkowym luksusowym standardzie. Do wyboru są mieszkania z 2 lub 3 sypialniami, wszystkie z łazienkami i o powierzchni od 121 do 201 m2. Każde mieszkanie posiada ogród (19-116 m²), taras (21-105 m²) oraz parking i komórkę lokatorską.</p>
<p>Jako właściciel The Jardines de Abama, będą Państwo mieli dostęp do kompleksowego ośrodka wypoczynkowego ze specjalnymi korzyściami i zniżkami, takimi jak usługi konsjerża, pralni i sprzątania, które zapewnią Państwu uosobienie luksusowego życia. Właściciele otrzymują członkostwo w The Abama Prestige Owners' Club, gdzie ten ekskluzywny klub oferuje różnorodne wydarzenia i doświadczenia kulturalne, od turniejów golfowych i klinik po ekskluzywne wycieczki, wspierając tętniące życiem i angażujące środowisko społeczne. Oprócz pól golfowych na terenie obiektu znajdują się korty tenisowe, klub dla dzieci, szeroki wybór dań wyróżnionych gwiazdką Michelin oraz usługi spa.</p>
<p>Ponadto Program Wynajmu oferuje właścicielom możliwość czerpania zysków z ich nieruchomości. Właściciele mogą korzystać ze swoich nieruchomości przez maksymalnie sześć miesięcy w roku i otrzymają 40% całkowitego dochodu operacyjnego wygenerowanego przez usługi zakwaterowania świadczone gościom.</p>
<p>Jardines de Abama oferuje wyjątkową możliwość inwestycji w nieruchomość, pozwalając Państwu cieszyć się wymarzonymi wakacjami i jednocześnie generować dochód. Podczas gdy właściciele będą odpowiedzialni za miesięczną opłatę wspólnotową, podatki od nieruchomości, ubezpieczenie i rezerwę Capex rocznie, potencjał dochodu z wynajmu sprawia, że jest to mądra inwestycja.</p>
<p>Poznaj szczyt luksusowego życia i dokonaj mądrej inwestycji w The Jardines de Abama. Proszę skontaktować się z nami, aby uzyskać więcej informacji.</p>

<p>Despierte con la relajante sinfonía de las olas del Océano Atlántico, disfrute del acceso inmediato a una playa apartada, embárquese en una extraordinaria aventura culinaria y disfrute de las instalaciones deportivas de primer nivel. Los Jardines de Abama es una exquisita colección de apartamentos de lujo que irradian una tranquila elegancia. Su arquitectura moderna combina [&hellip;]</p>

Los Jardines de Abama Suites, Km. 8,9, TF-465, Chasogo, Guía de Isora, Santa Cruz de Tenerife, Canarias, 38687, España
