{"id":24162,"date":"2024-05-22T15:28:37","date_gmt":"2024-05-22T14:28:37","guid":{"rendered":"https:\/\/www.tunidotenerife.com\/p\/casa-rural-en-tenerife-arico\/"},"modified":"2024-05-22T15:28:37","modified_gmt":"2024-05-22T14:28:37","slug":"casa-rural-en-tenerife-arico","status":"publish","type":"property","link":"https:\/\/www.tunidotenerife.com\/pl\/p\/casa-rural-en-tenerife-arico\/","title":{"rendered":"Dom wiejski na Teneryfie, Arico"},"content":{"rendered":"<p>W sercu Arico znajduje si\u0119 architektoniczny klejnot, kt\u00f3ry czeka na odkrycie. Jest to wiejski dom w Arico z ogromnym potencja\u0142em, kt\u00f3ry mo\u017cna przekszta\u0142ci\u0107 w wymarzony dom lub lukratywny biznes noclegowy. Ta nieruchomo\u015b\u0107 to wyj\u0105tkowa okazja dla tych, kt\u00f3rzy szukaj\u0105 uroczego projektu renowacji.<\/p>\n<p>Nieruchomo\u015b\u0107 rozci\u0105ga si\u0119 na powierzchni 290 m2, oferuj\u0105c du\u017c\u0105 i wszechstronn\u0105 przestrze\u0144. Jedn\u0105 z wyj\u0105tkowych cech tego wiejskiego domu w Arico jest mo\u017cliwo\u015b\u0107 zbudowania dodatkowego pi\u0119tra w \u015brodku domu, co pozwala jeszcze bardziej zwi\u0119kszy\u0107 jego pojemno\u015b\u0107.<\/p>\n<p>Obecnie dom sk\u0142ada si\u0119 z 10 pokoi, w tym kuchni i \u0142azienki. Jednak jego uk\u0142ad pozwala na elastyczn\u0105 rekonfiguracj\u0119 w celu dostosowania do potrzeb nowego w\u0142a\u015bciciela.<\/p>\n<p>W dolnej cz\u0119\u015bci nieruchomo\u015bci znajduje si\u0119 solarium o powierzchni 320 m2, przestrze\u0144, kt\u00f3ra zach\u0119ca do relaksu i cieszenia si\u0119 dobrym klimatem okolicy. Przestrze\u0144 ta oferuje r\u00f3wnie\u017c mo\u017cliwo\u015b\u0107 budowy mieszkania z jedn\u0105 sypialni\u0105 lub gara\u017cu, w zale\u017cno\u015bci od preferencji kupuj\u0105cego.<\/p>\n<p>Z domku Arico roztacza si\u0119 zapieraj\u0105cy dech w piersiach widok na ocean. Prosz\u0119 sobie wyobrazi\u0107 budzenie si\u0119 ka\u017cdego ranka przy szumie fal i morskiej bryzie lub podziwianie niezapomnianego zachodu s\u0142o\u0144ca z oceanem w tle.<\/p>\n<p>Cena sprzeda\u017cy tej nieruchomo\u015bci wynosi 179.000 \u20ac, inwestycja, kt\u00f3ra niew\u0105tpliwie oferuje du\u017cy zwrot, zar\u00f3wno pod wzgl\u0119dem jako\u015bci \u017cycia, jak i potencja\u0142u ekonomicznego.<\/p>\n<p>Prosz\u0119 nie przegapi\u0107 okazji, aby przekszta\u0142ci\u0107 ten domek w Arico w sw\u00f3j wymarzony dom lub kolejne modne miejsce na wakacje - skontaktuj si\u0119 z nami, aby uzyska\u0107 wi\u0119cej informacji!<\/p>","protected":false},"excerpt":{"rendered":"<p>En el coraz\u00f3n de Arico, se encuentra una joya arquitect\u00f3nica a la espera de ser descubierta. Se trata de una casa rural en Arico con un gran potencial para ser transformada en un hogar de ensue\u00f1o o un lucrativo negocio de alojamiento. Este inmueble es una oportunidad \u00fanica para aquellos que buscan un proyecto de [&hellip;]<\/p>\n","protected":false},"author":5,"featured_media":24144,"parent":0,"menu_order":0,"template":"","property_type":[45],"property_status":[24],"property_feature":[171,170],"property_label":[109,180],"property_city":[78],"class_list":["post-24162","property","type-property","status-publish","has-post-thumbnail","hentry","property_type-villa","property_status-venta","property_feature-vistas-a-la-montana","property_feature-vistas-al-oceano","property_label-exclusivo","property_label-oferta","property_city-arico"],"property_meta":{"rank_math_internal_links_processed":["1"],"fave_property_price":["179000"],"fave_property_price_postfix":[""],"fave_show_price_placeholder":["0"],"fave_property_price_placeholder":[""],"fave_property_price_prefix":[""],"fave_property_sec_price":[""],"fave_property_size":["316"],"fave_property_size_prefix":["m\u00b2"],"fave_property_land":["569"],"fave_property_land_postfix":["m\u00b2"],"fave_property_bedrooms":["6"],"fave_property_bathrooms":["1"],"fave_property_garage":[""],"fave_property_garage_size":[""],"fave_virtual_tour":[""],"fave_property_year":[""],"fave_property_id":["1991"],"fave_video_url":[""],"fave_property_images":["24144","24130","24131","24132","24134","24133","24135","24136","24138","24129","24139","24140","24141","24142","24143","24146","24147","24149","24150","24153","24154","24157","24158","24159","24160","24161"],"_thumbnail_id":["24144"],"fave_property_zip":["38580"],"additional_features":["a:1:{i:0;a:2:{s:29:\"fave_additional_feature_title\";s:0:\"\";s:29:\"fave_additional_feature_value\";s:0:\"\";}}"],"fave_additional_features_enable":["enable"],"floor_plans":[""],"fave_multi_units":[""],"fave_featured":["0"],"houzez_featured_listing_date":[""],"fave_loggedintoview":["0"],"fave_mortgage_cal":["0"],"fave_private_note":[""],"fave_property_disclaimer":[""],"fave_payment_status":["not_paid"],"fave_agents":["23720"],"fave_agent_display_option":["agent_info"],"fave_property_map_address":["Villa de Arico, Espa\u00f1a"],"fave_property_address":["Villa de Arico, Espa\u00f1a"],"houzez_geolocation_lat":["28.166271"],"houzez_geolocation_long":["-16.5013701"],"fave_property_location":["28.166271,-16.5013701"],"fave_property_map":["1"],"fave_property_map_street_view":["hide"],"houzez_total_property_views":["23299"],"houzez_views_by_date":["a:61:{s:10:\"03-01-2026\";i:40;s:10:\"03-02-2026\";i:45;s:10:\"03-03-2026\";i:35;s:10:\"03-04-2026\";i:41;s:10:\"03-05-2026\";i:48;s:10:\"03-06-2026\";i:38;s:10:\"03-07-2026\";i:36;s:10:\"03-08-2026\";i:36;s:10:\"03-09-2026\";i:36;s:10:\"03-10-2026\";i:54;s:10:\"03-11-2026\";i:62;s:10:\"03-12-2026\";i:54;s:10:\"03-13-2026\";i:36;s:10:\"03-14-2026\";i:36;s:10:\"03-15-2026\";i:40;s:10:\"03-16-2026\";i:48;s:10:\"03-17-2026\";i:38;s:10:\"03-18-2026\";i:36;s:10:\"03-19-2026\";i:70;s:10:\"03-20-2026\";i:50;s:10:\"03-21-2026\";i:42;s:10:\"03-22-2026\";i:36;s:10:\"03-23-2026\";i:41;s:10:\"03-24-2026\";i:32;s:10:\"03-25-2026\";i:35;s:10:\"03-26-2026\";i:54;s:10:\"03-27-2026\";i:36;s:10:\"03-28-2026\";i:56;s:10:\"03-29-2026\";i:41;s:10:\"03-30-2026\";i:36;s:10:\"03-31-2026\";i:36;s:10:\"04-01-2026\";i:40;s:10:\"04-02-2026\";i:54;s:10:\"04-03-2026\";i:36;s:10:\"04-04-2026\";i:36;s:10:\"04-05-2026\";i:42;s:10:\"04-06-2026\";i:48;s:10:\"04-07-2026\";i:80;s:10:\"04-08-2026\";i:52;s:10:\"04-09-2026\";i:36;s:10:\"04-10-2026\";i:46;s:10:\"04-11-2026\";i:44;s:10:\"04-12-2026\";i:36;s:10:\"04-13-2026\";i:36;s:10:\"04-14-2026\";i:36;s:10:\"04-15-2026\";i:54;s:10:\"04-16-2026\";i:36;s:10:\"04-17-2026\";i:42;s:10:\"04-18-2026\";i:48;s:10:\"04-19-2026\";i:36;s:10:\"04-20-2026\";i:36;s:10:\"04-21-2026\";i:36;s:10:\"04-22-2026\";i:38;s:10:\"04-23-2026\";i:48;s:10:\"04-24-2026\";i:40;s:10:\"04-25-2026\";i:36;s:10:\"04-26-2026\";i:36;s:10:\"04-27-2026\";i:36;s:10:\"04-28-2026\";i:52;s:10:\"04-29-2026\";i:40;s:10:\"04-30-2026\";i:32;}"],"houzez_recently_viewed":["2026-04-30 11:59:22"],"_elementor_page_assets":["a:0:{}"]},"_links":{"self":[{"href":"https:\/\/www.tunidotenerife.com\/pl\/wp-json\/wp\/v2\/properties\/24162","targetHints":{"allow":["GET"]}}],"collection":[{"href":"https:\/\/www.tunidotenerife.com\/pl\/wp-json\/wp\/v2\/properties"}],"about":[{"href":"https:\/\/www.tunidotenerife.com\/pl\/wp-json\/wp\/v2\/types\/property"}],"author":[{"embeddable":true,"href":"https:\/\/www.tunidotenerife.com\/pl\/wp-json\/wp\/v2\/users\/5"}],"version-history":[{"count":0,"href":"https:\/\/www.tunidotenerife.com\/pl\/wp-json\/wp\/v2\/properties\/24162\/revisions"}],"wp:featuredmedia":[{"embeddable":true,"href":"https:\/\/www.tunidotenerife.com\/pl\/wp-json\/wp\/v2\/media\/24144"}],"wp:attachment":[{"href":"https:\/\/www.tunidotenerife.com\/pl\/wp-json\/wp\/v2\/media?parent=24162"}],"wp:term":[{"taxonomy":"property_type","embeddable":true,"href":"https:\/\/www.tunidotenerife.com\/pl\/wp-json\/wp\/v2\/property_type?post=24162"},{"taxonomy":"property_status","embeddable":true,"href":"https:\/\/www.tunidotenerife.com\/pl\/wp-json\/wp\/v2\/property_status?post=24162"},{"taxonomy":"property_feature","embeddable":true,"href":"https:\/\/www.tunidotenerife.com\/pl\/wp-json\/wp\/v2\/property_feature?post=24162"},{"taxonomy":"property_label","embeddable":true,"href":"https:\/\/www.tunidotenerife.com\/pl\/wp-json\/wp\/v2\/property_label?post=24162"},{"taxonomy":"property_city","embeddable":true,"href":"https:\/\/www.tunidotenerife.com\/pl\/wp-json\/wp\/v2\/property_city?post=24162"}],"curies":[{"name":"wp","href":"https:\/\/api.w.org\/{rel}","templated":true}]}}

<p>W sercu Arico znajduje się architektoniczny klejnot, który czeka na odkrycie. Jest to wiejski dom w Arico z ogromnym potencjałem, który można przekształcić w wymarzony dom lub lukratywny biznes noclegowy. Ta nieruchomość to wyjątkowa okazja dla tych, którzy szukają uroczego projektu renowacji.</p>
<p>Nieruchomość rozciąga się na powierzchni 290 m2, oferując dużą i wszechstronną przestrzeń. Jedną z wyjątkowych cech tego wiejskiego domu w Arico jest możliwość zbudowania dodatkowego piętra w środku domu, co pozwala jeszcze bardziej zwiększyć jego pojemność.</p>
<p>Obecnie dom składa się z 10 pokoi, w tym kuchni i łazienki. Jednak jego układ pozwala na elastyczną rekonfigurację w celu dostosowania do potrzeb nowego właściciela.</p>
<p>W dolnej części nieruchomości znajduje się solarium o powierzchni 320 m2, przestrzeń, która zachęca do relaksu i cieszenia się dobrym klimatem okolicy. Przestrzeń ta oferuje również możliwość budowy mieszkania z jedną sypialnią lub garażu, w zależności od preferencji kupującego.</p>
<p>Z domku Arico roztacza się zapierający dech w piersiach widok na ocean. Proszę sobie wyobrazić budzenie się każdego ranka przy szumie fal i morskiej bryzie lub podziwianie niezapomnianego zachodu słońca z oceanem w tle.</p>
<p>Cena sprzedaży tej nieruchomości wynosi 179.000 €, inwestycja, która niewątpliwie oferuje duży zwrot, zarówno pod względem jakości życia, jak i potencjału ekonomicznego.</p>
<p>Proszę nie przegapić okazji, aby przekształcić ten domek w Arico w swój wymarzony dom lub kolejne modne miejsce na wakacje - skontaktuj się z nami, aby uzyskać więcej informacji!</p>

<p>En el corazón de Arico, se encuentra una joya arquitectónica a la espera de ser descubierta. Se trata de una casa rural en Arico con un gran potencial para ser transformada en un hogar de ensueño o un lucrativo negocio de alojamiento. Este inmueble es una oportunidad única para aquellos que buscan un proyecto de [&hellip;]</p>

Villa de Arico, España
