{"id":23538,"date":"2024-05-09T15:55:47","date_gmt":"2024-05-09T14:55:47","guid":{"rendered":"https:\/\/www.tunidotenerife.com\/p\/adosado-en-venta-en-tenerife-sur-madronal-de-fanabe\/"},"modified":"2025-01-22T12:05:01","modified_gmt":"2025-01-22T12:05:01","slug":"adosado-en-venta-en-tenerife-sur-madronal-de-fanabe","status":"publish","type":"property","link":"https:\/\/www.tunidotenerife.com\/pl\/p\/adosado-en-venta-en-tenerife-sur-madronal-de-fanabe\/","title":{"rendered":"Kamienica na sprzeda\u017c na Teneryfie Po\u0142udniowej, Madro\u00f1al de Fa\u00f1abe"},"content":{"rendered":"<p>Odkryj komfort i luksus w kamienicy w Oasis de Fanabe: wymarzonym domu z mn\u00f3stwem wyg\u00f3d i przestrzeni. Ta kamienica z 4 sypialniami i 4 \u0142azienkami jest idealn\u0105 opcj\u0105 dla rodzin lub dla tych, kt\u00f3rzy lubi\u0105 przyjmowa\u0107 go\u015bci. Dzi\u0119ki ca\u0142kowitej powierzchni 287 m2, przestrze\u0144 nigdy nie b\u0119dzie problemem.<\/p>\n<p>Gara\u017c na dwa samochody to jedna z wielu zalet tej kamienicy. Nie tylko zapewnia bezpieczn\u0105 przestrze\u0144 dla Pa\u0144stwa pojazd\u00f3w, ale tak\u017ce zapewnia dodatkowy poziom wygody w codziennym \u017cyciu.<\/p>\n<p>Dom wyr\u00f3\u017cnia si\u0119 czterema tarasami, kt\u00f3re oferuj\u0105 r\u00f3\u017cnorodne przestrzenie zewn\u0119trzne. Ka\u017cdy z tych taras\u00f3w ma potencja\u0142, aby sta\u0107 si\u0119 Pa\u0144stwa prywatnym k\u0105cikiem na \u015bwie\u017cym powietrzu, miejscem, w kt\u00f3rym mo\u017cna si\u0119 zrelaksowa\u0107 i podziwia\u0107 widoki, w zale\u017cno\u015bci od lokalizacji. Prosz\u0119 rozwa\u017cy\u0107 dodanie mebli ogrodowych lub ro\u015blin, aby stworzy\u0107 przytuln\u0105 atmosfer\u0119 i w pe\u0142ni wykorzysta\u0107 te przestrzenie.<\/p>\n<p>Projekt wn\u0119trza domu pozwala na szerok\u0105 gam\u0119 uk\u0142ad\u00f3w. Mog\u0105 Pa\u0144stwo cieszy\u0107 si\u0119 przestronnym salonem, jadalni\u0105 i kuchni\u0105, z dodatkow\u0105 przestrzeni\u0105 na domowe biuro lub pok\u00f3j multimedialny. Elastyczno\u015b\u0107 przestrzeni jest jedn\u0105 z g\u0142\u00f3wnych atrakcji tej kamienicy w Oasis de Fanabe.<\/p>\n<p>Kr\u00f3tko m\u00f3wi\u0105c, ta kamienica w Oasis de Fanabe to przestronny i wygodny dom, pe\u0142en po\u017c\u0105danych funkcji. Miejsce, w kt\u00f3rym luksus i komfort \u0142\u0105cz\u0105 si\u0119, tworz\u0105c idealny dom.<\/p>\n<p>Sprzedawane z meblami i sprz\u0119tem AGD!<\/p>","protected":false},"excerpt":{"rendered":"<p>Descubra la comodidad y el lujo en el adosado en Oasis de Fanabe: una vivienda de ensue\u00f1o con una multitud de comodidades y espacios. Este adosado de 4 dormitorios y 4 ba\u00f1os, se presenta como una opci\u00f3n ideal para familias o para aquellos que disfrutan de recibir invitados. Con una superficie total de 287 m2, [&hellip;]<\/p>\n","protected":false},"author":5,"featured_media":23531,"parent":0,"menu_order":0,"template":"","property_type":[119],"property_status":[24],"property_feature":[178,176,174,172,171,170],"property_label":[109,180],"property_city":[62],"class_list":["post-23538","property","type-property","status-publish","has-post-thumbnail","hentry","property_type-adosado","property_status-venta","property_feature-aparcamiento-privado-cerrado","property_feature-cerca-de-centros-comerciales","property_feature-cocina-amueblada","property_feature-piscina-comunitaria","property_feature-vistas-a-la-montana","property_feature-vistas-al-oceano","property_label-exclusivo","property_label-oferta","property_city-el-madronal-de-fanabe"],"property_meta":{"rank_math_internal_links_processed":["1"],"fave_property_price":["665000"],"fave_property_price_postfix":[""],"fave_show_price_placeholder":["0"],"fave_property_price_placeholder":[""],"fave_property_price_prefix":[""],"fave_property_sec_price":[""],"fave_property_size":["209"],"fave_property_size_prefix":["m\u00b2"],"fave_property_land":["287"],"fave_property_land_postfix":["m\u00b2"],"fave_property_bedrooms":["4"],"fave_property_bathrooms":["4"],"fave_property_garage":["2"],"fave_property_garage_size":[""],"fave_virtual_tour":[""],"fave_property_year":[""],"fave_property_id":["2212"],"fave_video_url":[""],"fave_property_zip":["38679"],"additional_features":["a:1:{i:0;a:2:{s:29:\"fave_additional_feature_title\";s:0:\"\";s:29:\"fave_additional_feature_value\";s:0:\"\";}}"],"fave_additional_features_enable":["enable"],"floor_plans":[""],"fave_multi_units":[""],"fave_featured":["0"],"houzez_featured_listing_date":[""],"fave_loggedintoview":["0"],"fave_mortgage_cal":["0"],"fave_private_note":["Las fotos son de referencia, no reales. Se vende Con muebles y electrodom\u00e9sticos."],"fave_property_disclaimer":[""],"fave_payment_status":["not_paid"],"fave_agent_display_option":["agent_info"],"fave_property_map_address":["Oasis de Fa\u00f1abe 3, Costa Adeje, Espa\u00f1a"],"fave_property_address":["Oasis de Fa\u00f1abe 3, Costa Adeje, Espa\u00f1a"],"houzez_geolocation_lat":["28.0915603"],"houzez_geolocation_long":["-16.7283535"],"fave_property_location":["28.0915603,-16.7283535"],"fave_property_map":["1"],"fave_property_map_street_view":[""],"houzez_total_property_views":["23210"],"houzez_views_by_date":["a:61:{s:10:\"03-01-2026\";i:37;s:10:\"03-02-2026\";i:42;s:10:\"03-03-2026\";i:40;s:10:\"03-04-2026\";i:38;s:10:\"03-05-2026\";i:50;s:10:\"03-06-2026\";i:38;s:10:\"03-07-2026\";i:36;s:10:\"03-08-2026\";i:36;s:10:\"03-09-2026\";i:37;s:10:\"03-10-2026\";i:54;s:10:\"03-11-2026\";i:64;s:10:\"03-12-2026\";i:54;s:10:\"03-13-2026\";i:36;s:10:\"03-14-2026\";i:36;s:10:\"03-15-2026\";i:38;s:10:\"03-16-2026\";i:50;s:10:\"03-17-2026\";i:38;s:10:\"03-18-2026\";i:36;s:10:\"03-19-2026\";i:68;s:10:\"03-20-2026\";i:48;s:10:\"03-21-2026\";i:46;s:10:\"03-22-2026\";i:36;s:10:\"03-23-2026\";i:38;s:10:\"03-24-2026\";i:36;s:10:\"03-25-2026\";i:38;s:10:\"03-26-2026\";i:52;s:10:\"03-27-2026\";i:36;s:10:\"03-28-2026\";i:56;s:10:\"03-29-2026\";i:36;s:10:\"03-30-2026\";i:36;s:10:\"03-31-2026\";i:36;s:10:\"04-01-2026\";i:42;s:10:\"04-02-2026\";i:54;s:10:\"04-03-2026\";i:36;s:10:\"04-04-2026\";i:36;s:10:\"04-05-2026\";i:40;s:10:\"04-06-2026\";i:46;s:10:\"04-07-2026\";i:76;s:10:\"04-08-2026\";i:54;s:10:\"04-09-2026\";i:36;s:10:\"04-10-2026\";i:46;s:10:\"04-11-2026\";i:46;s:10:\"04-12-2026\";i:36;s:10:\"04-13-2026\";i:36;s:10:\"04-14-2026\";i:36;s:10:\"04-15-2026\";i:54;s:10:\"04-16-2026\";i:36;s:10:\"04-17-2026\";i:38;s:10:\"04-18-2026\";i:50;s:10:\"04-19-2026\";i:38;s:10:\"04-20-2026\";i:36;s:10:\"04-21-2026\";i:36;s:10:\"04-22-2026\";i:38;s:10:\"04-23-2026\";i:44;s:10:\"04-24-2026\";i:44;s:10:\"04-25-2026\";i:36;s:10:\"04-26-2026\";i:36;s:10:\"04-27-2026\";i:36;s:10:\"04-28-2026\";i:54;s:10:\"04-29-2026\";i:42;s:10:\"04-30-2026\";i:30;}"],"houzez_recently_viewed":["2026-04-30 12:12:55"],"fave_property_images":["23531","23510","23499","23501","23504","23518","23523","23525","23528","23530","23522","23535","23508","23516"],"_thumbnail_id":["23531"],"fave_agents":["150"],"_elementor_page_assets":["a:0:{}"]},"_links":{"self":[{"href":"https:\/\/www.tunidotenerife.com\/pl\/wp-json\/wp\/v2\/properties\/23538","targetHints":{"allow":["GET"]}}],"collection":[{"href":"https:\/\/www.tunidotenerife.com\/pl\/wp-json\/wp\/v2\/properties"}],"about":[{"href":"https:\/\/www.tunidotenerife.com\/pl\/wp-json\/wp\/v2\/types\/property"}],"author":[{"embeddable":true,"href":"https:\/\/www.tunidotenerife.com\/pl\/wp-json\/wp\/v2\/users\/5"}],"version-history":[{"count":0,"href":"https:\/\/www.tunidotenerife.com\/pl\/wp-json\/wp\/v2\/properties\/23538\/revisions"}],"wp:featuredmedia":[{"embeddable":true,"href":"https:\/\/www.tunidotenerife.com\/pl\/wp-json\/wp\/v2\/media\/23531"}],"wp:attachment":[{"href":"https:\/\/www.tunidotenerife.com\/pl\/wp-json\/wp\/v2\/media?parent=23538"}],"wp:term":[{"taxonomy":"property_type","embeddable":true,"href":"https:\/\/www.tunidotenerife.com\/pl\/wp-json\/wp\/v2\/property_type?post=23538"},{"taxonomy":"property_status","embeddable":true,"href":"https:\/\/www.tunidotenerife.com\/pl\/wp-json\/wp\/v2\/property_status?post=23538"},{"taxonomy":"property_feature","embeddable":true,"href":"https:\/\/www.tunidotenerife.com\/pl\/wp-json\/wp\/v2\/property_feature?post=23538"},{"taxonomy":"property_label","embeddable":true,"href":"https:\/\/www.tunidotenerife.com\/pl\/wp-json\/wp\/v2\/property_label?post=23538"},{"taxonomy":"property_city","embeddable":true,"href":"https:\/\/www.tunidotenerife.com\/pl\/wp-json\/wp\/v2\/property_city?post=23538"}],"curies":[{"name":"wp","href":"https:\/\/api.w.org\/{rel}","templated":true}]}}

Kamienica na sprzedaż na Teneryfie Południowej, Madroñal de Fañabe

<p>Odkryj komfort i luksus w kamienicy w Oasis de Fanabe: wymarzonym domu z mnóstwem wygód i przestrzeni. Ta kamienica z 4 sypialniami i 4 łazienkami jest idealną opcją dla rodzin lub dla tych, którzy lubią przyjmować gości. Dzięki całkowitej powierzchni 287 m2, przestrzeń nigdy nie będzie problemem.</p>
<p>Garaż na dwa samochody to jedna z wielu zalet tej kamienicy. Nie tylko zapewnia bezpieczną przestrzeń dla Państwa pojazdów, ale także zapewnia dodatkowy poziom wygody w codziennym życiu.</p>
<p>Dom wyróżnia się czterema tarasami, które oferują różnorodne przestrzenie zewnętrzne. Każdy z tych tarasów ma potencjał, aby stać się Państwa prywatnym kącikiem na świeżym powietrzu, miejscem, w którym można się zrelaksować i podziwiać widoki, w zależności od lokalizacji. Proszę rozważyć dodanie mebli ogrodowych lub roślin, aby stworzyć przytulną atmosferę i w pełni wykorzystać te przestrzenie.</p>
<p>Projekt wnętrza domu pozwala na szeroką gamę układów. Mogą Państwo cieszyć się przestronnym salonem, jadalnią i kuchnią, z dodatkową przestrzenią na domowe biuro lub pokój multimedialny. Elastyczność przestrzeni jest jedną z głównych atrakcji tej kamienicy w Oasis de Fanabe.</p>
<p>Krótko mówiąc, ta kamienica w Oasis de Fanabe to przestronny i wygodny dom, pełen pożądanych funkcji. Miejsce, w którym luksus i komfort łączą się, tworząc idealny dom.</p>
<p>Sprzedawane z meblami i sprzętem AGD!</p>

<p>Descubra la comodidad y el lujo en el adosado en Oasis de Fanabe: una vivienda de ensueño con una multitud de comodidades y espacios. Este adosado de 4 dormitorios y 4 baños, se presenta como una opción ideal para familias o para aquellos que disfrutan de recibir invitados. Con una superficie total de 287 m2, [&hellip;]</p>

Las fotos son de referencia, no reales. Se vende Con muebles y electrodomésticos.

Oasis de Fañabe 3, Costa Adeje, España
