{"id":21984,"date":"2024-04-18T15:47:52","date_gmt":"2024-04-18T14:47:52","guid":{"rendered":"https:\/\/www.tunidotenerife.com\/p\/apartamento-en-venta-en-tenerife-sur-madronal-de-fanabe\/"},"modified":"2025-05-28T11:12:09","modified_gmt":"2025-05-28T10:12:09","slug":"apartamento-en-venta-en-tenerife-sur-madronal-de-fanabe","status":"publish","type":"property","link":"https:\/\/www.tunidotenerife.com\/pl\/p\/apartamento-en-venta-en-tenerife-sur-madronal-de-fanabe\/","title":{"rendered":"Mieszkania na sprzeda\u017c na Teneryfie Po\u0142udniowej, Madro\u00f1al de Fa\u00f1abe"},"content":{"rendered":"<p>W Tu Nido mamy przyjemno\u015b\u0107 zaprezentowa\u0107 Pa\u0144stwu wyj\u0105tkow\u0105 okazj\u0119 inwestycyjn\u0105 w presti\u017cowej okolicy Madro\u00f1al de Fa\u00f1abe, na po\u0142udniu Teneryfy. Po\u0142o\u017cone zaledwie 800 metr\u00f3w od pla\u017cy, to spektakularne osiedle mieszkaniowe znajduje si\u0119 w bezkonkurencyjnej lokalizacji, oferuj\u0105c luksusowy i spokojny styl \u017cycia.<\/p>\n<p>Ten ekskluzywny kompleks mieszkaniowy sk\u0142ada si\u0119 z kilku pi\u0119ter: parteru, dw\u00f3ch antresoli i g\u00f3rnego pi\u0119tra, na kt\u00f3rym znajduj\u0105 si\u0119 po\u017c\u0105dane penthousy. Mieszkania w Madro\u00f1al de Fa\u00f1abe wyr\u00f3\u017cniaj\u0105 si\u0119 wyrafinowanym i funkcjonalnym designem, z opcjami 2 i 3 sypialni oraz 2 \u0142azienkami. Ka\u017cde mieszkanie ma du\u017cy salon i przestronn\u0105 kuchni\u0119, w pe\u0142ni wyposa\u017con\u0105 i umeblowan\u0105 wysokiej jako\u015bci urz\u0105dzeniami i materia\u0142ami, gwarantuj\u0105cymi maksymalny komfort i styl.<\/p>\n<p>Nieruchomo\u015bci posiadaj\u0105 przestronne tarasy, z kt\u00f3rych mo\u017cna podziwia\u0107 zapieraj\u0105ce dech w piersiach widoki na park i\/lub ocean, zapewniaj\u0105c idealn\u0105 przestrze\u0144 do relaksu i cieszenia si\u0119 s\u0142onecznym klimatem Teneryfy.<\/p>\n<p>Kompleks oferuje r\u00f3wnie\u017c kilka wsp\u00f3lnych obszar\u00f3w z ogrodami i wsp\u00f3lnym basenem z podgrzewan\u0105 wod\u0105, tworz\u0105c luksusow\u0105 atmosfer\u0119 kurortu dla mieszka\u0144c\u00f3w.<\/p>\n<p>Prosz\u0119 nie przegapi\u0107 okazji, aby naby\u0107 jedn\u0105 z ostatnich dost\u0119pnych nieruchomo\u015bci w tym ekskluzywnym projekcie mieszkaniowym w Madro\u00f1al de Fa\u00f1abe. Aby uzyska\u0107 wi\u0119cej informacji, prosz\u0119 nie wahaj si\u0119 z nami skontaktowa\u0107. W Tu Nido dok\u0142adamy wszelkich stara\u0144, aby pom\u00f3c Pa\u0144stwu znale\u017a\u0107 wymarzony dom na Teneryfie.<\/p>","protected":false},"excerpt":{"rendered":"<p>En Tu Nido, nos complace presentarles una oportunidad \u00fanica de inversi\u00f3n inmobiliaria en la prestigiosa zona de Madro\u00f1al de Fa\u00f1abe, en el sur de Tenerife. A tan solo 800 metros de la playa, este espectacular proyecto de viviendas se sit\u00faa en una ubicaci\u00f3n inmejorable, ofreciendo un estilo de vida de lujo y tranquilidad. Este exclusivo [&hellip;]<\/p>\n","protected":false},"author":2,"featured_media":21956,"parent":0,"menu_order":0,"template":"","property_type":[49],"property_status":[24],"property_feature":[17,176,174,169,173,172,171,170],"property_label":[179],"property_city":[62],"class_list":["post-21984","property","type-property","status-publish","has-post-thumbnail","hentry","property_type-apartamento","property_status-venta","property_feature-aire-acondicionado","property_feature-cerca-de-centros-comerciales","property_feature-cocina-amueblada","property_feature-nueva-construccion","property_feature-piscina-climatizada","property_feature-piscina-comunitaria","property_feature-vistas-a-la-montana","property_feature-vistas-al-oceano","property_label-luxury","property_city-el-madronal-de-fanabe"],"property_meta":{"rank_math_internal_links_processed":["1"],"fave_property_price":["580000"],"fave_property_price_postfix":[""],"fave_show_price_placeholder":["0"],"fave_property_price_placeholder":[""],"fave_property_price_prefix":["Desde"],"fave_property_sec_price":[""],"fave_property_size":["120"],"fave_property_size_prefix":["m\u00b2"],"fave_property_land":["140"],"fave_property_land_postfix":["m\u00b2"],"fave_property_bedrooms":["2"],"fave_property_bathrooms":["2"],"fave_property_garage":["1"],"fave_property_garage_size":[""],"fave_virtual_tour":[""],"fave_property_year":[""],"fave_property_id":["2173"],"fave_video_url":[""],"fave_property_zip":[""],"additional_features":["a:1:{i:0;a:2:{s:29:\"fave_additional_feature_title\";s:0:\"\";s:29:\"fave_additional_feature_value\";s:0:\"\";}}"],"fave_additional_features_enable":["enable"],"floor_plans":[""],"fave_multi_units":[""],"fave_featured":["0"],"houzez_featured_listing_date":[""],"fave_loggedintoview":["0"],"fave_mortgage_cal":["0"],"fave_private_note":[""],"fave_property_disclaimer":[""],"fave_payment_status":["not_paid"],"fave_agent_display_option":["agent_info"],"fave_property_map_address":["Calle Beirut, Costa Adeje, Espa\u00f1a"],"fave_property_address":["Calle Beirut, Costa Adeje, Espa\u00f1a"],"houzez_geolocation_lat":["28.0914635"],"houzez_geolocation_long":["-16.7281504"],"fave_property_location":["28.0914635,-16.7281504"],"fave_property_map":["1"],"fave_property_map_street_view":[""],"houzez_total_property_views":["22810"],"houzez_views_by_date":["a:61:{s:10:\"03-03-2026\";i:35;s:10:\"03-04-2026\";i:38;s:10:\"03-05-2026\";i:50;s:10:\"03-06-2026\";i:38;s:10:\"03-07-2026\";i:36;s:10:\"03-08-2026\";i:36;s:10:\"03-09-2026\";i:36;s:10:\"03-10-2026\";i:54;s:10:\"03-11-2026\";i:66;s:10:\"03-12-2026\";i:54;s:10:\"03-13-2026\";i:36;s:10:\"03-14-2026\";i:36;s:10:\"03-15-2026\";i:44;s:10:\"03-16-2026\";i:46;s:10:\"03-17-2026\";i:36;s:10:\"03-18-2026\";i:40;s:10:\"03-19-2026\";i:70;s:10:\"03-20-2026\";i:46;s:10:\"03-21-2026\";i:46;s:10:\"03-22-2026\";i:36;s:10:\"03-23-2026\";i:38;s:10:\"03-24-2026\";i:36;s:10:\"03-25-2026\";i:38;s:10:\"03-26-2026\";i:52;s:10:\"03-27-2026\";i:36;s:10:\"03-28-2026\";i:56;s:10:\"03-29-2026\";i:36;s:10:\"03-30-2026\";i:36;s:10:\"03-31-2026\";i:36;s:10:\"04-01-2026\";i:46;s:10:\"04-02-2026\";i:54;s:10:\"04-03-2026\";i:36;s:10:\"04-04-2026\";i:36;s:10:\"04-05-2026\";i:43;s:10:\"04-06-2026\";i:47;s:10:\"04-07-2026\";i:83;s:10:\"04-08-2026\";i:54;s:10:\"04-09-2026\";i:36;s:10:\"04-10-2026\";i:42;s:10:\"04-11-2026\";i:48;s:10:\"04-12-2026\";i:36;s:10:\"04-13-2026\";i:36;s:10:\"04-14-2026\";i:36;s:10:\"04-15-2026\";i:54;s:10:\"04-16-2026\";i:36;s:10:\"04-17-2026\";i:40;s:10:\"04-18-2026\";i:50;s:10:\"04-19-2026\";i:36;s:10:\"04-20-2026\";i:36;s:10:\"04-21-2026\";i:36;s:10:\"04-22-2026\";i:38;s:10:\"04-23-2026\";i:45;s:10:\"04-24-2026\";i:43;s:10:\"04-25-2026\";i:36;s:10:\"04-26-2026\";i:36;s:10:\"04-27-2026\";i:36;s:10:\"04-28-2026\";i:54;s:10:\"04-29-2026\";i:42;s:10:\"04-30-2026\";i:48;s:10:\"05-01-2026\";i:36;s:10:\"05-02-2026\";i:18;}"],"houzez_recently_viewed":["2026-05-02 09:16:34"],"fave_property_images":["21956","21957","21960","21955","21950","21962","21961","21951","21952","21954","21949","21958","21964","21965","21963","21959"],"_thumbnail_id":["21956"],"fave_agents":["150"],"_elementor_page_assets":["a:0:{}"]},"_links":{"self":[{"href":"https:\/\/www.tunidotenerife.com\/pl\/wp-json\/wp\/v2\/properties\/21984","targetHints":{"allow":["GET"]}}],"collection":[{"href":"https:\/\/www.tunidotenerife.com\/pl\/wp-json\/wp\/v2\/properties"}],"about":[{"href":"https:\/\/www.tunidotenerife.com\/pl\/wp-json\/wp\/v2\/types\/property"}],"author":[{"embeddable":true,"href":"https:\/\/www.tunidotenerife.com\/pl\/wp-json\/wp\/v2\/users\/2"}],"version-history":[{"count":0,"href":"https:\/\/www.tunidotenerife.com\/pl\/wp-json\/wp\/v2\/properties\/21984\/revisions"}],"wp:featuredmedia":[{"embeddable":true,"href":"https:\/\/www.tunidotenerife.com\/pl\/wp-json\/wp\/v2\/media\/21956"}],"wp:attachment":[{"href":"https:\/\/www.tunidotenerife.com\/pl\/wp-json\/wp\/v2\/media?parent=21984"}],"wp:term":[{"taxonomy":"property_type","embeddable":true,"href":"https:\/\/www.tunidotenerife.com\/pl\/wp-json\/wp\/v2\/property_type?post=21984"},{"taxonomy":"property_status","embeddable":true,"href":"https:\/\/www.tunidotenerife.com\/pl\/wp-json\/wp\/v2\/property_status?post=21984"},{"taxonomy":"property_feature","embeddable":true,"href":"https:\/\/www.tunidotenerife.com\/pl\/wp-json\/wp\/v2\/property_feature?post=21984"},{"taxonomy":"property_label","embeddable":true,"href":"https:\/\/www.tunidotenerife.com\/pl\/wp-json\/wp\/v2\/property_label?post=21984"},{"taxonomy":"property_city","embeddable":true,"href":"https:\/\/www.tunidotenerife.com\/pl\/wp-json\/wp\/v2\/property_city?post=21984"}],"curies":[{"name":"wp","href":"https:\/\/api.w.org\/{rel}","templated":true}]}}

Mieszkania na sprzedaż na Teneryfie Południowej, Madroñal de Fañabe

<p>W Tu Nido mamy przyjemność zaprezentować Państwu wyjątkową okazję inwestycyjną w prestiżowej okolicy Madroñal de Fañabe, na południu Teneryfy. Położone zaledwie 800 metrów od plaży, to spektakularne osiedle mieszkaniowe znajduje się w bezkonkurencyjnej lokalizacji, oferując luksusowy i spokojny styl życia.</p>
<p>Ten ekskluzywny kompleks mieszkaniowy składa się z kilku pięter: parteru, dwóch antresoli i górnego piętra, na którym znajdują się pożądane penthousy. Mieszkania w Madroñal de Fañabe wyróżniają się wyrafinowanym i funkcjonalnym designem, z opcjami 2 i 3 sypialni oraz 2 łazienkami. Każde mieszkanie ma duży salon i przestronną kuchnię, w pełni wyposażoną i umeblowaną wysokiej jakości urządzeniami i materiałami, gwarantującymi maksymalny komfort i styl.</p>
<p>Nieruchomości posiadają przestronne tarasy, z których można podziwiać zapierające dech w piersiach widoki na park i/lub ocean, zapewniając idealną przestrzeń do relaksu i cieszenia się słonecznym klimatem Teneryfy.</p>
<p>Kompleks oferuje również kilka wspólnych obszarów z ogrodami i wspólnym basenem z podgrzewaną wodą, tworząc luksusową atmosferę kurortu dla mieszkańców.</p>
<p>Proszę nie przegapić okazji, aby nabyć jedną z ostatnich dostępnych nieruchomości w tym ekskluzywnym projekcie mieszkaniowym w Madroñal de Fañabe. Aby uzyskać więcej informacji, proszę nie wahaj się z nami skontaktować. W Tu Nido dokładamy wszelkich starań, aby pomóc Państwu znaleźć wymarzony dom na Teneryfie.</p>

<p>En Tu Nido, nos complace presentarles una oportunidad única de inversión inmobiliaria en la prestigiosa zona de Madroñal de Fañabe, en el sur de Tenerife. A tan solo 800 metros de la playa, este espectacular proyecto de viviendas se sitúa en una ubicación inmejorable, ofreciendo un estilo de vida de lujo y tranquilidad. Este exclusivo [&hellip;]</p>

Calle Beirut, Costa Adeje, España
