{"id":21353,"date":"2024-04-15T16:31:06","date_gmt":"2024-04-15T15:31:06","guid":{"rendered":"https:\/\/www.tunidotenerife.com\/p\/villas-en-venta-en-los-abrigos\/"},"modified":"2024-04-16T02:27:20","modified_gmt":"2024-04-16T01:27:20","slug":"villas-venta-tenerife-2240","status":"publish","type":"property","link":"https:\/\/www.tunidotenerife.com\/pl\/p\/villas-venta-tenerife-2240\/","title":{"rendered":"Wille na sprzeda\u017c w Los Abrigos, Teneryfa Po\u0142udniowa"},"content":{"rendered":"<p>Mamy przyjemno\u015b\u0107 zaprezentowa\u0107 Pa\u0144stwu nowo wybudowane luksusowe wille Tu Nido Tenerife, znajduj\u0105ce si\u0119 w presti\u017cowym kompleksie mieszkaniowym SAN BLAS Ocean Views. Kompleks ten, sk\u0142adaj\u0105cy si\u0119 z 13 wyr\u00f3\u017cniaj\u0105cych si\u0119 rezydencji, znajduje si\u0119 w ekologicznie dziewiczej cz\u0119\u015bci wyspy, na pierwszej linii majestatycznego Oceanu Atlantyckiego i rzut kamieniem od renomowanych p\u00f3l golfowych Golf del Sur i Amarilla.<\/p>\n<p>Wille te, ka\u017cda z w\u0142asnym niezale\u017cnym wej\u015bciem od Calle Los Salados, oferuj\u0105 nowoczesn\u0105 i wykwintn\u0105 architektur\u0119, z trzema pi\u0119trami mieszcz\u0105cymi trzy sypialnie i trzy \u0142azienki oraz toalet\u0119 dla go\u015bci. Niezale\u017cna kuchnia z bezpo\u015brednim dost\u0119pem do tarasu i basenu dodaje elegancji i funkcjonalno\u015bci. Ka\u017cda willa ma r\u00f3wnie\u017c wy\u0142\u0105czny dost\u0119p do tarasu na dachu, gdzie mo\u017cna cieszy\u0107 si\u0119 solarium na dachu i niezapomnianymi widokami gwiazd w nocy.<\/p>\n<p>Komfort jest podniesiony na nowy poziom dzi\u0119ki w\u0142asnej windzie \u0142\u0105cz\u0105cej pi\u0119tra domu, klimatyzacji na gor\u0105ce letnie dni i prywatnemu basenowi z widokiem na uj\u015bcie rzeki i ocean. Profesjonalnie wyko\u0144czone i nowoczesne wn\u0119trze jest gotowe do zamieszkania.<\/p>\n<p>Te wille w Los Abrigos s\u0105 zbudowane na dzia\u0142ce o powierzchni oko\u0142o 230 m2 i maj\u0105 powierzchni\u0119 zabudowy 220 m2. Ka\u017cda willa r\u00f3\u017cni si\u0119 o kilka metr\u00f3w w zale\u017cno\u015bci od lokalizacji, dodaj\u0105c odrobin\u0119 wyj\u0105tkowo\u015bci ka\u017cdej rezydencji.<\/p>\n<p>W sprawie wizyt i dalszych informacji prosimy nie waha\u0107 si\u0119 z nami skontaktowa\u0107. Zapraszamy Pa\u0144stwa do odkrycia tych mieszkaniowych klejnot\u00f3w na rajskiej wyspie Teneryfa.<\/p>","protected":false},"excerpt":{"rendered":"<p>Nos complace presentarles en exclusiva las lujosas villas de nueva construcci\u00f3n de Tu Nido Tenerife, situadas en el prestigioso complejo residencial SAN BLAS Ocean Views. Este complejo, compuesto por 13 distinguidas residencias, se encuentra en una zona ecol\u00f3gicamente pr\u00edstina de la isla, en primera l\u00ednea del majestuoso Oc\u00e9ano Atl\u00e1ntico y a un tiro de piedra [&hellip;]<\/p>\n","protected":false},"author":2,"featured_media":21319,"parent":0,"menu_order":0,"template":"","property_type":[45],"property_status":[24],"property_feature":[178,174,169,42,171,170],"property_label":[],"property_city":[97],"class_list":["post-21353","property","type-property","status-publish","has-post-thumbnail","hentry","property_type-villa","property_status-venta","property_feature-aparcamiento-privado-cerrado","property_feature-cocina-amueblada","property_feature-nueva-construccion","property_feature-piscina-privada","property_feature-vistas-a-la-montana","property_feature-vistas-al-oceano","property_city-los-abrigos"],"property_meta":{"rank_math_internal_links_processed":["1"],"fave_property_price":["957000"],"fave_show_price_placeholder":["0"],"fave_property_price_prefix":["Desde"],"fave_property_size":["220"],"fave_property_size_prefix":["m\u00b2"],"fave_property_land":["230"],"fave_property_land_postfix":["m\u00b2"],"fave_property_bedrooms":["3"],"fave_property_bathrooms":["2"],"fave_property_id":["2240"],"_thumbnail_id":["21319"],"fave_property_zip":["38618"],"fave_additional_features_enable":["enable"],"fave_featured":["0"],"houzez_featured_listing_date":[""],"fave_loggedintoview":["0"],"fave_mortgage_cal":["0"],"fave_payment_status":["not_paid"],"fave_agent_display_option":["agent_info"],"fave_property_map_address":["Los Abrigos, Espa\u00f1a"],"fave_property_address":["Los Abrigos, Espa\u00f1a"],"houzez_geolocation_lat":["28.0297446"],"houzez_geolocation_long":["-16.5930291"],"fave_property_location":["28.0297446,-16.5930291,14"],"fave_property_map":["1"],"fave_property_map_street_view":["hide"],"_edit_lock":["1713230770:1"],"rank_math_seo_score":["10"],"_edit_last":["1"],"fave_property_images":["21319","21321","21315","21314","21316","21318","21320","21322","21323","21335","21324","21325","21326","21328","21330","21332","21334","21336","21342","21337","21338","21339","21340","21341","21343","21344","21345","21346","21347","21348","21349","21352","21350","21351","21317","21331","21329","21327","21333"],"fave_agents":["150"],"fave_single_top_area":["global"],"fave_single_content_area":["global"],"rank_math_primary_property_type":["0"],"rank_math_primary_property_status":["0"],"rank_math_primary_property_feature":["0"],"rank_math_primary_property_label":["0"],"rank_math_primary_property_city":["0"],"houzez_manual_expire":["0"],"_houzez_expiration_date_status":["saved"],"houzez_total_property_views":["23297"],"houzez_views_by_date":["a:61:{s:10:\"03-01-2026\";i:38;s:10:\"03-02-2026\";i:43;s:10:\"03-03-2026\";i:39;s:10:\"03-04-2026\";i:41;s:10:\"03-05-2026\";i:50;s:10:\"03-06-2026\";i:38;s:10:\"03-07-2026\";i:36;s:10:\"03-08-2026\";i:36;s:10:\"03-09-2026\";i:36;s:10:\"03-10-2026\";i:54;s:10:\"03-11-2026\";i:60;s:10:\"03-12-2026\";i:54;s:10:\"03-13-2026\";i:36;s:10:\"03-14-2026\";i:36;s:10:\"03-15-2026\";i:38;s:10:\"03-16-2026\";i:50;s:10:\"03-17-2026\";i:38;s:10:\"03-18-2026\";i:36;s:10:\"03-19-2026\";i:70;s:10:\"03-20-2026\";i:46;s:10:\"03-21-2026\";i:44;s:10:\"03-22-2026\";i:36;s:10:\"03-23-2026\";i:36;s:10:\"03-24-2026\";i:36;s:10:\"03-25-2026\";i:36;s:10:\"03-26-2026\";i:54;s:10:\"03-27-2026\";i:36;s:10:\"03-28-2026\";i:54;s:10:\"03-29-2026\";i:36;s:10:\"03-30-2026\";i:36;s:10:\"03-31-2026\";i:36;s:10:\"04-01-2026\";i:39;s:10:\"04-02-2026\";i:54;s:10:\"04-03-2026\";i:36;s:10:\"04-04-2026\";i:36;s:10:\"04-05-2026\";i:38;s:10:\"04-06-2026\";i:52;s:10:\"04-07-2026\";i:57;s:10:\"04-08-2026\";i:54;s:10:\"04-09-2026\";i:36;s:10:\"04-10-2026\";i:44;s:10:\"04-11-2026\";i:46;s:10:\"04-12-2026\";i:36;s:10:\"04-13-2026\";i:36;s:10:\"04-14-2026\";i:36;s:10:\"04-15-2026\";i:54;s:10:\"04-16-2026\";i:36;s:10:\"04-17-2026\";i:39;s:10:\"04-18-2026\";i:51;s:10:\"04-19-2026\";i:36;s:10:\"04-20-2026\";i:36;s:10:\"04-21-2026\";i:36;s:10:\"04-22-2026\";i:36;s:10:\"04-23-2026\";i:46;s:10:\"04-24-2026\";i:44;s:10:\"04-25-2026\";i:36;s:10:\"04-26-2026\";i:36;s:10:\"04-27-2026\";i:36;s:10:\"04-28-2026\";i:52;s:10:\"04-29-2026\";i:42;s:10:\"04-30-2026\";i:30;}"],"houzez_recently_viewed":["2026-04-30 11:57:37"],"_elementor_page_assets":["a:0:{}"]},"_links":{"self":[{"href":"https:\/\/www.tunidotenerife.com\/pl\/wp-json\/wp\/v2\/properties\/21353","targetHints":{"allow":["GET"]}}],"collection":[{"href":"https:\/\/www.tunidotenerife.com\/pl\/wp-json\/wp\/v2\/properties"}],"about":[{"href":"https:\/\/www.tunidotenerife.com\/pl\/wp-json\/wp\/v2\/types\/property"}],"author":[{"embeddable":true,"href":"https:\/\/www.tunidotenerife.com\/pl\/wp-json\/wp\/v2\/users\/2"}],"version-history":[{"count":0,"href":"https:\/\/www.tunidotenerife.com\/pl\/wp-json\/wp\/v2\/properties\/21353\/revisions"}],"wp:featuredmedia":[{"embeddable":true,"href":"https:\/\/www.tunidotenerife.com\/pl\/wp-json\/wp\/v2\/media\/21319"}],"wp:attachment":[{"href":"https:\/\/www.tunidotenerife.com\/pl\/wp-json\/wp\/v2\/media?parent=21353"}],"wp:term":[{"taxonomy":"property_type","embeddable":true,"href":"https:\/\/www.tunidotenerife.com\/pl\/wp-json\/wp\/v2\/property_type?post=21353"},{"taxonomy":"property_status","embeddable":true,"href":"https:\/\/www.tunidotenerife.com\/pl\/wp-json\/wp\/v2\/property_status?post=21353"},{"taxonomy":"property_feature","embeddable":true,"href":"https:\/\/www.tunidotenerife.com\/pl\/wp-json\/wp\/v2\/property_feature?post=21353"},{"taxonomy":"property_label","embeddable":true,"href":"https:\/\/www.tunidotenerife.com\/pl\/wp-json\/wp\/v2\/property_label?post=21353"},{"taxonomy":"property_city","embeddable":true,"href":"https:\/\/www.tunidotenerife.com\/pl\/wp-json\/wp\/v2\/property_city?post=21353"}],"curies":[{"name":"wp","href":"https:\/\/api.w.org\/{rel}","templated":true}]}}

Wille na sprzedaż w Los Abrigos, Teneryfa Południowa

<p>Mamy przyjemność zaprezentować Państwu nowo wybudowane luksusowe wille Tu Nido Tenerife, znajdujące się w prestiżowym kompleksie mieszkaniowym SAN BLAS Ocean Views. Kompleks ten, składający się z 13 wyróżniających się rezydencji, znajduje się w ekologicznie dziewiczej części wyspy, na pierwszej linii majestatycznego Oceanu Atlantyckiego i rzut kamieniem od renomowanych pól golfowych Golf del Sur i Amarilla.</p>
<p>Wille te, każda z własnym niezależnym wejściem od Calle Los Salados, oferują nowoczesną i wykwintną architekturę, z trzema piętrami mieszczącymi trzy sypialnie i trzy łazienki oraz toaletę dla gości. Niezależna kuchnia z bezpośrednim dostępem do tarasu i basenu dodaje elegancji i funkcjonalności. Każda willa ma również wyłączny dostęp do tarasu na dachu, gdzie można cieszyć się solarium na dachu i niezapomnianymi widokami gwiazd w nocy.</p>
<p>Komfort jest podniesiony na nowy poziom dzięki własnej windzie łączącej piętra domu, klimatyzacji na gorące letnie dni i prywatnemu basenowi z widokiem na ujście rzeki i ocean. Profesjonalnie wykończone i nowoczesne wnętrze jest gotowe do zamieszkania.</p>
<p>Te wille w Los Abrigos są zbudowane na działce o powierzchni około 230 m2 i mają powierzchnię zabudowy 220 m2. Każda willa różni się o kilka metrów w zależności od lokalizacji, dodając odrobinę wyjątkowości każdej rezydencji.</p>
<p>W sprawie wizyt i dalszych informacji prosimy nie wahać się z nami skontaktować. Zapraszamy Państwa do odkrycia tych mieszkaniowych klejnotów na rajskiej wyspie Teneryfa.</p>

<p>Nos complace presentarles en exclusiva las lujosas villas de nueva construcción de Tu Nido Tenerife, situadas en el prestigioso complejo residencial SAN BLAS Ocean Views. Este complejo, compuesto por 13 distinguidas residencias, se encuentra en una zona ecológicamente prístina de la isla, en primera línea del majestuoso Océano Atlántico y a un tiro de piedra [&hellip;]</p>

Los Abrigos, España
