{"id":27057,"date":"2025-06-06T16:12:16","date_gmt":"2025-06-06T15:12:16","guid":{"rendered":"https:\/\/www.tunidotenerife.com\/p\/apartamentos-en-venta-en-playa-san-juan-tenerife-sur-2\/"},"modified":"2025-06-06T16:12:16","modified_gmt":"2025-06-06T15:12:16","slug":"apartamentos-en-venta-en-playa-san-juan-tenerife-sur-2","status":"publish","type":"property","link":"https:\/\/www.tunidotenerife.com\/it\/p\/apartamentos-en-venta-en-playa-san-juan-tenerife-sur-2\/","title":{"rendered":"Appartamenti in vendita Playa San Juan, Tenerife Sud"},"content":{"rendered":"<p>Benvenuti nella vostra futura casa all'Playa San Juan! Questa magnifica propriet\u00e0 di nuova costruzione, lussuosa e affacciata sull'oceano \u00e8 in vendita e vi aspetta per essere scoperta. Con una scelta di 2 o 3 spaziose camere da letto e 2 bagni completi, questo appartamento offre uno spazio abitativo confortevole e moderno.<\/p>\n<p>Entrando, troverete un design contemporaneo ed elegante che scorre in ogni stanza. Le ampie terrazze sono il luogo ideale per rilassarsi godendo della vista mozzafiato sull'oceano. Immaginate di svegliarvi ogni mattina con il dolce suono delle onde e il profumo del mare.<\/p>\n<p>Ma non \u00e8 tutto. Questa struttura offre anche due piscine, di cui una riscaldata, per cui potrete godervi una nuotata rinfrescante in qualsiasi periodo dell'anno. E non dovrete preoccuparvi del parcheggio, perch\u00e9 \u00e8 incluso un posto auto.<\/p>\n<p>Questo appartamento non \u00e8 solo un posto dove vivere, \u00e8 uno stile di vita. Un luogo dove ogni giorno sembra una vacanza. Non perdete l'occasione di realizzare il vostro sogno di vivere sulla spiaggia, contattateci oggi stesso per maggiori informazioni!<\/p>","protected":false},"excerpt":{"rendered":"<p>\u00a1Bienvenidos a su futuro hogar en Playa San Juan! Esta magn\u00edfica propiedad reci\u00e9n construida, lujosa y situada en primera l\u00ednea de oc\u00e9ano, se encuentra a la venta y est\u00e1 esperando a que usted la descubra. Con opci\u00f3n de 2 o 3 amplias habitaciones y 2 ba\u00f1os completos, este apartamento ofrece un espacio c\u00f3modo y moderno [&hellip;]<\/p>\n","protected":false},"author":5,"featured_media":27038,"parent":0,"menu_order":0,"template":"","property_type":[49],"property_status":[24],"property_feature":[17,178,176,177,174,25,26,169,173,172,42,35,21,171,170],"property_label":[179],"property_city":[73],"class_list":["post-27057","property","type-property","status-publish","has-post-thumbnail","hentry","property_type-apartamento","property_status-venta","property_feature-aire-acondicionado","property_feature-aparcamiento-privado-cerrado","property_feature-cerca-de-centros-comerciales","property_feature-cerca-de-la-playa","property_feature-cocina-amueblada","property_feature-gimnasio","property_feature-lavadora","property_feature-nueva-construccion","property_feature-piscina-climatizada","property_feature-piscina-comunitaria","property_feature-piscina-privada","property_feature-sauna","property_feature-secadora","property_feature-vistas-a-la-montana","property_feature-vistas-al-oceano","property_label-luxury","property_city-playa-san-juan"],"property_meta":{"rank_math_internal_links_processed":["1"],"fave_property_bathrooms":["2"],"fave_property_bedrooms":["2"],"fave_property_size":["126"],"fave_property_size_prefix":["m\u00b2"],"fave_property_land":[""],"fave_property_land_postfix":["m\u00b2"],"fave_property_garage":["1"],"fave_property_garage_size":[""],"fave_property_year":[""],"fave_property_price":["940000"],"fave_property_price_placeholder":[""],"fave_property_price_prefix":["Desde"],"fave_property_price_postfix":[""],"fave_property_sec_price":[""],"fave_show_price_placeholder":["0"],"additional_features":["a:1:{i:0;a:2:{s:29:\"fave_additional_feature_title\";s:0:\"\";s:29:\"fave_additional_feature_value\";s:0:\"\";}}"],"fave_additional_features_enable":["enable"],"floor_plans":[""],"fave_multi_units":[""],"fave_featured":["0"],"houzez_featured_listing_date":[""],"fave_virtual_tour":[""],"fave_loggedintoview":["0"],"fave_video_url":[""],"fave_property_images":["27038","27039","27040","27041","27042","27043","27044","27045","27046","27047","27048","27049","27050","27051","27052","27053","27054","27055","27056"],"_thumbnail_id":["27038"],"fave_property_zip":["38687"],"fave_property_map_address":["Playa San Juan, Gu\u00eda de Isora, Santa Cruz de Tenerife, Canarias, 38687, Espa\u00f1a"],"fave_property_address":["Playa San Juan, Gu\u00eda de Isora, Santa Cruz de Tenerife, Canarias, 38687, Espa\u00f1a"],"houzez_geolocation_lat":["28.185557990422456"],"houzez_geolocation_long":["-16.820670714745166"],"fave_property_location":["28.185557990422456,-16.820670714745166"],"fave_property_map":["1"],"fave_property_map_street_view":[null],"fave_property_id":["2341"],"fave_private_note":[""],"fave_property_disclaimer":[""],"fave_payment_status":["not_paid"],"fave_agents":["23720"],"fave_agent_display_option":["agent_info"],"fave_mortgage_cal":["0"],"houzez_total_property_views":["13342"],"houzez_views_by_date":["a:61:{s:10:\"03-01-2026\";i:36;s:10:\"03-02-2026\";i:38;s:10:\"03-03-2026\";i:46;s:10:\"03-04-2026\";i:39;s:10:\"03-05-2026\";i:36;s:10:\"03-06-2026\";i:52;s:10:\"03-07-2026\";i:38;s:10:\"03-08-2026\";i:36;s:10:\"03-09-2026\";i:36;s:10:\"03-10-2026\";i:42;s:10:\"03-11-2026\";i:37;s:10:\"03-12-2026\";i:42;s:10:\"03-13-2026\";i:36;s:10:\"03-14-2026\";i:36;s:10:\"03-15-2026\";i:36;s:10:\"03-16-2026\";i:36;s:10:\"03-17-2026\";i:52;s:10:\"03-18-2026\";i:38;s:10:\"03-19-2026\";i:38;s:10:\"03-20-2026\";i:37;s:10:\"03-21-2026\";i:38;s:10:\"03-22-2026\";i:52;s:10:\"03-23-2026\";i:36;s:10:\"03-24-2026\";i:36;s:10:\"03-25-2026\";i:36;s:10:\"03-26-2026\";i:54;s:10:\"03-27-2026\";i:36;s:10:\"03-28-2026\";i:54;s:10:\"03-29-2026\";i:36;s:10:\"03-30-2026\";i:36;s:10:\"03-31-2026\";i:36;s:10:\"04-01-2026\";i:38;s:10:\"04-02-2026\";i:46;s:10:\"04-03-2026\";i:36;s:10:\"04-04-2026\";i:36;s:10:\"04-05-2026\";i:36;s:10:\"04-06-2026\";i:37;s:10:\"04-07-2026\";i:36;s:10:\"04-08-2026\";i:37;s:10:\"04-09-2026\";i:36;s:10:\"04-10-2026\";i:37;s:10:\"04-11-2026\";i:36;s:10:\"04-12-2026\";i:49;s:10:\"04-13-2026\";i:40;s:10:\"04-14-2026\";i:36;s:10:\"04-15-2026\";i:54;s:10:\"04-16-2026\";i:36;s:10:\"04-17-2026\";i:36;s:10:\"04-18-2026\";i:39;s:10:\"04-19-2026\";i:42;s:10:\"04-20-2026\";i:45;s:10:\"04-21-2026\";i:36;s:10:\"04-22-2026\";i:36;s:10:\"04-23-2026\";i:36;s:10:\"04-24-2026\";i:39;s:10:\"04-25-2026\";i:51;s:10:\"04-26-2026\";i:36;s:10:\"04-27-2026\";i:36;s:10:\"04-28-2026\";i:39;s:10:\"04-29-2026\";i:37;s:10:\"04-30-2026\";i:35;}"],"houzez_recently_viewed":["2026-04-30 13:50:00"],"_elementor_page_assets":["a:0:{}"]},"_links":{"self":[{"href":"https:\/\/www.tunidotenerife.com\/it\/wp-json\/wp\/v2\/properties\/27057","targetHints":{"allow":["GET"]}}],"collection":[{"href":"https:\/\/www.tunidotenerife.com\/it\/wp-json\/wp\/v2\/properties"}],"about":[{"href":"https:\/\/www.tunidotenerife.com\/it\/wp-json\/wp\/v2\/types\/property"}],"author":[{"embeddable":true,"href":"https:\/\/www.tunidotenerife.com\/it\/wp-json\/wp\/v2\/users\/5"}],"version-history":[{"count":0,"href":"https:\/\/www.tunidotenerife.com\/it\/wp-json\/wp\/v2\/properties\/27057\/revisions"}],"wp:featuredmedia":[{"embeddable":true,"href":"https:\/\/www.tunidotenerife.com\/it\/wp-json\/wp\/v2\/media\/27038"}],"wp:attachment":[{"href":"https:\/\/www.tunidotenerife.com\/it\/wp-json\/wp\/v2\/media?parent=27057"}],"wp:term":[{"taxonomy":"property_type","embeddable":true,"href":"https:\/\/www.tunidotenerife.com\/it\/wp-json\/wp\/v2\/property_type?post=27057"},{"taxonomy":"property_status","embeddable":true,"href":"https:\/\/www.tunidotenerife.com\/it\/wp-json\/wp\/v2\/property_status?post=27057"},{"taxonomy":"property_feature","embeddable":true,"href":"https:\/\/www.tunidotenerife.com\/it\/wp-json\/wp\/v2\/property_feature?post=27057"},{"taxonomy":"property_label","embeddable":true,"href":"https:\/\/www.tunidotenerife.com\/it\/wp-json\/wp\/v2\/property_label?post=27057"},{"taxonomy":"property_city","embeddable":true,"href":"https:\/\/www.tunidotenerife.com\/it\/wp-json\/wp\/v2\/property_city?post=27057"}],"curies":[{"name":"wp","href":"https:\/\/api.w.org\/{rel}","templated":true}]}}

<p>Benvenuti nella vostra futura casa all'Playa San Juan! Questa magnifica proprietà di nuova costruzione, lussuosa e affacciata sull'oceano è in vendita e vi aspetta per essere scoperta. Con una scelta di 2 o 3 spaziose camere da letto e 2 bagni completi, questo appartamento offre uno spazio abitativo confortevole e moderno.</p>
<p>Entrando, troverete un design contemporaneo ed elegante che scorre in ogni stanza. Le ampie terrazze sono il luogo ideale per rilassarsi godendo della vista mozzafiato sull'oceano. Immaginate di svegliarvi ogni mattina con il dolce suono delle onde e il profumo del mare.</p>
<p>Ma non è tutto. Questa struttura offre anche due piscine, di cui una riscaldata, per cui potrete godervi una nuotata rinfrescante in qualsiasi periodo dell'anno. E non dovrete preoccuparvi del parcheggio, perché è incluso un posto auto.</p>
<p>Questo appartamento non è solo un posto dove vivere, è uno stile di vita. Un luogo dove ogni giorno sembra una vacanza. Non perdete l'occasione di realizzare il vostro sogno di vivere sulla spiaggia, contattateci oggi stesso per maggiori informazioni!</p>

<p>¡Bienvenidos a su futuro hogar en Playa San Juan! Esta magnífica propiedad recién construida, lujosa y situada en primera línea de océano, se encuentra a la venta y está esperando a que usted la descubra. Con opción de 2 o 3 amplias habitaciones y 2 baños completos, este apartamento ofrece un espacio cómodo y moderno [&hellip;]</p>

Playa San Juan, Guía de Isora, Santa Cruz de Tenerife, Canarias, 38687, España
