{"id":24841,"date":"2024-07-29T16:27:25","date_gmt":"2024-07-29T15:27:25","guid":{"rendered":"https:\/\/www.tunidotenerife.com\/p\/apartamento-en-venta-en-tenerife-sur-las-americas\/"},"modified":"2025-07-14T15:17:49","modified_gmt":"2025-07-14T14:17:49","slug":"apartamento-en-venta-en-tenerife-sur-las-americas","status":"houzez_sold","type":"property","link":"https:\/\/www.tunidotenerife.com\/it\/p\/apartamento-en-venta-en-tenerife-sur-las-americas\/","title":{"rendered":"Appartamento in vendita a Tenerife Sud, Las Americas"},"content":{"rendered":"<p>Siamo lieti di presentare questo bellissimo appartamento in vendita, situato nel ricercato complesso Torres de Yomely, nella vivace Playa de las Americas. Questa casa da sogno dispone di una camera da letto e un bagno, perfettamente distribuiti in uno spazio di 54m2.<\/p>\n<p>Situato al sesto piano, questo appartamento offre una vista mozzafiato che pu\u00f2 essere goduta dal suo balcone privato. Immagini di gustare il suo caff\u00e8 mattutino o un bicchiere di vino al tramonto con il dolce mormorio dell'oceano in sottofondo.<\/p>\n<p>Il complesso Torres de Yomely non solo offre una posizione privilegiata, ma anche una grande piscina per il divertimento dei suoi residenti. Che preferisca un tuffo rinfrescante al mattino o una nuotata rilassante alla fine della giornata, la piscina \u00e8 a pochi passi dalla sua porta.<\/p>\n<p>Inoltre, questo appartamento \u00e8 autorizzato come casa vacanze (VV), il che lo rende un'eccellente opzione di investimento. Potr\u00e0 godere di questa bellissima casa e allo stesso tempo ottenere un ritorno sul suo investimento affittandola nei periodi in cui non la utilizza.<\/p>\n<p>Non perda l'opportunit\u00e0 di acquistare questo affascinante appartamento a Playa de las Americas. \u00c8 pi\u00f9 di una casa, \u00e8 uno stile di vita. Ci contatti oggi stesso per maggiori informazioni o per fissare una visita.<\/p>","protected":false},"excerpt":{"rendered":"<p>Estamos encantados de presentar este precioso apartamento en venta, ubicado en el codiciado complejo Torres de Yomely, en la vibrante Playa de las Americas. Este hogar de ensue\u00f1o cuenta con un dormitorio y un ba\u00f1o, perfectamente distribuidos en un espacio de 54m2. Situado en la sexta planta, este apartamento ofrece vistas impresionantes que se pueden [&hellip;]<\/p>\n","protected":false},"author":5,"featured_media":25390,"parent":0,"menu_order":0,"template":"","property_type":[49],"property_status":[40],"property_feature":[176,177,174,172,171],"property_label":[109,180],"property_city":[66],"class_list":["post-24841","property","type-property","status-houzez_sold","has-post-thumbnail","hentry","property_type-apartamento","property_status-vendido","property_feature-cerca-de-centros-comerciales","property_feature-cerca-de-la-playa","property_feature-cocina-amueblada","property_feature-piscina-comunitaria","property_feature-vistas-a-la-montana","property_label-exclusivo","property_label-oferta","property_city-las-americas"],"property_meta":{"rank_math_internal_links_processed":["1"],"fave_property_price":["242000"],"fave_property_price_postfix":[""],"fave_show_price_placeholder":["0"],"fave_property_price_placeholder":[""],"fave_property_price_prefix":[""],"fave_property_sec_price":[""],"fave_property_size":["54"],"fave_property_size_prefix":["m\u00b2"],"fave_property_land":[""],"fave_property_land_postfix":["m\u00b2"],"fave_property_bedrooms":["1"],"fave_property_bathrooms":["1"],"fave_property_garage":[""],"fave_property_garage_size":[""],"fave_virtual_tour":[""],"fave_property_year":[""],"fave_property_id":["2289"],"fave_video_url":[""],"fave_property_zip":["38660"],"additional_features":["a:1:{i:0;a:2:{s:29:\"fave_additional_feature_title\";s:0:\"\";s:29:\"fave_additional_feature_value\";s:0:\"\";}}"],"fave_additional_features_enable":["enable"],"floor_plans":[""],"fave_multi_units":[""],"fave_featured":["0"],"houzez_featured_listing_date":[""],"fave_loggedintoview":["0"],"fave_mortgage_cal":["0"],"fave_private_note":[""],"fave_property_disclaimer":[""],"fave_payment_status":["not_paid"],"fave_agent_display_option":["agent_info"],"fave_property_map_address":["Apartamentos Yomely, Paseo las Torres, Playa de las Am\u00e9ricas, Los Cristianos, Arona, Santa Cruz de Tenerife, Canarias, 38660, Espa\u00f1a"],"fave_property_address":["Apartamentos Yomely, Paseo las Torres, Playa de las Am\u00e9ricas, Los Cristianos, Arona, Santa Cruz de Tenerife, Canarias, 38660, Espa\u00f1a"],"houzez_geolocation_lat":["28.06572245"],"houzez_geolocation_long":["-16.729952925369872"],"fave_property_location":["28.06572245,-16.729952925369872"],"fave_property_map":["1"],"fave_property_map_street_view":[""],"houzez_total_property_views":["22604"],"houzez_views_by_date":["a:61:{s:10:\"03-03-2026\";i:38;s:10:\"03-04-2026\";i:41;s:10:\"03-05-2026\";i:48;s:10:\"03-06-2026\";i:38;s:10:\"03-07-2026\";i:36;s:10:\"03-08-2026\";i:36;s:10:\"03-09-2026\";i:36;s:10:\"03-10-2026\";i:54;s:10:\"03-11-2026\";i:64;s:10:\"03-12-2026\";i:54;s:10:\"03-13-2026\";i:36;s:10:\"03-14-2026\";i:36;s:10:\"03-15-2026\";i:40;s:10:\"03-16-2026\";i:46;s:10:\"03-17-2026\";i:40;s:10:\"03-18-2026\";i:36;s:10:\"03-19-2026\";i:70;s:10:\"03-20-2026\";i:52;s:10:\"03-21-2026\";i:42;s:10:\"03-22-2026\";i:36;s:10:\"03-23-2026\";i:38;s:10:\"03-24-2026\";i:32;s:10:\"03-25-2026\";i:32;s:10:\"03-26-2026\";i:50;s:10:\"03-27-2026\";i:36;s:10:\"03-28-2026\";i:57;s:10:\"03-29-2026\";i:36;s:10:\"03-30-2026\";i:36;s:10:\"03-31-2026\";i:36;s:10:\"04-01-2026\";i:47;s:10:\"04-02-2026\";i:54;s:10:\"04-03-2026\";i:36;s:10:\"04-04-2026\";i:36;s:10:\"04-05-2026\";i:42;s:10:\"04-06-2026\";i:46;s:10:\"04-07-2026\";i:71;s:10:\"04-08-2026\";i:50;s:10:\"04-09-2026\";i:36;s:10:\"04-10-2026\";i:46;s:10:\"04-11-2026\";i:44;s:10:\"04-12-2026\";i:36;s:10:\"04-13-2026\";i:36;s:10:\"04-14-2026\";i:36;s:10:\"04-15-2026\";i:54;s:10:\"04-16-2026\";i:36;s:10:\"04-17-2026\";i:38;s:10:\"04-18-2026\";i:52;s:10:\"04-19-2026\";i:36;s:10:\"04-20-2026\";i:36;s:10:\"04-21-2026\";i:36;s:10:\"04-22-2026\";i:38;s:10:\"04-23-2026\";i:44;s:10:\"04-24-2026\";i:44;s:10:\"04-25-2026\";i:36;s:10:\"04-26-2026\";i:36;s:10:\"04-27-2026\";i:36;s:10:\"04-28-2026\";i:52;s:10:\"04-29-2026\";i:42;s:10:\"04-30-2026\";i:50;s:10:\"05-01-2026\";i:36;s:10:\"05-02-2026\";i:4;}"],"houzez_recently_viewed":["2026-05-02 07:02:10"],"fave_property_images":["25390","25378","25379","25380","25381","25384","25385","25386","25387","25388","25389","25391","25392"],"_thumbnail_id":["25390"],"fave_agents":["23720"],"_edit_lock":["1769435147:1"],"_elementor_page_assets":["a:0:{}"]},"_links":{"self":[{"href":"https:\/\/www.tunidotenerife.com\/it\/wp-json\/wp\/v2\/properties\/24841","targetHints":{"allow":["GET"]}}],"collection":[{"href":"https:\/\/www.tunidotenerife.com\/it\/wp-json\/wp\/v2\/properties"}],"about":[{"href":"https:\/\/www.tunidotenerife.com\/it\/wp-json\/wp\/v2\/types\/property"}],"author":[{"embeddable":true,"href":"https:\/\/www.tunidotenerife.com\/it\/wp-json\/wp\/v2\/users\/5"}],"version-history":[{"count":0,"href":"https:\/\/www.tunidotenerife.com\/it\/wp-json\/wp\/v2\/properties\/24841\/revisions"}],"wp:featuredmedia":[{"embeddable":true,"href":"https:\/\/www.tunidotenerife.com\/it\/wp-json\/wp\/v2\/media\/25390"}],"wp:attachment":[{"href":"https:\/\/www.tunidotenerife.com\/it\/wp-json\/wp\/v2\/media?parent=24841"}],"wp:term":[{"taxonomy":"property_type","embeddable":true,"href":"https:\/\/www.tunidotenerife.com\/it\/wp-json\/wp\/v2\/property_type?post=24841"},{"taxonomy":"property_status","embeddable":true,"href":"https:\/\/www.tunidotenerife.com\/it\/wp-json\/wp\/v2\/property_status?post=24841"},{"taxonomy":"property_feature","embeddable":true,"href":"https:\/\/www.tunidotenerife.com\/it\/wp-json\/wp\/v2\/property_feature?post=24841"},{"taxonomy":"property_label","embeddable":true,"href":"https:\/\/www.tunidotenerife.com\/it\/wp-json\/wp\/v2\/property_label?post=24841"},{"taxonomy":"property_city","embeddable":true,"href":"https:\/\/www.tunidotenerife.com\/it\/wp-json\/wp\/v2\/property_city?post=24841"}],"curies":[{"name":"wp","href":"https:\/\/api.w.org\/{rel}","templated":true}]}}

<p>Siamo lieti di presentare questo bellissimo appartamento in vendita, situato nel ricercato complesso Torres de Yomely, nella vivace Playa de las Americas. Questa casa da sogno dispone di una camera da letto e un bagno, perfettamente distribuiti in uno spazio di 54m2.</p>
<p>Situato al sesto piano, questo appartamento offre una vista mozzafiato che può essere goduta dal suo balcone privato. Immagini di gustare il suo caffè mattutino o un bicchiere di vino al tramonto con il dolce mormorio dell'oceano in sottofondo.</p>
<p>Il complesso Torres de Yomely non solo offre una posizione privilegiata, ma anche una grande piscina per il divertimento dei suoi residenti. Che preferisca un tuffo rinfrescante al mattino o una nuotata rilassante alla fine della giornata, la piscina è a pochi passi dalla sua porta.</p>
<p>Inoltre, questo appartamento è autorizzato come casa vacanze (VV), il che lo rende un'eccellente opzione di investimento. Potrà godere di questa bellissima casa e allo stesso tempo ottenere un ritorno sul suo investimento affittandola nei periodi in cui non la utilizza.</p>
<p>Non perda l'opportunità di acquistare questo affascinante appartamento a Playa de las Americas. È più di una casa, è uno stile di vita. Ci contatti oggi stesso per maggiori informazioni o per fissare una visita.</p>

<p>Estamos encantados de presentar este precioso apartamento en venta, ubicado en el codiciado complejo Torres de Yomely, en la vibrante Playa de las Americas. Este hogar de ensueño cuenta con un dormitorio y un baño, perfectamente distribuidos en un espacio de 54m2. Situado en la sexta planta, este apartamento ofrece vistas impresionantes que se pueden [&hellip;]</p>

Apartamentos Yomely, Paseo las Torres, Playa de las Américas, Los Cristianos, Arona, Santa Cruz de Tenerife, Canarias, 38660, España
