{"id":24542,"date":"2024-07-16T14:47:57","date_gmt":"2024-07-16T13:47:57","guid":{"rendered":"https:\/\/www.tunidotenerife.com\/p\/apartamento-en-venta-en-tenerife-sur-el-medano\/"},"modified":"2025-02-17T12:36:25","modified_gmt":"2025-02-17T12:36:25","slug":"apartamento-en-venta-en-tenerife-sur-el-medano","status":"houzez_sold","type":"property","link":"https:\/\/www.tunidotenerife.com\/it\/p\/apartamento-en-venta-en-tenerife-sur-el-medano\/","title":{"rendered":"Appartamento in vendita a Tenerife Sud, El Medano"},"content":{"rendered":"<p>Attenzione! Abbiamo uno spettacolare appartamento in vendita a El M\u00e9dano che sicuramente catturer\u00e0 il suo interesse. Questa bellissima casa ha 84 m\u00b2 costruiti e 78 m\u00b2 utili, perfettamente distribuiti per offrirle il massimo comfort e funzionalit\u00e0.<\/p>\n<p>Immagini di vivere in uno spazio che dispone di due camere spaziose e luminose, ideali per riposare dopo una lunga giornata. Dispone anche di un bagno completo, dotato di tutto il necessario per il suo comfort.<\/p>\n<p>Ma non \u00e8 tutto: questo appartamento si trova al primo piano, con ascensore, ed \u00e8 caratterizzato da una splendida terrazza e da un balcone, luoghi perfetti per godere della vista e del clima di El M\u00e9dano.<\/p>\n<p>Cerca il fresco nei mesi estivi? Questo appartamento \u00e8 climatizzato, garantendo un'atmosfera piacevole in ogni momento, indipendentemente dalla temperatura esterna.<\/p>\n<p>Situato a El M\u00e9dano, questo appartamento le permetter\u00e0 di godere di una posizione eccellente, vicino a tutti i servizi necessari per la sua vita quotidiana.<\/p>\n<p>Non perda l'opportunit\u00e0 di acquistare questo fantastico appartamento. \u00c8 pi\u00f9 di una semplice casa, \u00e8 il luogo in cui pu\u00f2 costruire ricordi, godersi la vita e sentirsi veramente a casa. Ci contatti oggi e scopra tutto ci\u00f2 che questo appartamento ha da offrire!<\/p>","protected":false},"excerpt":{"rendered":"<p>\u00a1Atenci\u00f3n! Tenemos en venta un espectacular apartamento en El M\u00e9dano que seguramente captar\u00e1 tu inter\u00e9s. Este hermoso hogar cuenta con 84 m\u00b2 construidos y 78 m\u00b2 \u00fatiles, perfectamente distribuidos para ofrecerte el m\u00e1ximo confort y funcionalidad. Imag\u00ednate viviendo en un espacio que cuenta con dos amplias y luminosas habitaciones, ideales para descansar tras una larga [&hellip;]<\/p>\n","protected":false},"author":5,"featured_media":24540,"parent":0,"menu_order":0,"template":"","property_type":[49],"property_status":[40],"property_feature":[17,176,177,174,26],"property_label":[109],"property_city":[86],"class_list":["post-24542","property","type-property","status-houzez_sold","has-post-thumbnail","hentry","property_type-apartamento","property_status-vendido","property_feature-aire-acondicionado","property_feature-cerca-de-centros-comerciales","property_feature-cerca-de-la-playa","property_feature-cocina-amueblada","property_feature-lavadora","property_label-exclusivo","property_city-el-medano"],"property_meta":{"rank_math_internal_links_processed":["1"],"fave_property_price":["249000"],"fave_property_price_postfix":[""],"fave_show_price_placeholder":["0"],"fave_property_price_placeholder":[""],"fave_property_price_prefix":[""],"fave_property_sec_price":[""],"fave_property_size":["84"],"fave_property_size_prefix":["m\u00b2"],"fave_property_land":[""],"fave_property_land_postfix":["m\u00b2"],"fave_property_bedrooms":["2"],"fave_property_bathrooms":["1"],"fave_property_garage":[""],"fave_property_garage_size":[""],"fave_virtual_tour":[""],"fave_property_year":[""],"fave_property_id":["2276"],"fave_video_url":[""],"fave_property_images":["24540","24534","24539","24538","24536","24535","24533","24537","24541"],"_thumbnail_id":["24540"],"fave_property_zip":["38612"],"additional_features":["a:1:{i:0;a:2:{s:29:\"fave_additional_feature_title\";s:0:\"\";s:29:\"fave_additional_feature_value\";s:0:\"\";}}"],"fave_additional_features_enable":["enable"],"floor_plans":[""],"fave_multi_units":[""],"fave_featured":["0"],"houzez_featured_listing_date":[""],"fave_loggedintoview":["0"],"fave_mortgage_cal":["0"],"fave_private_note":[""],"fave_property_disclaimer":[""],"fave_payment_status":["not_paid"],"fave_agents":["23720"],"fave_agent_display_option":["agent_info"],"fave_property_map_address":["3, Avenida Pr\u00edncipes de Espa\u00f1a, Los Mart\u00ednez, El M\u00e9dano, El Cabezo, Granadilla de Abona, Santa Cruz de Tenerife, Canarias, 38612, Espa\u00f1a"],"fave_property_address":["3, Avenida Pr\u00edncipes de Espa\u00f1a, Los Mart\u00ednez, El M\u00e9dano, El Cabezo, Granadilla de Abona, Santa Cruz de Tenerife, Canarias, 38612, Espa\u00f1a"],"houzez_geolocation_lat":["28.0457324"],"houzez_geolocation_long":["-16.5385899"],"fave_property_location":["28.0457324,-16.5385899"],"fave_property_map":["1"],"fave_property_map_street_view":[""],"houzez_total_property_views":["22442"],"houzez_views_by_date":["a:61:{s:10:\"03-01-2026\";i:40;s:10:\"03-02-2026\";i:40;s:10:\"03-03-2026\";i:39;s:10:\"03-04-2026\";i:41;s:10:\"03-05-2026\";i:48;s:10:\"03-06-2026\";i:38;s:10:\"03-07-2026\";i:36;s:10:\"03-08-2026\";i:36;s:10:\"03-09-2026\";i:36;s:10:\"03-10-2026\";i:54;s:10:\"03-11-2026\";i:63;s:10:\"03-12-2026\";i:54;s:10:\"03-13-2026\";i:36;s:10:\"03-14-2026\";i:36;s:10:\"03-15-2026\";i:40;s:10:\"03-16-2026\";i:48;s:10:\"03-17-2026\";i:38;s:10:\"03-18-2026\";i:36;s:10:\"03-19-2026\";i:68;s:10:\"03-20-2026\";i:50;s:10:\"03-21-2026\";i:44;s:10:\"03-22-2026\";i:36;s:10:\"03-23-2026\";i:36;s:10:\"03-24-2026\";i:32;s:10:\"03-25-2026\";i:35;s:10:\"03-26-2026\";i:54;s:10:\"03-27-2026\";i:36;s:10:\"03-28-2026\";i:56;s:10:\"03-29-2026\";i:36;s:10:\"03-30-2026\";i:36;s:10:\"03-31-2026\";i:36;s:10:\"04-01-2026\";i:38;s:10:\"04-02-2026\";i:54;s:10:\"04-03-2026\";i:36;s:10:\"04-04-2026\";i:36;s:10:\"04-05-2026\";i:40;s:10:\"04-06-2026\";i:48;s:10:\"04-07-2026\";i:57;s:10:\"04-08-2026\";i:52;s:10:\"04-09-2026\";i:36;s:10:\"04-10-2026\";i:42;s:10:\"04-11-2026\";i:48;s:10:\"04-12-2026\";i:36;s:10:\"04-13-2026\";i:36;s:10:\"04-14-2026\";i:36;s:10:\"04-15-2026\";i:54;s:10:\"04-16-2026\";i:36;s:10:\"04-17-2026\";i:38;s:10:\"04-18-2026\";i:48;s:10:\"04-19-2026\";i:40;s:10:\"04-20-2026\";i:36;s:10:\"04-21-2026\";i:36;s:10:\"04-22-2026\";i:36;s:10:\"04-23-2026\";i:43;s:10:\"04-24-2026\";i:47;s:10:\"04-25-2026\";i:36;s:10:\"04-26-2026\";i:36;s:10:\"04-27-2026\";i:36;s:10:\"04-28-2026\";i:54;s:10:\"04-29-2026\";i:40;s:10:\"04-30-2026\";i:52;}"],"houzez_recently_viewed":["2026-04-30 23:58:43"],"_edit_lock":["1769435147:1"],"_elementor_page_assets":["a:0:{}"]},"_links":{"self":[{"href":"https:\/\/www.tunidotenerife.com\/it\/wp-json\/wp\/v2\/properties\/24542","targetHints":{"allow":["GET"]}}],"collection":[{"href":"https:\/\/www.tunidotenerife.com\/it\/wp-json\/wp\/v2\/properties"}],"about":[{"href":"https:\/\/www.tunidotenerife.com\/it\/wp-json\/wp\/v2\/types\/property"}],"author":[{"embeddable":true,"href":"https:\/\/www.tunidotenerife.com\/it\/wp-json\/wp\/v2\/users\/5"}],"version-history":[{"count":0,"href":"https:\/\/www.tunidotenerife.com\/it\/wp-json\/wp\/v2\/properties\/24542\/revisions"}],"wp:featuredmedia":[{"embeddable":true,"href":"https:\/\/www.tunidotenerife.com\/it\/wp-json\/wp\/v2\/media\/24540"}],"wp:attachment":[{"href":"https:\/\/www.tunidotenerife.com\/it\/wp-json\/wp\/v2\/media?parent=24542"}],"wp:term":[{"taxonomy":"property_type","embeddable":true,"href":"https:\/\/www.tunidotenerife.com\/it\/wp-json\/wp\/v2\/property_type?post=24542"},{"taxonomy":"property_status","embeddable":true,"href":"https:\/\/www.tunidotenerife.com\/it\/wp-json\/wp\/v2\/property_status?post=24542"},{"taxonomy":"property_feature","embeddable":true,"href":"https:\/\/www.tunidotenerife.com\/it\/wp-json\/wp\/v2\/property_feature?post=24542"},{"taxonomy":"property_label","embeddable":true,"href":"https:\/\/www.tunidotenerife.com\/it\/wp-json\/wp\/v2\/property_label?post=24542"},{"taxonomy":"property_city","embeddable":true,"href":"https:\/\/www.tunidotenerife.com\/it\/wp-json\/wp\/v2\/property_city?post=24542"}],"curies":[{"name":"wp","href":"https:\/\/api.w.org\/{rel}","templated":true}]}}

<p>Attenzione! Abbiamo uno spettacolare appartamento in vendita a El Médano che sicuramente catturerà il suo interesse. Questa bellissima casa ha 84 m² costruiti e 78 m² utili, perfettamente distribuiti per offrirle il massimo comfort e funzionalità.</p>
<p>Immagini di vivere in uno spazio che dispone di due camere spaziose e luminose, ideali per riposare dopo una lunga giornata. Dispone anche di un bagno completo, dotato di tutto il necessario per il suo comfort.</p>
<p>Ma non è tutto: questo appartamento si trova al primo piano, con ascensore, ed è caratterizzato da una splendida terrazza e da un balcone, luoghi perfetti per godere della vista e del clima di El Médano.</p>
<p>Cerca il fresco nei mesi estivi? Questo appartamento è climatizzato, garantendo un'atmosfera piacevole in ogni momento, indipendentemente dalla temperatura esterna.</p>
<p>Situato a El Médano, questo appartamento le permetterà di godere di una posizione eccellente, vicino a tutti i servizi necessari per la sua vita quotidiana.</p>
<p>Non perda l'opportunità di acquistare questo fantastico appartamento. È più di una semplice casa, è il luogo in cui può costruire ricordi, godersi la vita e sentirsi veramente a casa. Ci contatti oggi e scopra tutto ciò che questo appartamento ha da offrire!</p>

<p>¡Atención! Tenemos en venta un espectacular apartamento en El Médano que seguramente captará tu interés. Este hermoso hogar cuenta con 84 m² construidos y 78 m² útiles, perfectamente distribuidos para ofrecerte el máximo confort y funcionalidad. Imagínate viviendo en un espacio que cuenta con dos amplias y luminosas habitaciones, ideales para descansar tras una larga [&hellip;]</p>

3, Avenida Príncipes de España, Los Martínez, El Médano, El Cabezo, Granadilla de Abona, Santa Cruz de Tenerife, Canarias, 38612, España
