{"id":21629,"date":"2024-04-17T16:18:30","date_gmt":"2024-04-17T15:18:30","guid":{"rendered":"https:\/\/www.tunidotenerife.com\/p\/apartment-in-san-eugenio-bajo-for-rent-2241\/"},"modified":"2025-08-07T13:36:49","modified_gmt":"2025-08-07T12:36:49","slug":"apartment-in-san-eugenio-bajo-for-rent-2241","status":"publish","type":"property","link":"https:\/\/www.tunidotenerife.com\/it\/p\/apartment-in-san-eugenio-bajo-for-rent-2241\/","title":{"rendered":"Appartamento in affitto in San Eugenio Bajo, Tenerife Sud"},"content":{"rendered":"<p>Questo affascinante appartamento offre una vista mozzafiato e rappresenta un rifugio accogliente per il suo soggiorno. Dispone di una confortevole camera da letto, di un bagno ben attrezzato e di un ampio soggiorno che si integra perfettamente con la cucina a pianta aperta e la terrazza. La cucina \u00e8 dotata di elettrodomestici essenziali come forno, microonde, macchina per il caff\u00e8 e frigorifero, oltre a tutti gli utensili necessari per le sue avventure culinarie.<\/p>\n<p>L'appartamento offre anche la comodit\u00e0 di una lavatrice e, per il suo intrattenimento, c'\u00e8 una TV e una connessione internet.<\/p>\n<p>Situato in un complesso che offre una piscina comune, questo appartamento \u00e8 idealmente situato a pochi minuti dai centri commerciali, da una variet\u00e0 di ristoranti e bar e dalle spiagge pi\u00f9 vicine.<\/p>\n<p>\u00c8 davvero il luogo perfetto per trascorrere una vacanza indimenticabile a Tenerife.<\/p>\n<p>Non esiti a contattarci per ulteriori informazioni.<\/p>\n<p>&nbsp;<\/p>\n<p><em><strong>Il contenuto fornito \u00e8 soggetto a modifiche senza preavviso.<\/strong><\/em><\/p>","protected":false},"excerpt":{"rendered":"<p>Este encantador apartamento ofrece vistas impresionantes y proporciona un acogedor refugio para su estancia. Cuenta con un c\u00f3modo dormitorio, un ba\u00f1o bien equipado y un amplio sal\u00f3n que se integra a la perfecci\u00f3n con una cocina abierta y terraza. La cocina est\u00e1 equipada con electrodom\u00e9sticos esenciales como un horno, microondas, cafetera y nevera, junto con [&hellip;]<\/p>\n","protected":false},"author":4,"featured_media":21622,"parent":0,"menu_order":0,"template":"","property_type":[49],"property_status":[23],"property_feature":[176,177,174,26,172,170],"property_label":[],"property_city":[68],"class_list":["post-21629","property","type-property","status-publish","has-post-thumbnail","hentry","property_type-apartamento","property_status-alquiler-vacacional","property_feature-cerca-de-centros-comerciales","property_feature-cerca-de-la-playa","property_feature-cocina-amueblada","property_feature-lavadora","property_feature-piscina-comunitaria","property_feature-vistas-al-oceano","property_city-san-eugenio-bajo"],"property_meta":{"rank_math_internal_links_processed":["1"],"fave_show_price_placeholder":["1"],"fave_property_price_placeholder":["Precio a Consultar"],"fave_property_size":["58"],"fave_property_size_prefix":["m\u00b2"],"fave_property_land_postfix":["m\u00b2"],"fave_property_bedrooms":["1"],"fave_property_bathrooms":["1"],"fave_property_id":["2241"],"fave_property_zip":["38660"],"additional_features":["a:5:{i:0;a:2:{s:29:\"fave_additional_feature_title\";s:7:\"Terraza\";s:29:\"fave_additional_feature_value\";s:0:\"\";}i:1;a:2:{s:29:\"fave_additional_feature_title\";s:23:\"Juego de cama y vajilla\";s:29:\"fave_additional_feature_value\";s:0:\"\";}i:2;a:2:{s:29:\"fave_additional_feature_title\";s:11:\"El internet\";s:29:\"fave_additional_feature_value\";s:0:\"\";}i:3;a:2:{s:29:\"fave_additional_feature_title\";s:28:\"Cerca de paradas de autob\u00fas\";s:29:\"fave_additional_feature_value\";s:0:\"\";}i:4;a:2:{s:29:\"fave_additional_feature_title\";s:25:\"Cerca del parque acuatico\";s:29:\"fave_additional_feature_value\";s:0:\"\";}}"],"fave_additional_features_enable":["enable"],"fave_featured":["0"],"houzez_featured_listing_date":[""],"fave_loggedintoview":["0"],"fave_mortgage_cal":["0"],"fave_payment_status":["not_paid"],"fave_agent_display_option":["agent_info"],"fave_property_map_address":["Av. de los Pueblos, 16, Costa Adeje, Espa\u00f1a"],"fave_property_address":["Av. de los Pueblos, 16, Costa Adeje, Espa\u00f1a"],"houzez_geolocation_lat":["28.075096057375"],"houzez_geolocation_long":["-16.729960496156"],"fave_property_location":["28.075096057375,-16.729960496156"],"fave_property_map":["1"],"fave_property_map_street_view":[null],"houzez_total_property_views":["24716"],"houzez_views_by_date":["a:61:{s:10:\"02-26-2026\";i:51;s:10:\"02-27-2026\";i:36;s:10:\"02-28-2026\";i:39;s:10:\"03-01-2026\";i:45;s:10:\"03-02-2026\";i:37;s:10:\"03-03-2026\";i:43;s:10:\"03-04-2026\";i:36;s:10:\"03-05-2026\";i:52;s:10:\"03-06-2026\";i:38;s:10:\"03-07-2026\";i:36;s:10:\"03-08-2026\";i:37;s:10:\"03-09-2026\";i:39;s:10:\"03-10-2026\";i:55;s:10:\"03-11-2026\";i:61;s:10:\"03-12-2026\";i:56;s:10:\"03-13-2026\";i:41;s:10:\"03-14-2026\";i:37;s:10:\"03-15-2026\";i:43;s:10:\"03-16-2026\";i:45;s:10:\"03-17-2026\";i:40;s:10:\"03-18-2026\";i:37;s:10:\"03-19-2026\";i:66;s:10:\"03-20-2026\";i:44;s:10:\"03-21-2026\";i:47;s:10:\"03-22-2026\";i:37;s:10:\"03-23-2026\";i:38;s:10:\"03-24-2026\";i:37;s:10:\"03-25-2026\";i:40;s:10:\"03-26-2026\";i:54;s:10:\"03-27-2026\";i:38;s:10:\"03-28-2026\";i:55;s:10:\"03-29-2026\";i:36;s:10:\"03-30-2026\";i:36;s:10:\"03-31-2026\";i:38;s:10:\"04-01-2026\";i:47;s:10:\"04-02-2026\";i:54;s:10:\"04-03-2026\";i:37;s:10:\"04-04-2026\";i:37;s:10:\"04-05-2026\";i:45;s:10:\"04-06-2026\";i:40;s:10:\"04-07-2026\";i:67;s:10:\"04-08-2026\";i:59;s:10:\"04-09-2026\";i:39;s:10:\"04-10-2026\";i:44;s:10:\"04-11-2026\";i:45;s:10:\"04-12-2026\";i:40;s:10:\"04-13-2026\";i:36;s:10:\"04-14-2026\";i:36;s:10:\"04-15-2026\";i:54;s:10:\"04-16-2026\";i:40;s:10:\"04-17-2026\";i:42;s:10:\"04-18-2026\";i:45;s:10:\"04-19-2026\";i:43;s:10:\"04-20-2026\";i:36;s:10:\"04-21-2026\";i:36;s:10:\"04-22-2026\";i:36;s:10:\"04-23-2026\";i:46;s:10:\"04-24-2026\";i:44;s:10:\"04-25-2026\";i:38;s:10:\"04-26-2026\";i:36;s:10:\"04-27-2026\";i:18;}"],"houzez_recently_viewed":["2026-04-27 08:15:39"],"_edit_lock":["1733911131:1"],"rank_math_seo_score":["6"],"_edit_last":["1"],"fave_single_top_area":["global"],"fave_single_content_area":["global"],"fave_booking_shortcode":["[wpsbc id=\"3\" title=\"no\" legend=\"yes\" legend_position=\"top\" dropdown=\"yes\" start=\"1\" display=\"6\" language=\"auto\" month=\"0\" year=\"0\" jump=\"yes\" history=\"1\" tooltip=\"3\" weeknumbers=\"no\" highlighttoday=\"yes\"]"],"rank_math_primary_property_type":["0"],"rank_math_primary_property_status":["0"],"rank_math_primary_property_feature":["0"],"rank_math_primary_property_label":["0"],"rank_math_primary_property_city":["0"],"houzez_manual_expire":["0"],"_houzez_expiration_date_status":["saved"],"fave_property_price":[""],"fave_property_price_postfix":[""],"fave_property_price_prefix":[""],"fave_property_sec_price":[""],"fave_property_land":[""],"fave_property_garage":[""],"fave_property_garage_size":[""],"fave_virtual_tour":[""],"fave_property_year":[""],"fave_video_url":[""],"floor_plans":[""],"fave_multi_units":[""],"fave_private_note":[""],"fave_property_images":["21622","21610","21614","21615","21616","21617","21618","21619","21620","21621","21626","21627","25116","25117","25118","25119","27676","27677","27678"],"_thumbnail_id":["21622"],"fave_agents":["156"],"_elementor_page_assets":["a:0:{}"]},"_links":{"self":[{"href":"https:\/\/www.tunidotenerife.com\/it\/wp-json\/wp\/v2\/properties\/21629","targetHints":{"allow":["GET"]}}],"collection":[{"href":"https:\/\/www.tunidotenerife.com\/it\/wp-json\/wp\/v2\/properties"}],"about":[{"href":"https:\/\/www.tunidotenerife.com\/it\/wp-json\/wp\/v2\/types\/property"}],"author":[{"embeddable":true,"href":"https:\/\/www.tunidotenerife.com\/it\/wp-json\/wp\/v2\/users\/4"}],"version-history":[{"count":0,"href":"https:\/\/www.tunidotenerife.com\/it\/wp-json\/wp\/v2\/properties\/21629\/revisions"}],"wp:featuredmedia":[{"embeddable":true,"href":"https:\/\/www.tunidotenerife.com\/it\/wp-json\/wp\/v2\/media\/21622"}],"wp:attachment":[{"href":"https:\/\/www.tunidotenerife.com\/it\/wp-json\/wp\/v2\/media?parent=21629"}],"wp:term":[{"taxonomy":"property_type","embeddable":true,"href":"https:\/\/www.tunidotenerife.com\/it\/wp-json\/wp\/v2\/property_type?post=21629"},{"taxonomy":"property_status","embeddable":true,"href":"https:\/\/www.tunidotenerife.com\/it\/wp-json\/wp\/v2\/property_status?post=21629"},{"taxonomy":"property_feature","embeddable":true,"href":"https:\/\/www.tunidotenerife.com\/it\/wp-json\/wp\/v2\/property_feature?post=21629"},{"taxonomy":"property_label","embeddable":true,"href":"https:\/\/www.tunidotenerife.com\/it\/wp-json\/wp\/v2\/property_label?post=21629"},{"taxonomy":"property_city","embeddable":true,"href":"https:\/\/www.tunidotenerife.com\/it\/wp-json\/wp\/v2\/property_city?post=21629"}],"curies":[{"name":"wp","href":"https:\/\/api.w.org\/{rel}","templated":true}]}}

<p>Questo affascinante appartamento offre una vista mozzafiato e rappresenta un rifugio accogliente per il suo soggiorno. Dispone di una confortevole camera da letto, di un bagno ben attrezzato e di un ampio soggiorno che si integra perfettamente con la cucina a pianta aperta e la terrazza. La cucina è dotata di elettrodomestici essenziali come forno, microonde, macchina per il caffè e frigorifero, oltre a tutti gli utensili necessari per le sue avventure culinarie.</p>
<p>L'appartamento offre anche la comodità di una lavatrice e, per il suo intrattenimento, c'è una TV e una connessione internet.</p>
<p>Situato in un complesso che offre una piscina comune, questo appartamento è idealmente situato a pochi minuti dai centri commerciali, da una varietà di ristoranti e bar e dalle spiagge più vicine.</p>
<p>È davvero il luogo perfetto per trascorrere una vacanza indimenticabile a Tenerife.</p>
<p>Non esiti a contattarci per ulteriori informazioni.</p>
<p>&nbsp;</p>
<p><em><strong>Il contenuto fornito è soggetto a modifiche senza preavviso.</strong></em></p>

<p>Este encantador apartamento ofrece vistas impresionantes y proporciona un acogedor refugio para su estancia. Cuenta con un cómodo dormitorio, un baño bien equipado y un amplio salón que se integra a la perfección con una cocina abierta y terraza. La cocina está equipada con electrodomésticos esenciales como un horno, microondas, cafetera y nevera, junto con [&hellip;]</p>

a:5:{i:0;a:2:{s:29:"fave_additional_feature_title";s:7:"Terraza";s:29:"fave_additional_feature_value";s:0:"";}i:1;a:2:{s:29:"fave_additional_feature_title";s:23:"Juego de cama y vajilla";s:29:"fave_additional_feature_value";s:0:"";}i:2;a:2:{s:29:"fave_additional_feature_title";s:11:"El internet";s:29:"fave_additional_feature_value";s:0:"";}i:3;a:2:{s:29:"fave_additional_feature_title";s:28:"Cerca de paradas de autobús";s:29:"fave_additional_feature_value";s:0:"";}i:4;a:2:{s:29:"fave_additional_feature_title";s:25:"Cerca del parque acuatico";s:29:"fave_additional_feature_value";s:0:"";}}

Av. de los Pueblos, 16, Costa Adeje, España
