{"id":20711,"date":"2024-04-08T13:10:41","date_gmt":"2024-04-08T12:10:41","guid":{"rendered":"https:\/\/www.tunidotenerife.com\/propiedad\/adosado-en-venta-en-tenerife-sur-madronal-de-fanabe\/"},"modified":"2024-11-26T13:11:20","modified_gmt":"2024-11-26T13:11:20","slug":"adosado-venta-tenerife-sur-2248","status":"publish","type":"property","link":"https:\/\/www.tunidotenerife.com\/it\/p\/adosado-venta-tenerife-sur-2248\/","title":{"rendered":"Villetta a schiera in vendita a Tenerife Sud, Madro\u00f1al de Fa\u00f1abe"},"content":{"rendered":"<p>Tu Nido Tenerife presenta questa propriet\u00e0 in vendita, una villetta a schiera situata nella prestigiosa zona residenziale di Madro\u00f1al de Fa\u00f1ab\u00e9, vicino alla rinomata scuola internazionale Costa Adeje.<\/p>\n<p>Con 4 camere da letto, 2 bagni e una toilette, questa propriet\u00e0 \u00e8 in perfette condizioni ed \u00e8 stata recentemente ristrutturata in alcune aree. Ideale per famiglie con bambini, grazie alla sua vicinanza alla scuola, o per chi cerca spazio, in quanto dispone di stanze generose.<\/p>\n<p>Il giardino di 100 m2 \u00e8 perfetto per godersi l'aria aperta e rilassarsi in un ambiente tranquillo. Dalla terrazza sul tetto pu\u00f2 godere di una vista mozzafiato sull'oceano e sulle montagne. L'aria condizionata in tutta la propriet\u00e0 assicura il comfort tutto l'anno, mentre il parcheggio privato per 2 auto garantisce la sicurezza dei suoi veicoli. La piscina comune \u00e8 ideale per rinfrescarsi nei mesi pi\u00f9 caldi, e la comunit\u00e0 recintata offre pace e privacy.<\/p>\n<p>Con tasse comunitarie di soli 100 euro e un IBI di 575 euro, questa propriet\u00e0 di 127 m2 \u00e8 un ottimo investimento. Non perda l'opportunit\u00e0 di vivere in questa meravigliosa casa, situata a 1 km dal centro commerciale Gran Sur e a 3 km da Playa del Duque.<\/p>\n<p>Ci contatti oggi stesso per maggiori informazioni!<\/p>","protected":false},"excerpt":{"rendered":"<p>Tu Nido Tenerife presenta esta propiedad en venta, un adosado situado en la prestigiosa zona residencial de Madro\u00f1al de Fa\u00f1ab\u00e9, junto al reconocido colegio internacional Costa Adeje. Con 4 dormitorios, 2 ba\u00f1os y un aseo, esta propiedad se encuentra en perfectas condiciones y recientemente ha sido renovada en algunas \u00e1reas. Ideal para familias con ni\u00f1os [&hellip;]<\/p>\n","protected":false},"author":2,"featured_media":20716,"parent":0,"menu_order":0,"template":"","property_type":[119],"property_status":[24],"property_feature":[178,176,174,172,171],"property_label":[180],"property_city":[62],"class_list":["post-20711","property","type-property","status-publish","has-post-thumbnail","hentry","property_type-adosado","property_status-venta","property_feature-aparcamiento-privado-cerrado","property_feature-cerca-de-centros-comerciales","property_feature-cocina-amueblada","property_feature-piscina-comunitaria","property_feature-vistas-a-la-montana","property_label-oferta","property_city-el-madronal-de-fanabe"],"property_meta":{"rank_math_internal_links_processed":["1"],"fave_property_price":["669000"],"fave_show_price_placeholder":["0"],"fave_property_size_prefix":["m\u00b2"],"fave_property_land":["100"],"fave_property_land_postfix":["m\u00b2"],"fave_property_bedrooms":["4"],"fave_property_bathrooms":["2"],"fave_property_garage":["2"],"fave_property_id":["2248"],"fave_additional_features_enable":["enable"],"fave_featured":["0"],"houzez_featured_listing_date":[""],"fave_loggedintoview":["0"],"fave_mortgage_cal":["0"],"fave_payment_status":["not_paid"],"fave_agent_display_option":["agent_info"],"houzez_geolocation_lat":["28.095969"],"houzez_geolocation_long":["-16.728265888916"],"fave_property_location":["28.095969,-16.728265888916"],"fave_property_map":["1"],"fave_property_map_street_view":[""],"houzez_total_property_views":["23253"],"houzez_views_by_date":["a:61:{s:10:\"03-04-2026\";i:38;s:10:\"03-05-2026\";i:50;s:10:\"03-06-2026\";i:38;s:10:\"03-07-2026\";i:36;s:10:\"03-08-2026\";i:36;s:10:\"03-09-2026\";i:36;s:10:\"03-10-2026\";i:54;s:10:\"03-11-2026\";i:64;s:10:\"03-12-2026\";i:54;s:10:\"03-13-2026\";i:36;s:10:\"03-14-2026\";i:36;s:10:\"03-15-2026\";i:42;s:10:\"03-16-2026\";i:46;s:10:\"03-17-2026\";i:38;s:10:\"03-18-2026\";i:36;s:10:\"03-19-2026\";i:68;s:10:\"03-20-2026\";i:48;s:10:\"03-21-2026\";i:44;s:10:\"03-22-2026\";i:36;s:10:\"03-23-2026\";i:36;s:10:\"03-24-2026\";i:36;s:10:\"03-25-2026\";i:36;s:10:\"03-26-2026\";i:54;s:10:\"03-27-2026\";i:36;s:10:\"03-28-2026\";i:54;s:10:\"03-29-2026\";i:36;s:10:\"03-30-2026\";i:36;s:10:\"03-31-2026\";i:36;s:10:\"04-01-2026\";i:40;s:10:\"04-02-2026\";i:54;s:10:\"04-03-2026\";i:36;s:10:\"04-04-2026\";i:36;s:10:\"04-05-2026\";i:42;s:10:\"04-06-2026\";i:46;s:10:\"04-07-2026\";i:69;s:10:\"04-08-2026\";i:54;s:10:\"04-09-2026\";i:36;s:10:\"04-10-2026\";i:42;s:10:\"04-11-2026\";i:48;s:10:\"04-12-2026\";i:36;s:10:\"04-13-2026\";i:36;s:10:\"04-14-2026\";i:36;s:10:\"04-15-2026\";i:54;s:10:\"04-16-2026\";i:36;s:10:\"04-17-2026\";i:40;s:10:\"04-18-2026\";i:48;s:10:\"04-19-2026\";i:38;s:10:\"04-20-2026\";i:36;s:10:\"04-21-2026\";i:36;s:10:\"04-22-2026\";i:36;s:10:\"04-23-2026\";i:44;s:10:\"04-24-2026\";i:46;s:10:\"04-25-2026\";i:36;s:10:\"04-26-2026\";i:36;s:10:\"04-27-2026\";i:36;s:10:\"04-28-2026\";i:54;s:10:\"04-29-2026\";i:42;s:10:\"04-30-2026\";i:48;s:10:\"05-01-2026\";i:36;s:10:\"05-02-2026\";i:36;s:10:\"05-03-2026\";i:18;}"],"houzez_recently_viewed":["2026-05-03 07:28:04"],"_edit_last":["1"],"_edit_lock":["1712609579:1"],"rank_math_seo_score":["10"],"fave_single_top_area":["global"],"fave_single_content_area":["global"],"rank_math_primary_property_type":["0"],"rank_math_primary_property_status":["0"],"rank_math_primary_property_feature":["0"],"rank_math_primary_property_label":["0"],"rank_math_primary_property_city":["0"],"houzez_manual_expire":["0"],"_houzez_expiration_date_status":["saved"],"rank_math_title":["Adosado en Venta en El Madro\u00f1al de Fa\u00f1abe, Tenerife Sur"],"rank_math_description":["Adosado en venta en Madro\u00f1al, 4 hab, jard\u00edn, vistas, piscina comunitaria, cerca de colegio. Ideal para familias. \u00a1Explora tu futuro hogar!"],"fave_property_price_postfix":[""],"fave_property_price_placeholder":[""],"fave_property_price_prefix":[""],"fave_property_sec_price":[""],"fave_property_size":[""],"fave_property_garage_size":[""],"fave_virtual_tour":[""],"fave_property_year":[""],"fave_video_url":[""],"fave_property_zip":[""],"additional_features":[""],"floor_plans":[""],"fave_multi_units":[""],"fave_private_note":[""],"fave_property_map_address":[""],"fave_property_address":[""],"fave_property_images":["20716","20715","20723","20712","20721","20713","20714","20717","20718","20719","20724"],"_thumbnail_id":["20716"],"fave_agents":["150"],"_elementor_page_assets":["a:0:{}"]},"_links":{"self":[{"href":"https:\/\/www.tunidotenerife.com\/it\/wp-json\/wp\/v2\/properties\/20711","targetHints":{"allow":["GET"]}}],"collection":[{"href":"https:\/\/www.tunidotenerife.com\/it\/wp-json\/wp\/v2\/properties"}],"about":[{"href":"https:\/\/www.tunidotenerife.com\/it\/wp-json\/wp\/v2\/types\/property"}],"author":[{"embeddable":true,"href":"https:\/\/www.tunidotenerife.com\/it\/wp-json\/wp\/v2\/users\/2"}],"version-history":[{"count":0,"href":"https:\/\/www.tunidotenerife.com\/it\/wp-json\/wp\/v2\/properties\/20711\/revisions"}],"wp:featuredmedia":[{"embeddable":true,"href":"https:\/\/www.tunidotenerife.com\/it\/wp-json\/wp\/v2\/media\/20716"}],"wp:attachment":[{"href":"https:\/\/www.tunidotenerife.com\/it\/wp-json\/wp\/v2\/media?parent=20711"}],"wp:term":[{"taxonomy":"property_type","embeddable":true,"href":"https:\/\/www.tunidotenerife.com\/it\/wp-json\/wp\/v2\/property_type?post=20711"},{"taxonomy":"property_status","embeddable":true,"href":"https:\/\/www.tunidotenerife.com\/it\/wp-json\/wp\/v2\/property_status?post=20711"},{"taxonomy":"property_feature","embeddable":true,"href":"https:\/\/www.tunidotenerife.com\/it\/wp-json\/wp\/v2\/property_feature?post=20711"},{"taxonomy":"property_label","embeddable":true,"href":"https:\/\/www.tunidotenerife.com\/it\/wp-json\/wp\/v2\/property_label?post=20711"},{"taxonomy":"property_city","embeddable":true,"href":"https:\/\/www.tunidotenerife.com\/it\/wp-json\/wp\/v2\/property_city?post=20711"}],"curies":[{"name":"wp","href":"https:\/\/api.w.org\/{rel}","templated":true}]}}

Villetta a schiera in vendita a Tenerife Sud, Madroñal de Fañabe

<p>Tu Nido Tenerife presenta questa proprietà in vendita, una villetta a schiera situata nella prestigiosa zona residenziale di Madroñal de Fañabé, vicino alla rinomata scuola internazionale Costa Adeje.</p>
<p>Con 4 camere da letto, 2 bagni e una toilette, questa proprietà è in perfette condizioni ed è stata recentemente ristrutturata in alcune aree. Ideale per famiglie con bambini, grazie alla sua vicinanza alla scuola, o per chi cerca spazio, in quanto dispone di stanze generose.</p>
<p>Il giardino di 100 m2 è perfetto per godersi l'aria aperta e rilassarsi in un ambiente tranquillo. Dalla terrazza sul tetto può godere di una vista mozzafiato sull'oceano e sulle montagne. L'aria condizionata in tutta la proprietà assicura il comfort tutto l'anno, mentre il parcheggio privato per 2 auto garantisce la sicurezza dei suoi veicoli. La piscina comune è ideale per rinfrescarsi nei mesi più caldi, e la comunità recintata offre pace e privacy.</p>
<p>Con tasse comunitarie di soli 100 euro e un IBI di 575 euro, questa proprietà di 127 m2 è un ottimo investimento. Non perda l'opportunità di vivere in questa meravigliosa casa, situata a 1 km dal centro commerciale Gran Sur e a 3 km da Playa del Duque.</p>
<p>Ci contatti oggi stesso per maggiori informazioni!</p>

<p>Tu Nido Tenerife presenta esta propiedad en venta, un adosado situado en la prestigiosa zona residencial de Madroñal de Fañabé, junto al reconocido colegio internacional Costa Adeje. Con 4 dormitorios, 2 baños y un aseo, esta propiedad se encuentra en perfectas condiciones y recientemente ha sido renovada en algunas áreas. Ideal para familias con niños [&hellip;]</p>

Adosado en Venta en El Madroñal de Fañabe, Tenerife Sur

Adosado en venta en Madroñal, 4 hab, jardín, vistas, piscina comunitaria, cerca de colegio. Ideal para familias. ¡Explora tu futuro hogar!
