{"id":26273,"date":"2025-04-07T12:09:27","date_gmt":"2025-04-07T11:09:27","guid":{"rendered":"https:\/\/www.tunidotenerife.com\/p\/villa-ivory-marbella\/"},"modified":"2025-06-04T18:20:21","modified_gmt":"2025-06-04T17:20:21","slug":"villa-ivory-marbella","status":"publish","type":"property","link":"https:\/\/www.tunidotenerife.com\/fr\/p\/villa-ivory-marbella\/","title":{"rendered":"Villa Ivory, Marbella"},"content":{"rendered":"<p>Nous vous pr\u00e9sentons une magnifique villa \u00e0 vendre, situ\u00e9e dans la prestigieuse urbanisation Cascada de Camoj\u00e1n \u00e0 Marbella. Cette propri\u00e9t\u00e9 est un v\u00e9ritable bijou, construit en totale harmonie avec son environnement naturel et offrant un m\u00e9lange parfait de luxe, de confort et d'intimit\u00e9.<\/p>\n<p>La villa dispose de 6 chambres spacieuses, de 7 salles de bains luxueuses et d'une chambre suppl\u00e9mentaire avec salle de bains pour le personnel, ce qui en fait la maison id\u00e9ale pour une famille nombreuse ou pour ceux qui aiment recevoir des invit\u00e9s. Les espaces int\u00e9rieurs sont g\u00e9n\u00e9reux et lumineux, avec une cuisine s\u00e9par\u00e9e enti\u00e8rement \u00e9quip\u00e9e et des terrasses couvertes offrant une vue imprenable sur la mer et les montagnes.<\/p>\n<p>L'ext\u00e9rieur de la propri\u00e9t\u00e9 n'est pas moins impressionnant. Un grand espace barbecue et un solarium spacieux sont id\u00e9aux pour recevoir les amis et la famille, tandis que la terrasse au bord de la piscine est l'endroit id\u00e9al pour se d\u00e9tendre et profiter du soleil pendant les journ\u00e9es chaudes.<\/p>\n<p>Situ\u00e9e sur le Golden Mile de Marbella, la villa se trouve \u00e0 distance de marche de belles plages, de terrains de golf de classe mondiale, de centres commerciaux et de clubs nautiques exclusifs. De plus, la propri\u00e9t\u00e9 est situ\u00e9e dans une communaut\u00e9 ferm\u00e9e avec un service de s\u00e9curit\u00e9 24 heures sur 24, offrant un niveau suppl\u00e9mentaire de tranquillit\u00e9 et de s\u00e9curit\u00e9.<\/p>\n<p>Avec un terrain de 1177m2, 708m2 construits, cette villa est une option imbattable pour ceux qui recherchent une maison de luxe \u00e0 Marbella. Ne manquez pas l'occasion de vivre dans un cadre de r\u00eave, entour\u00e9 de beaut\u00e9 naturelle et avec toutes les commodit\u00e9s \u00e0 port\u00e9e de main.<\/p>","protected":false},"excerpt":{"rendered":"<p>Presentamos a su consideraci\u00f3n una magn\u00edfica villa en venta, situada en la prestigiosa urbanizaci\u00f3n Cascada de Camoj\u00e1n, en Marbella. Esta propiedad es una verdadera joya, construida en completa armon\u00eda con su entorno natural y ofreciendo una mezcla perfecta de lujo, comodidad y privacidad. La villa cuenta con 6 amplios dormitorios, 7 ba\u00f1os de lujo, y [&hellip;]<\/p>\n","protected":false},"author":5,"featured_media":26247,"parent":0,"menu_order":0,"template":"","property_type":[45],"property_status":[24],"property_feature":[17,178,19,174,31,26,169,173,42,171,170],"property_label":[109,179],"property_city":[204],"class_list":["post-26273","property","type-property","status-publish","has-post-thumbnail","hentry","property_type-villa","property_status-venta","property_feature-aire-acondicionado","property_feature-aparcamiento-privado-cerrado","property_feature-barbacoa","property_feature-cocina-amueblada","property_feature-ducha-exterior","property_feature-lavadora","property_feature-nueva-construccion","property_feature-piscina-climatizada","property_feature-piscina-privada","property_feature-vistas-a-la-montana","property_feature-vistas-al-oceano","property_label-exclusivo","property_label-luxury","property_city-marbella"],"property_meta":{"rank_math_internal_links_processed":["1"],"fave_property_price":["7800000"],"fave_show_price_placeholder":["0"],"fave_property_size":["708"],"fave_property_size_prefix":["m\u00b2"],"fave_property_land":["1177"],"fave_property_land_postfix":["m\u00b2"],"fave_property_bedrooms":["6"],"fave_property_bathrooms":["7"],"fave_property_garage":["3"],"fave_property_year":["2025"],"fave_property_id":["2323"],"_thumbnail_id":["26247"],"fave_property_zip":["29602"],"fave_additional_features_enable":["enable"],"fave_featured":["0"],"houzez_featured_listing_date":[""],"fave_loggedintoview":["0"],"fave_mortgage_cal":["0"],"fave_payment_status":["not_paid"],"fave_agent_display_option":["agent_info"],"fave_property_map_address":["Cascada de Camoj\u00e1n, Marbella, Costa del Sol Occidental, M\u00e1laga, Andaluc\u00eda, 29602, Espa\u00f1a"],"fave_property_address":["Cascada de Camoj\u00e1n, Marbella, Costa del Sol Occidental, M\u00e1laga, Andaluc\u00eda, 29602, Espa\u00f1a"],"houzez_geolocation_lat":["36.5299841"],"houzez_geolocation_long":["-4.9049606"],"fave_property_location":["36.5299841,-4.9049606,0"],"fave_property_map":["1"],"fave_property_map_street_view":["hide"],"houzez_total_property_views":["15895"],"houzez_views_by_date":["a:61:{s:10:\"02-27-2026\";i:36;s:10:\"02-28-2026\";i:36;s:10:\"03-01-2026\";i:36;s:10:\"03-02-2026\";i:42;s:10:\"03-03-2026\";i:44;s:10:\"03-04-2026\";i:37;s:10:\"03-05-2026\";i:52;s:10:\"03-06-2026\";i:38;s:10:\"03-07-2026\";i:36;s:10:\"03-08-2026\";i:36;s:10:\"03-09-2026\";i:36;s:10:\"03-10-2026\";i:54;s:10:\"03-11-2026\";i:54;s:10:\"03-12-2026\";i:54;s:10:\"03-13-2026\";i:36;s:10:\"03-14-2026\";i:36;s:10:\"03-15-2026\";i:36;s:10:\"03-16-2026\";i:42;s:10:\"03-17-2026\";i:44;s:10:\"03-18-2026\";i:40;s:10:\"03-19-2026\";i:45;s:10:\"03-20-2026\";i:36;s:10:\"03-21-2026\";i:40;s:10:\"03-22-2026\";i:48;s:10:\"03-23-2026\";i:38;s:10:\"03-24-2026\";i:36;s:10:\"03-25-2026\";i:36;s:10:\"03-26-2026\";i:54;s:10:\"03-27-2026\";i:36;s:10:\"03-28-2026\";i:54;s:10:\"03-29-2026\";i:36;s:10:\"03-30-2026\";i:36;s:10:\"03-31-2026\";i:36;s:10:\"04-01-2026\";i:39;s:10:\"04-02-2026\";i:54;s:10:\"04-03-2026\";i:36;s:10:\"04-04-2026\";i:36;s:10:\"04-05-2026\";i:36;s:10:\"04-06-2026\";i:42;s:10:\"04-07-2026\";i:32;s:10:\"04-08-2026\";i:47;s:10:\"04-09-2026\";i:36;s:10:\"04-10-2026\";i:36;s:10:\"04-11-2026\";i:46;s:10:\"04-12-2026\";i:44;s:10:\"04-13-2026\";i:36;s:10:\"04-14-2026\";i:36;s:10:\"04-15-2026\";i:54;s:10:\"04-16-2026\";i:36;s:10:\"04-17-2026\";i:36;s:10:\"04-18-2026\";i:40;s:10:\"04-19-2026\";i:50;s:10:\"04-20-2026\";i:36;s:10:\"04-21-2026\";i:36;s:10:\"04-22-2026\";i:36;s:10:\"04-23-2026\";i:36;s:10:\"04-24-2026\";i:48;s:10:\"04-25-2026\";i:42;s:10:\"04-26-2026\";i:36;s:10:\"04-27-2026\";i:36;s:10:\"04-28-2026\";i:18;}"],"houzez_recently_viewed":["2026-04-28 03:43:44"],"_edit_lock":["1749069873:1"],"rank_math_seo_score":["9"],"_edit_last":["1"],"fave_property_images":["26247","26248","26249","26250","26251","26252","26253","26254","26246","26255","26256","26257","26258","26259","26260","26261","26262","26263","26264","26265","26266","26267","26268","26269","26270","26271","26272"],"fave_agents":["23720"],"fave_single_top_area":["global"],"fave_single_content_area":["global"],"_pys_head_footer":["a:7:{s:14:\"disable_global\";b:0;s:8:\"head_any\";s:0:\"\";s:12:\"head_desktop\";s:0:\"\";s:11:\"head_mobile\";s:0:\"\";s:10:\"footer_any\";s:0:\"\";s:14:\"footer_desktop\";s:0:\"\";s:13:\"footer_mobile\";s:0:\"\";}"],"rank_math_primary_property_type":["0"],"rank_math_primary_property_status":["0"],"rank_math_primary_property_feature":["0"],"rank_math_primary_property_label":["0"],"rank_math_primary_property_city":["204"],"houzez_manual_expire":["0"],"_houzez_expiration_date_status":["saved"],"_elementor_page_assets":["a:0:{}"]},"_links":{"self":[{"href":"https:\/\/www.tunidotenerife.com\/fr\/wp-json\/wp\/v2\/properties\/26273","targetHints":{"allow":["GET"]}}],"collection":[{"href":"https:\/\/www.tunidotenerife.com\/fr\/wp-json\/wp\/v2\/properties"}],"about":[{"href":"https:\/\/www.tunidotenerife.com\/fr\/wp-json\/wp\/v2\/types\/property"}],"author":[{"embeddable":true,"href":"https:\/\/www.tunidotenerife.com\/fr\/wp-json\/wp\/v2\/users\/5"}],"version-history":[{"count":0,"href":"https:\/\/www.tunidotenerife.com\/fr\/wp-json\/wp\/v2\/properties\/26273\/revisions"}],"wp:featuredmedia":[{"embeddable":true,"href":"https:\/\/www.tunidotenerife.com\/fr\/wp-json\/wp\/v2\/media\/26247"}],"wp:attachment":[{"href":"https:\/\/www.tunidotenerife.com\/fr\/wp-json\/wp\/v2\/media?parent=26273"}],"wp:term":[{"taxonomy":"property_type","embeddable":true,"href":"https:\/\/www.tunidotenerife.com\/fr\/wp-json\/wp\/v2\/property_type?post=26273"},{"taxonomy":"property_status","embeddable":true,"href":"https:\/\/www.tunidotenerife.com\/fr\/wp-json\/wp\/v2\/property_status?post=26273"},{"taxonomy":"property_feature","embeddable":true,"href":"https:\/\/www.tunidotenerife.com\/fr\/wp-json\/wp\/v2\/property_feature?post=26273"},{"taxonomy":"property_label","embeddable":true,"href":"https:\/\/www.tunidotenerife.com\/fr\/wp-json\/wp\/v2\/property_label?post=26273"},{"taxonomy":"property_city","embeddable":true,"href":"https:\/\/www.tunidotenerife.com\/fr\/wp-json\/wp\/v2\/property_city?post=26273"}],"curies":[{"name":"wp","href":"https:\/\/api.w.org\/{rel}","templated":true}]}}

<p>Nous vous présentons une magnifique villa à vendre, située dans la prestigieuse urbanisation Cascada de Camoján à Marbella. Cette propriété est un véritable bijou, construit en totale harmonie avec son environnement naturel et offrant un mélange parfait de luxe, de confort et d'intimité.</p>
<p>La villa dispose de 6 chambres spacieuses, de 7 salles de bains luxueuses et d'une chambre supplémentaire avec salle de bains pour le personnel, ce qui en fait la maison idéale pour une famille nombreuse ou pour ceux qui aiment recevoir des invités. Les espaces intérieurs sont généreux et lumineux, avec une cuisine séparée entièrement équipée et des terrasses couvertes offrant une vue imprenable sur la mer et les montagnes.</p>
<p>L'extérieur de la propriété n'est pas moins impressionnant. Un grand espace barbecue et un solarium spacieux sont idéaux pour recevoir les amis et la famille, tandis que la terrasse au bord de la piscine est l'endroit idéal pour se détendre et profiter du soleil pendant les journées chaudes.</p>
<p>Située sur le Golden Mile de Marbella, la villa se trouve à distance de marche de belles plages, de terrains de golf de classe mondiale, de centres commerciaux et de clubs nautiques exclusifs. De plus, la propriété est située dans une communauté fermée avec un service de sécurité 24 heures sur 24, offrant un niveau supplémentaire de tranquillité et de sécurité.</p>
<p>Avec un terrain de 1177m2, 708m2 construits, cette villa est une option imbattable pour ceux qui recherchent une maison de luxe à Marbella. Ne manquez pas l'occasion de vivre dans un cadre de rêve, entouré de beauté naturelle et avec toutes les commodités à portée de main.</p>

<p>Presentamos a su consideración una magnífica villa en venta, situada en la prestigiosa urbanización Cascada de Camoján, en Marbella. Esta propiedad es una verdadera joya, construida en completa armonía con su entorno natural y ofreciendo una mezcla perfecta de lujo, comodidad y privacidad. La villa cuenta con 6 amplios dormitorios, 7 baños de lujo, y [&hellip;]</p>

Cascada de Camoján, Marbella, Costa del Sol Occidental, Málaga, Andalucía, 29602, España
