{"id":25648,"date":"2025-01-15T16:08:14","date_gmt":"2025-01-15T16:08:14","guid":{"rendered":"https:\/\/www.tunidotenerife.com\/p\/finca-en-venta-en-el-pozo-guia-de-isora\/"},"modified":"2025-02-26T14:29:23","modified_gmt":"2025-02-26T14:29:23","slug":"finca-en-venta-en-el-pozo-guia-de-isora","status":"publish","type":"property","link":"https:\/\/www.tunidotenerife.com\/fr\/p\/finca-en-venta-en-el-pozo-guia-de-isora\/","title":{"rendered":"Finca \u00e0 vendre \u00e0 El Pozo, Gu\u00eda de Isora"},"content":{"rendered":"<p>Situ\u00e9e dans la charmante commune de Gu\u00eda de Isora, plus pr\u00e9cis\u00e9ment dans la zone pittoresque d'El Pozo, se trouve une finca unique. Ce splendide terrain agricole, d'une superficie d'environ 13 000 m\u00e8tres carr\u00e9s, pr\u00e9sente une forme rectangulaire et une pente douce, caract\u00e9ristiques qui le rendent id\u00e9al pour l'exploitation agricole. Son sol fertile est parfait pour la culture de divers produits, de la vigne aux tomates, en passant par les traditionnelles pommes de terre.<\/p>\n<p>La finca d'El Pozo, en plus de son attrait agricole, abrite une maison confortable de 160m2. Cette maison se compose de deux chambres spacieuses et d'une salle de bain, ce qui en fait une habitation id\u00e9ale. Mais ce qui fait la particularit\u00e9 de cette propri\u00e9t\u00e9, c'est son emplacement : situ\u00e9e dans un bel environnement rural, sur\u00e9lev\u00e9 et ouvert, elle offre des vues panoramiques \u00e9poustouflantes sur la c\u00f4te et la mer.<\/p>\n<p>Mais cette finca \u00e0 El Pozo offre bien plus qu'une maison et des terres agricoles. Elle dispose d'un r\u00e9servoir d'eau de 182 m3 et de vues sur l'oc\u00e9an, ainsi que d'un panneau solaire et de deux g\u00e9n\u00e9rateurs de 380 W et 220 W (diesel). Tout cela fait de cette finca un joyau cach\u00e9 qui ne demande qu'\u00e0 \u00eatre d\u00e9couvert.<\/p>\n<p>En outre, le co\u00fbt de l'IBI n'est que de 108 euros par an, ce qui ajoute encore \u00e0 la valeur de cette option d\u00e9j\u00e0 attrayante.<\/p>\n<p>Nous vous invitons \u00e0 d\u00e9couvrir cette finca \u00e0 El Pozo, un endroit o\u00f9 vous pourrez construire des souvenirs, profiter de la tranquillit\u00e9 et vivre la vie dont vous avez toujours r\u00eav\u00e9. Ce n'est pas seulement une propri\u00e9t\u00e9, c'est un style de vie. Ne manquez pas cette opportunit\u00e9 unique.<\/p>","protected":false},"excerpt":{"rendered":"<p>Ubicada en el encantador Municipio de Gu\u00eda de Isora, concretamente en la pintoresca zona de El Pozo, se encuentra una finca \u00fanica en su especie. Esta espl\u00e9ndida parcela agr\u00edcola, de aproximadamente 13.000 metros cuadrados, presume de una forma rectangular y un suave desnivel, caracter\u00edsticas que la hacen ideal para la explotaci\u00f3n agr\u00edcola. Su suelo f\u00e9rtil [&hellip;]<\/p>\n","protected":false},"author":5,"featured_media":25660,"parent":0,"menu_order":0,"template":"","property_type":[121],"property_status":[24],"property_feature":[171,170],"property_label":[109],"property_city":[93],"class_list":["post-25648","property","type-property","status-publish","has-post-thumbnail","hentry","property_type-finca","property_status-venta","property_feature-vistas-a-la-montana","property_feature-vistas-al-oceano","property_label-exclusivo","property_city-guia-de-isora"],"property_meta":{"rank_math_internal_links_processed":["1"],"fave_property_price":["510000"],"fave_property_price_postfix":[""],"fave_show_price_placeholder":["0"],"fave_property_price_placeholder":[""],"fave_property_price_prefix":[""],"fave_property_sec_price":[""],"fave_property_size":["160"],"fave_property_size_prefix":["m\u00b2"],"fave_property_land":["13000"],"fave_property_land_postfix":["m\u00b2"],"fave_property_bedrooms":["2"],"fave_property_bathrooms":["1"],"fave_property_garage":[""],"fave_property_garage_size":[""],"fave_virtual_tour":[""],"fave_property_year":[""],"fave_property_id":["2309"],"fave_video_url":[""],"fave_property_zip":["38688"],"additional_features":["a:1:{i:0;a:2:{s:29:\"fave_additional_feature_title\";s:0:\"\";s:29:\"fave_additional_feature_value\";s:0:\"\";}}"],"fave_additional_features_enable":["enable"],"floor_plans":[""],"fave_multi_units":[""],"fave_featured":["0"],"houzez_featured_listing_date":[""],"fave_loggedintoview":["0"],"fave_mortgage_cal":["0"],"fave_private_note":[""],"fave_property_disclaimer":[""],"fave_payment_status":["not_paid"],"fave_agent_display_option":["agent_info"],"fave_property_map_address":["El Pozo, Gu\u00eda de Isora, Santa Cruz de Tenerife, Canarias, 38688, Espa\u00f1a"],"fave_property_address":["El Pozo, Gu\u00eda de Isora, Santa Cruz de Tenerife, Canarias, 38688, Espa\u00f1a"],"houzez_geolocation_lat":["28.1986387"],"houzez_geolocation_long":["-16.7670221"],"fave_property_location":["28.1986387,-16.7670221"],"fave_property_map":["1"],"fave_property_map_street_view":[""],"houzez_total_property_views":["20737"],"houzez_views_by_date":["a:61:{s:10:\"03-03-2026\";i:45;s:10:\"03-04-2026\";i:36;s:10:\"03-05-2026\";i:52;s:10:\"03-06-2026\";i:38;s:10:\"03-07-2026\";i:36;s:10:\"03-08-2026\";i:36;s:10:\"03-09-2026\";i:36;s:10:\"03-10-2026\";i:54;s:10:\"03-11-2026\";i:54;s:10:\"03-12-2026\";i:54;s:10:\"03-13-2026\";i:36;s:10:\"03-14-2026\";i:36;s:10:\"03-15-2026\";i:36;s:10:\"03-16-2026\";i:42;s:10:\"03-17-2026\";i:48;s:10:\"03-18-2026\";i:36;s:10:\"03-19-2026\";i:51;s:10:\"03-20-2026\";i:36;s:10:\"03-21-2026\";i:52;s:10:\"03-22-2026\";i:38;s:10:\"03-23-2026\";i:36;s:10:\"03-24-2026\";i:36;s:10:\"03-25-2026\";i:36;s:10:\"03-26-2026\";i:54;s:10:\"03-27-2026\";i:36;s:10:\"03-28-2026\";i:54;s:10:\"03-29-2026\";i:36;s:10:\"03-30-2026\";i:36;s:10:\"03-31-2026\";i:36;s:10:\"04-01-2026\";i:39;s:10:\"04-02-2026\";i:54;s:10:\"04-03-2026\";i:36;s:10:\"04-04-2026\";i:36;s:10:\"04-05-2026\";i:36;s:10:\"04-06-2026\";i:42;s:10:\"04-07-2026\";i:38;s:10:\"04-08-2026\";i:54;s:10:\"04-09-2026\";i:36;s:10:\"04-10-2026\";i:37;s:10:\"04-11-2026\";i:46;s:10:\"04-12-2026\";i:43;s:10:\"04-13-2026\";i:36;s:10:\"04-14-2026\";i:36;s:10:\"04-15-2026\";i:54;s:10:\"04-16-2026\";i:36;s:10:\"04-17-2026\";i:36;s:10:\"04-18-2026\";i:48;s:10:\"04-19-2026\";i:42;s:10:\"04-20-2026\";i:36;s:10:\"04-21-2026\";i:36;s:10:\"04-22-2026\";i:36;s:10:\"04-23-2026\";i:36;s:10:\"04-24-2026\";i:52;s:10:\"04-25-2026\";i:38;s:10:\"04-26-2026\";i:36;s:10:\"04-27-2026\";i:36;s:10:\"04-28-2026\";i:52;s:10:\"04-29-2026\";i:36;s:10:\"04-30-2026\";i:54;s:10:\"05-01-2026\";i:36;s:10:\"05-02-2026\";i:18;}"],"houzez_recently_viewed":["2026-05-02 09:21:36"],"fave_property_images":["25660","25661","25656","25657","25658","25659","25662","25664","25665","25666","25667","25663"],"_thumbnail_id":["25660"],"fave_agents":["23720"],"_elementor_page_assets":["a:0:{}"]},"_links":{"self":[{"href":"https:\/\/www.tunidotenerife.com\/fr\/wp-json\/wp\/v2\/properties\/25648","targetHints":{"allow":["GET"]}}],"collection":[{"href":"https:\/\/www.tunidotenerife.com\/fr\/wp-json\/wp\/v2\/properties"}],"about":[{"href":"https:\/\/www.tunidotenerife.com\/fr\/wp-json\/wp\/v2\/types\/property"}],"author":[{"embeddable":true,"href":"https:\/\/www.tunidotenerife.com\/fr\/wp-json\/wp\/v2\/users\/5"}],"version-history":[{"count":0,"href":"https:\/\/www.tunidotenerife.com\/fr\/wp-json\/wp\/v2\/properties\/25648\/revisions"}],"wp:featuredmedia":[{"embeddable":true,"href":"https:\/\/www.tunidotenerife.com\/fr\/wp-json\/wp\/v2\/media\/25660"}],"wp:attachment":[{"href":"https:\/\/www.tunidotenerife.com\/fr\/wp-json\/wp\/v2\/media?parent=25648"}],"wp:term":[{"taxonomy":"property_type","embeddable":true,"href":"https:\/\/www.tunidotenerife.com\/fr\/wp-json\/wp\/v2\/property_type?post=25648"},{"taxonomy":"property_status","embeddable":true,"href":"https:\/\/www.tunidotenerife.com\/fr\/wp-json\/wp\/v2\/property_status?post=25648"},{"taxonomy":"property_feature","embeddable":true,"href":"https:\/\/www.tunidotenerife.com\/fr\/wp-json\/wp\/v2\/property_feature?post=25648"},{"taxonomy":"property_label","embeddable":true,"href":"https:\/\/www.tunidotenerife.com\/fr\/wp-json\/wp\/v2\/property_label?post=25648"},{"taxonomy":"property_city","embeddable":true,"href":"https:\/\/www.tunidotenerife.com\/fr\/wp-json\/wp\/v2\/property_city?post=25648"}],"curies":[{"name":"wp","href":"https:\/\/api.w.org\/{rel}","templated":true}]}}

Finca à vendre à El Pozo, Guía de Isora

<p>Située dans la charmante commune de Guía de Isora, plus précisément dans la zone pittoresque d'El Pozo, se trouve une finca unique. Ce splendide terrain agricole, d'une superficie d'environ 13 000 mètres carrés, présente une forme rectangulaire et une pente douce, caractéristiques qui le rendent idéal pour l'exploitation agricole. Son sol fertile est parfait pour la culture de divers produits, de la vigne aux tomates, en passant par les traditionnelles pommes de terre.</p>
<p>La finca d'El Pozo, en plus de son attrait agricole, abrite une maison confortable de 160m2. Cette maison se compose de deux chambres spacieuses et d'une salle de bain, ce qui en fait une habitation idéale. Mais ce qui fait la particularité de cette propriété, c'est son emplacement : située dans un bel environnement rural, surélevé et ouvert, elle offre des vues panoramiques époustouflantes sur la côte et la mer.</p>
<p>Mais cette finca à El Pozo offre bien plus qu'une maison et des terres agricoles. Elle dispose d'un réservoir d'eau de 182 m3 et de vues sur l'océan, ainsi que d'un panneau solaire et de deux générateurs de 380 W et 220 W (diesel). Tout cela fait de cette finca un joyau caché qui ne demande qu'à être découvert.</p>
<p>En outre, le coût de l'IBI n'est que de 108 euros par an, ce qui ajoute encore à la valeur de cette option déjà attrayante.</p>
<p>Nous vous invitons à découvrir cette finca à El Pozo, un endroit où vous pourrez construire des souvenirs, profiter de la tranquillité et vivre la vie dont vous avez toujours rêvé. Ce n'est pas seulement une propriété, c'est un style de vie. Ne manquez pas cette opportunité unique.</p>

<p>Ubicada en el encantador Municipio de Guía de Isora, concretamente en la pintoresca zona de El Pozo, se encuentra una finca única en su especie. Esta espléndida parcela agrícola, de aproximadamente 13.000 metros cuadrados, presume de una forma rectangular y un suave desnivel, características que la hacen ideal para la explotación agrícola. Su suelo fértil [&hellip;]</p>

El Pozo, Guía de Isora, Santa Cruz de Tenerife, Canarias, 38688, España
