{"id":24975,"date":"2024-10-03T16:03:11","date_gmt":"2024-10-03T15:03:11","guid":{"rendered":"https:\/\/www.tunidotenerife.com\/p\/apartamento-en-venta-en-tenerife-sur-madronal-de-fanabe-2\/"},"modified":"2024-10-28T13:39:09","modified_gmt":"2024-10-28T13:39:09","slug":"apartamento-en-venta-en-tenerife-sur-madronal-de-fanabe-2","status":"publish","type":"property","link":"https:\/\/www.tunidotenerife.com\/fr\/p\/apartamento-en-venta-en-tenerife-sur-madronal-de-fanabe-2\/","title":{"rendered":"Appartement \u00e0 vendre \u00e0 Tenerife South, Madro\u00f1al de Fa\u00f1abe"},"content":{"rendered":"<p>Nous avons le plaisir de vous proposer \u00e0 la vente ce spectaculaire appartement r\u00e9nov\u00e9 et tr\u00e8s confortable \u00e0 Madro\u00f1al de Fa\u00f1abe, \u00e0 100 m\u00e8tres de XSur, \u00e0 1 km de l'\u00e9cole Costa Adeje et \u00e0 2 km de la plage de Torviscas. Sa situation privil\u00e9gi\u00e9e offre \u00e0 l'appartement des vues directes sur la mer et les montagnes, que vous pourrez appr\u00e9cier depuis la spacieuse terrasse tout en profitant du soleil de l'\u00eele et de ses merveilleux couchers de soleil.<\/p>\n<p>Il est situ\u00e9 dans le complexe Valle del Sol avec des piscines communes pour adultes et enfants. L'appartement dispose d'une grande chambre avec placards, d'une salle de bains avec douche et d'un espace de rangement, d'une spacieuse cuisine ouverte enti\u00e8rement \u00e9quip\u00e9e avec coin repas et d'un salon d'o\u00f9 vous avez acc\u00e8s aux splendides terrasses avec vue sur l'oc\u00e9an et les montagnes. L'appartement est situ\u00e9 au dernier \u00e9tage, il n'y a donc pas de voisins au-dessus, ce qui lui donne beaucoup plus d'intimit\u00e9. Il a \u00e9t\u00e9 r\u00e9nov\u00e9 et meubl\u00e9 dans un style moderne et chaleureux, et gr\u00e2ce \u00e0 sa situation privil\u00e9gi\u00e9e, c'est un appartement parfait pour un couple ou comme r\u00e9sidence secondaire si vous souhaitez investir.<\/p>\n<p>Il est \u00e9galement vendu avec une grande salle de stockage et un espace de garage.<\/p>\n<p>La surface int\u00e9rieure de l'appartement est de 52 m2 et la terrasse de 25 m2.<\/p>\n<p>&nbsp;<\/p>\n<p>Pour plus d'informations, n'h\u00e9sitez pas \u00e0 nous contacter.<\/p>","protected":false},"excerpt":{"rendered":"<p>Tenemos el placer de proponerle a la venta este espectacular apartamento renovado y muy acogedor en Madro\u00f1al de Fa\u00f1abe, a 100 metros de XSur, a 1km del Colegio Costa Adeje y a 2 km de la playa de Torviscas. Su privilegiada ubicaci\u00f3n le ofrece al apartamento vistas directas al oc\u00e9ano y a la monta\u00f1a, que [&hellip;]<\/p>\n","protected":false},"author":2,"featured_media":24969,"parent":0,"menu_order":0,"template":"","property_type":[49],"property_status":[24],"property_feature":[176,174,172,171,170],"property_label":[109,179],"property_city":[62],"class_list":["post-24975","property","type-property","status-publish","has-post-thumbnail","hentry","property_type-apartamento","property_status-venta","property_feature-cerca-de-centros-comerciales","property_feature-cocina-amueblada","property_feature-piscina-comunitaria","property_feature-vistas-a-la-montana","property_feature-vistas-al-oceano","property_label-exclusivo","property_label-luxury","property_city-el-madronal-de-fanabe"],"property_meta":{"rank_math_internal_links_processed":["1"],"fave_property_price":["310000"],"fave_property_price_postfix":[""],"fave_show_price_placeholder":["0"],"fave_property_price_placeholder":[""],"fave_property_price_prefix":[""],"fave_property_sec_price":[""],"fave_property_size":["52"],"fave_property_size_prefix":["m\u00b2"],"fave_property_land":[""],"fave_property_land_postfix":["m\u00b2"],"fave_property_bedrooms":["1"],"fave_property_bathrooms":["1"],"fave_property_garage":["1"],"fave_property_garage_size":[""],"fave_virtual_tour":[""],"fave_property_year":[""],"fave_property_id":["2294"],"fave_video_url":[""],"fave_property_zip":[""],"additional_features":["a:1:{i:0;a:2:{s:29:\"fave_additional_feature_title\";s:0:\"\";s:29:\"fave_additional_feature_value\";s:0:\"\";}}"],"fave_additional_features_enable":["enable"],"floor_plans":[""],"fave_multi_units":[""],"fave_featured":["0"],"houzez_featured_listing_date":[""],"fave_loggedintoview":["0"],"fave_mortgage_cal":["0"],"fave_private_note":[""],"fave_property_disclaimer":[""],"fave_payment_status":["not_paid"],"fave_agent_display_option":["agent_info"],"fave_property_map_address":[""],"fave_property_address":[""],"houzez_geolocation_lat":["28.089965458793152"],"houzez_geolocation_long":["-16.725440025329593"],"fave_property_location":["28.089965458793152,-16.725440025329593"],"fave_property_map":["1"],"fave_property_map_street_view":[""],"houzez_total_property_views":["22460"],"houzez_views_by_date":["a:61:{s:10:\"03-04-2026\";i:44;s:10:\"03-05-2026\";i:46;s:10:\"03-06-2026\";i:38;s:10:\"03-07-2026\";i:36;s:10:\"03-08-2026\";i:36;s:10:\"03-09-2026\";i:36;s:10:\"03-10-2026\";i:54;s:10:\"03-11-2026\";i:68;s:10:\"03-12-2026\";i:54;s:10:\"03-13-2026\";i:36;s:10:\"03-14-2026\";i:36;s:10:\"03-15-2026\";i:40;s:10:\"03-16-2026\";i:48;s:10:\"03-17-2026\";i:38;s:10:\"03-18-2026\";i:36;s:10:\"03-19-2026\";i:70;s:10:\"03-20-2026\";i:52;s:10:\"03-21-2026\";i:44;s:10:\"03-22-2026\";i:36;s:10:\"03-23-2026\";i:39;s:10:\"03-24-2026\";i:33;s:10:\"03-25-2026\";i:36;s:10:\"03-26-2026\";i:54;s:10:\"03-27-2026\";i:36;s:10:\"03-28-2026\";i:58;s:10:\"03-29-2026\";i:36;s:10:\"03-30-2026\";i:36;s:10:\"03-31-2026\";i:36;s:10:\"04-01-2026\";i:38;s:10:\"04-02-2026\";i:54;s:10:\"04-03-2026\";i:36;s:10:\"04-04-2026\";i:36;s:10:\"04-05-2026\";i:40;s:10:\"04-06-2026\";i:48;s:10:\"04-07-2026\";i:91;s:10:\"04-08-2026\";i:54;s:10:\"04-09-2026\";i:36;s:10:\"04-10-2026\";i:44;s:10:\"04-11-2026\";i:48;s:10:\"04-12-2026\";i:36;s:10:\"04-13-2026\";i:36;s:10:\"04-14-2026\";i:36;s:10:\"04-15-2026\";i:54;s:10:\"04-16-2026\";i:36;s:10:\"04-17-2026\";i:41;s:10:\"04-18-2026\";i:48;s:10:\"04-19-2026\";i:38;s:10:\"04-20-2026\";i:37;s:10:\"04-21-2026\";i:37;s:10:\"04-22-2026\";i:38;s:10:\"04-23-2026\";i:44;s:10:\"04-24-2026\";i:42;s:10:\"04-25-2026\";i:38;s:10:\"04-26-2026\";i:36;s:10:\"04-27-2026\";i:36;s:10:\"04-28-2026\";i:52;s:10:\"04-29-2026\";i:44;s:10:\"04-30-2026\";i:50;s:10:\"05-01-2026\";i:36;s:10:\"05-02-2026\";i:36;s:10:\"05-03-2026\";i:32;}"],"houzez_recently_viewed":["2026-05-03 17:03:31"],"fave_property_images":["24969","24965","24966","24967","24970","24968","24971","24972","24973","24974","24964"],"_thumbnail_id":["24969"],"fave_agents":["150"],"_elementor_page_assets":["a:0:{}"]},"_links":{"self":[{"href":"https:\/\/www.tunidotenerife.com\/fr\/wp-json\/wp\/v2\/properties\/24975","targetHints":{"allow":["GET"]}}],"collection":[{"href":"https:\/\/www.tunidotenerife.com\/fr\/wp-json\/wp\/v2\/properties"}],"about":[{"href":"https:\/\/www.tunidotenerife.com\/fr\/wp-json\/wp\/v2\/types\/property"}],"author":[{"embeddable":true,"href":"https:\/\/www.tunidotenerife.com\/fr\/wp-json\/wp\/v2\/users\/2"}],"version-history":[{"count":0,"href":"https:\/\/www.tunidotenerife.com\/fr\/wp-json\/wp\/v2\/properties\/24975\/revisions"}],"wp:featuredmedia":[{"embeddable":true,"href":"https:\/\/www.tunidotenerife.com\/fr\/wp-json\/wp\/v2\/media\/24969"}],"wp:attachment":[{"href":"https:\/\/www.tunidotenerife.com\/fr\/wp-json\/wp\/v2\/media?parent=24975"}],"wp:term":[{"taxonomy":"property_type","embeddable":true,"href":"https:\/\/www.tunidotenerife.com\/fr\/wp-json\/wp\/v2\/property_type?post=24975"},{"taxonomy":"property_status","embeddable":true,"href":"https:\/\/www.tunidotenerife.com\/fr\/wp-json\/wp\/v2\/property_status?post=24975"},{"taxonomy":"property_feature","embeddable":true,"href":"https:\/\/www.tunidotenerife.com\/fr\/wp-json\/wp\/v2\/property_feature?post=24975"},{"taxonomy":"property_label","embeddable":true,"href":"https:\/\/www.tunidotenerife.com\/fr\/wp-json\/wp\/v2\/property_label?post=24975"},{"taxonomy":"property_city","embeddable":true,"href":"https:\/\/www.tunidotenerife.com\/fr\/wp-json\/wp\/v2\/property_city?post=24975"}],"curies":[{"name":"wp","href":"https:\/\/api.w.org\/{rel}","templated":true}]}}

Appartement à vendre à Tenerife South, Madroñal de Fañabe

<p>Nous avons le plaisir de vous proposer à la vente ce spectaculaire appartement rénové et très confortable à Madroñal de Fañabe, à 100 mètres de XSur, à 1 km de l'école Costa Adeje et à 2 km de la plage de Torviscas. Sa situation privilégiée offre à l'appartement des vues directes sur la mer et les montagnes, que vous pourrez apprécier depuis la spacieuse terrasse tout en profitant du soleil de l'île et de ses merveilleux couchers de soleil.</p>
<p>Il est situé dans le complexe Valle del Sol avec des piscines communes pour adultes et enfants. L'appartement dispose d'une grande chambre avec placards, d'une salle de bains avec douche et d'un espace de rangement, d'une spacieuse cuisine ouverte entièrement équipée avec coin repas et d'un salon d'où vous avez accès aux splendides terrasses avec vue sur l'océan et les montagnes. L'appartement est situé au dernier étage, il n'y a donc pas de voisins au-dessus, ce qui lui donne beaucoup plus d'intimité. Il a été rénové et meublé dans un style moderne et chaleureux, et grâce à sa situation privilégiée, c'est un appartement parfait pour un couple ou comme résidence secondaire si vous souhaitez investir.</p>
<p>Il est également vendu avec une grande salle de stockage et un espace de garage.</p>
<p>La surface intérieure de l'appartement est de 52 m2 et la terrasse de 25 m2.</p>
<p>&nbsp;</p>
<p>Pour plus d'informations, n'hésitez pas à nous contacter.</p>

<p>Tenemos el placer de proponerle a la venta este espectacular apartamento renovado y muy acogedor en Madroñal de Fañabe, a 100 metros de XSur, a 1km del Colegio Costa Adeje y a 2 km de la playa de Torviscas. Su privilegiada ubicación le ofrece al apartamento vistas directas al océano y a la montaña, que [&hellip;]</p>
