{"id":24364,"date":"2024-06-28T13:32:20","date_gmt":"2024-06-28T12:32:20","guid":{"rendered":"https:\/\/www.tunidotenerife.com\/p\/terreno-urbano-en-venta-en-tenerife-sur-golf-de-adeje\/"},"modified":"2024-06-28T13:33:17","modified_gmt":"2024-06-28T12:33:17","slug":"terreno-urbano-en-venta-en-tenerife-sur-golf-de-adeje","status":"publish","type":"property","link":"https:\/\/www.tunidotenerife.com\/fr\/p\/terreno-urbano-en-venta-en-tenerife-sur-golf-de-adeje\/","title":{"rendered":"Terrain urbain \u00e0 vendre \u00e0 Tenerife South, Golf de Adeje"},"content":{"rendered":"<p>Terrain urbain \u00e0 vendre pour construire une villa individuelle \u00e0 Barranco del Ingl\u00e9s, en Golf de Adeje.<\/p>\n<p>Le terrain est situ\u00e9 au centre de la r\u00e9gion, au bord de la route principale en direction de La Caleta.<\/p>\n<p>Elle dispose de 2 867 m2 pour construire une villa ind\u00e9pendante de 2 \u00e9tages hors sol avec vue sur l'oc\u00e9an et les montagnes depuis l'\u00e9tage sup\u00e9rieur et entour\u00e9e de grands jardins, ajoutant ainsi de la tranquillit\u00e9 \u00e0 l'environnement.<\/p>\n<p>Si vous \u00eates \u00e0 la recherche de votre future maison dans le quartier le plus exclusif du sud de l'\u00eele, \u00e0 c\u00f4t\u00e9 du terrain de golf, n'h\u00e9sitez pas \u00e0 nous contacter.<\/p>","protected":false},"excerpt":{"rendered":"<p>Se vende parcela urbana para edificar una villa unifamiliar en el barranco del Ingl\u00e9s, en Golf de Adeje. El terreno se encuentra en un sitio c\u00e9ntrico de la zona, a pie de calle en la carretera principal de camino a La Caleta Cuenta con 2.867m2 para edificar una villa independiente con 2 pantas sobre rasante [&hellip;]<\/p>\n","protected":false},"author":2,"featured_media":24362,"parent":0,"menu_order":0,"template":"","property_type":[165],"property_status":[24],"property_feature":[171,170],"property_label":[109],"property_city":[58],"class_list":["post-24364","property","type-property","status-publish","has-post-thumbnail","hentry","property_type-terreno","property_status-venta","property_feature-vistas-a-la-montana","property_feature-vistas-al-oceano","property_label-exclusivo","property_city-adeje"],"property_meta":{"rank_math_internal_links_processed":["1"],"fave_property_price":["2650000"],"fave_property_price_postfix":[""],"fave_show_price_placeholder":["0"],"fave_property_price_placeholder":[""],"fave_property_price_prefix":[""],"fave_property_sec_price":[""],"fave_property_size":[""],"fave_property_size_prefix":["m\u00b2"],"fave_property_land":["2867"],"fave_property_land_postfix":["m\u00b2"],"fave_property_bedrooms":[""],"fave_property_bathrooms":[""],"fave_property_garage":[""],"fave_property_garage_size":[""],"fave_virtual_tour":[""],"fave_property_year":[""],"fave_property_id":["2268"],"fave_video_url":[""],"fave_property_zip":[""],"additional_features":["a:2:{i:0;a:2:{s:29:\"fave_additional_feature_title\";s:0:\"\";s:29:\"fave_additional_feature_value\";s:0:\"\";}i:1;a:2:{s:29:\"fave_additional_feature_title\";s:0:\"\";s:29:\"fave_additional_feature_value\";s:0:\"\";}}"],"fave_additional_features_enable":["enable"],"floor_plans":[""],"fave_multi_units":[""],"fave_featured":["0"],"houzez_featured_listing_date":[""],"fave_loggedintoview":["0"],"fave_mortgage_cal":["0"],"fave_private_note":[""],"fave_property_disclaimer":[""],"fave_payment_status":["not_paid"],"fave_agent_display_option":["agent_info"],"fave_property_map_address":[""],"fave_property_address":[""],"houzez_geolocation_lat":["28.11626934774919"],"houzez_geolocation_long":["-16.743691629174805"],"fave_property_location":["28.11626934774919,-16.743691629174805"],"fave_property_map":["1"],"fave_property_map_street_view":["hide"],"houzez_total_property_views":["22095"],"houzez_views_by_date":["a:61:{s:10:\"03-01-2026\";i:40;s:10:\"03-02-2026\";i:43;s:10:\"03-03-2026\";i:37;s:10:\"03-04-2026\";i:39;s:10:\"03-05-2026\";i:50;s:10:\"03-06-2026\";i:38;s:10:\"03-07-2026\";i:36;s:10:\"03-08-2026\";i:36;s:10:\"03-09-2026\";i:36;s:10:\"03-10-2026\";i:54;s:10:\"03-11-2026\";i:58;s:10:\"03-12-2026\";i:54;s:10:\"03-13-2026\";i:36;s:10:\"03-14-2026\";i:36;s:10:\"03-15-2026\";i:36;s:10:\"03-16-2026\";i:50;s:10:\"03-17-2026\";i:40;s:10:\"03-18-2026\";i:36;s:10:\"03-19-2026\";i:70;s:10:\"03-20-2026\";i:44;s:10:\"03-21-2026\";i:46;s:10:\"03-22-2026\";i:36;s:10:\"03-23-2026\";i:36;s:10:\"03-24-2026\";i:36;s:10:\"03-25-2026\";i:36;s:10:\"03-26-2026\";i:54;s:10:\"03-27-2026\";i:36;s:10:\"03-28-2026\";i:54;s:10:\"03-29-2026\";i:36;s:10:\"03-30-2026\";i:36;s:10:\"03-31-2026\";i:36;s:10:\"04-01-2026\";i:39;s:10:\"04-02-2026\";i:54;s:10:\"04-03-2026\";i:36;s:10:\"04-04-2026\";i:36;s:10:\"04-05-2026\";i:37;s:10:\"04-06-2026\";i:51;s:10:\"04-07-2026\";i:45;s:10:\"04-08-2026\";i:54;s:10:\"04-09-2026\";i:36;s:10:\"04-10-2026\";i:38;s:10:\"04-11-2026\";i:52;s:10:\"04-12-2026\";i:36;s:10:\"04-13-2026\";i:36;s:10:\"04-14-2026\";i:36;s:10:\"04-15-2026\";i:54;s:10:\"04-16-2026\";i:36;s:10:\"04-17-2026\";i:36;s:10:\"04-18-2026\";i:50;s:10:\"04-19-2026\";i:40;s:10:\"04-20-2026\";i:36;s:10:\"04-21-2026\";i:36;s:10:\"04-22-2026\";i:36;s:10:\"04-23-2026\";i:41;s:10:\"04-24-2026\";i:47;s:10:\"04-25-2026\";i:38;s:10:\"04-26-2026\";i:36;s:10:\"04-27-2026\";i:36;s:10:\"04-28-2026\";i:52;s:10:\"04-29-2026\";i:36;s:10:\"04-30-2026\";i:36;}"],"houzez_recently_viewed":["2026-04-30 12:18:31"],"fave_property_images":["24362","24363"],"_thumbnail_id":["24362"],"fave_agents":["150"],"_elementor_page_assets":["a:0:{}"]},"_links":{"self":[{"href":"https:\/\/www.tunidotenerife.com\/fr\/wp-json\/wp\/v2\/properties\/24364","targetHints":{"allow":["GET"]}}],"collection":[{"href":"https:\/\/www.tunidotenerife.com\/fr\/wp-json\/wp\/v2\/properties"}],"about":[{"href":"https:\/\/www.tunidotenerife.com\/fr\/wp-json\/wp\/v2\/types\/property"}],"author":[{"embeddable":true,"href":"https:\/\/www.tunidotenerife.com\/fr\/wp-json\/wp\/v2\/users\/2"}],"version-history":[{"count":0,"href":"https:\/\/www.tunidotenerife.com\/fr\/wp-json\/wp\/v2\/properties\/24364\/revisions"}],"wp:featuredmedia":[{"embeddable":true,"href":"https:\/\/www.tunidotenerife.com\/fr\/wp-json\/wp\/v2\/media\/24362"}],"wp:attachment":[{"href":"https:\/\/www.tunidotenerife.com\/fr\/wp-json\/wp\/v2\/media?parent=24364"}],"wp:term":[{"taxonomy":"property_type","embeddable":true,"href":"https:\/\/www.tunidotenerife.com\/fr\/wp-json\/wp\/v2\/property_type?post=24364"},{"taxonomy":"property_status","embeddable":true,"href":"https:\/\/www.tunidotenerife.com\/fr\/wp-json\/wp\/v2\/property_status?post=24364"},{"taxonomy":"property_feature","embeddable":true,"href":"https:\/\/www.tunidotenerife.com\/fr\/wp-json\/wp\/v2\/property_feature?post=24364"},{"taxonomy":"property_label","embeddable":true,"href":"https:\/\/www.tunidotenerife.com\/fr\/wp-json\/wp\/v2\/property_label?post=24364"},{"taxonomy":"property_city","embeddable":true,"href":"https:\/\/www.tunidotenerife.com\/fr\/wp-json\/wp\/v2\/property_city?post=24364"}],"curies":[{"name":"wp","href":"https:\/\/api.w.org\/{rel}","templated":true}]}}

Terrain urbain à vendre à Tenerife South, Golf de Adeje

<p>Terrain urbain à vendre pour construire une villa individuelle à Barranco del Inglés, en Golf de Adeje.</p>
<p>Le terrain est situé au centre de la région, au bord de la route principale en direction de La Caleta.</p>
<p>Elle dispose de 2 867 m2 pour construire une villa indépendante de 2 étages hors sol avec vue sur l'océan et les montagnes depuis l'étage supérieur et entourée de grands jardins, ajoutant ainsi de la tranquillité à l'environnement.</p>
<p>Si vous êtes à la recherche de votre future maison dans le quartier le plus exclusif du sud de l'île, à côté du terrain de golf, n'hésitez pas à nous contacter.</p>

<p>Se vende parcela urbana para edificar una villa unifamiliar en el barranco del Inglés, en Golf de Adeje. El terreno se encuentra en un sitio céntrico de la zona, a pie de calle en la carretera principal de camino a La Caleta Cuenta con 2.867m2 para edificar una villa independiente con 2 pantas sobre rasante [&hellip;]</p>
