{"id":24229,"date":"2024-05-23T15:21:21","date_gmt":"2024-05-23T14:21:21","guid":{"rendered":"https:\/\/www.tunidotenerife.com\/p\/villa-en-venta-en-tenerife-sur-roque-del-conde\/"},"modified":"2025-08-13T13:39:59","modified_gmt":"2025-08-13T12:39:59","slug":"villa-en-venta-en-tenerife-sur-roque-del-conde","status":"houzez_sold","type":"property","link":"https:\/\/www.tunidotenerife.com\/fr\/p\/villa-en-venta-en-tenerife-sur-roque-del-conde\/","title":{"rendered":"Villa \u00e0 vendre \u00e0 Tenerife South, Roque del Conde"},"content":{"rendered":"<p>Nich\u00e9e dans les hauteurs de Roque del Conde se trouve une majestueuse villa, la Villa Roque del Conde, \u00e9rig\u00e9e en 2005. Cette magnifique propri\u00e9t\u00e9 se trouve sur un terrain de 755m2, avec une surface construite de 1070m2, distribu\u00e9e sur quatre niveaux.<br \/>\nLa villa Roque del Conde dispose de quatre pi\u00e8ces spacieuses, dont trois sont utilis\u00e9es comme chambres \u00e0 coucher et la derni\u00e8re comme bureau. Elle dispose \u00e9galement de quatre salles de bains et d'un WC, r\u00e9partis comme suit :<br \/>\nAu rez-de-chauss\u00e9e, vous trouverez un salon confortable, une chambre, une salle \u00e0 manger, une cuisine enti\u00e8rement \u00e9quip\u00e9e, un bureau et deux salles de bains. L'\u00e9tage sup\u00e9rieur abrite deux chambres suppl\u00e9mentaires, deux salles de bains, une terrasse et un deuxi\u00e8me salon. Le sous-sol -1 est destin\u00e9 \u00e0 un garage, un d\u00e9barras, une salle \u00e0 manger\/cuisine suppl\u00e9mentaire, un barbecue, une cave \u00e0 vin et des toilettes. Enfin, le sous-sol -2 abrite un d\u00e9barras et des toilettes.<br \/>\nL'ext\u00e9rieur de la Villa Roque del Conde est un v\u00e9ritable paradis, entour\u00e9 de divers jardins avec des vues panoramiques sur l'oc\u00e9an, la c\u00f4te, l'\u00eele voisine de La Gomera et les montagnes.<br \/>\nQuant aux mat\u00e9riaux utilis\u00e9s pour sa construction, le marbre, le parquet, la c\u00e9ramique, le double vitrage et la pierre des Canaries ont \u00e9t\u00e9 choisis pour apporter une touche d'\u00e9l\u00e9gance et de sophistication.<\/p>\n<p>La villa Roque del Conde est vendue enti\u00e8rement meubl\u00e9e, comme le montrent les photographies. Il s'agit d'une occasion unique d'acqu\u00e9rir une propri\u00e9t\u00e9 de luxe dans un endroit privil\u00e9gi\u00e9.<\/p>","protected":false},"excerpt":{"rendered":"<p>Ubicada en las elevadas cumbres de Roque del Conde, se encuentra una majestuosa villa, Villa Roque del Conde, erigida en el a\u00f1o 2005. Esta magn\u00edfica propiedad se asienta sobre una parcela de 755m2, con una superficie construida de 1070m2, distribuida en cuatro niveles. La Villa Roque del Conde cuenta con cuatro espaciosas habitaciones, tres de [&hellip;]<\/p>\n","protected":false},"author":5,"featured_media":24210,"parent":0,"menu_order":0,"template":"","property_type":[45],"property_status":[40],"property_feature":[17,178,19,174,31,26,42,171,170],"property_label":[109,180],"property_city":[59],"class_list":["post-24229","property","type-property","status-houzez_sold","has-post-thumbnail","hentry","property_type-villa","property_status-vendido","property_feature-aire-acondicionado","property_feature-aparcamiento-privado-cerrado","property_feature-barbacoa","property_feature-cocina-amueblada","property_feature-ducha-exterior","property_feature-lavadora","property_feature-piscina-privada","property_feature-vistas-a-la-montana","property_feature-vistas-al-oceano","property_label-exclusivo","property_label-oferta","property_city-roque-del-conde"],"property_meta":{"rank_math_internal_links_processed":["1"],"fave_property_price":["1595000"],"fave_property_price_postfix":[""],"fave_show_price_placeholder":["0"],"fave_property_price_placeholder":[""],"fave_property_price_prefix":[""],"fave_property_sec_price":[""],"fave_property_size":["1170"],"fave_property_size_prefix":["m\u00b2"],"fave_property_land":["755"],"fave_property_land_postfix":["m\u00b2"],"fave_property_bedrooms":["4"],"fave_property_bathrooms":["5"],"fave_property_garage":["3"],"fave_property_garage_size":[""],"fave_virtual_tour":[""],"fave_property_year":["2005"],"fave_property_id":["2181"],"fave_video_url":[""],"fave_property_images":["24210","24206","24207","24211","24183","24225","24195","24179","24192","24200","24194","24199","24205","24221","24222","24186","24187","24189","24182","24214","24223"],"_thumbnail_id":["24210"],"fave_property_zip":["38660"],"additional_features":["a:1:{i:0;a:2:{s:29:\"fave_additional_feature_title\";s:0:\"\";s:29:\"fave_additional_feature_value\";s:0:\"\";}}"],"fave_additional_features_enable":["enable"],"floor_plans":[""],"fave_multi_units":[""],"fave_featured":["0"],"houzez_featured_listing_date":[""],"fave_loggedintoview":["0"],"fave_mortgage_cal":["0"],"fave_private_note":[""],"fave_property_disclaimer":[""],"fave_payment_status":["not_paid"],"fave_agents":["23720"],"fave_agent_display_option":["agent_info"],"fave_property_map_address":["Roque del Conde, Espa\u00f1a"],"fave_property_address":["Roque del Conde, Espa\u00f1a"],"houzez_geolocation_lat":["28.104167"],"houzez_geolocation_long":["-16.698611"],"fave_property_location":["28.104167,-16.698611"],"fave_property_map":["1"],"fave_property_map_street_view":["hide"],"houzez_total_property_views":["22978"],"houzez_views_by_date":["a:61:{s:10:\"03-03-2026\";i:38;s:10:\"03-04-2026\";i:40;s:10:\"03-05-2026\";i:50;s:10:\"03-06-2026\";i:38;s:10:\"03-07-2026\";i:36;s:10:\"03-08-2026\";i:36;s:10:\"03-09-2026\";i:36;s:10:\"03-10-2026\";i:54;s:10:\"03-11-2026\";i:62;s:10:\"03-12-2026\";i:54;s:10:\"03-13-2026\";i:36;s:10:\"03-14-2026\";i:36;s:10:\"03-15-2026\";i:36;s:10:\"03-16-2026\";i:54;s:10:\"03-17-2026\";i:36;s:10:\"03-18-2026\";i:36;s:10:\"03-19-2026\";i:65;s:10:\"03-20-2026\";i:52;s:10:\"03-21-2026\";i:40;s:10:\"03-22-2026\";i:36;s:10:\"03-23-2026\";i:38;s:10:\"03-24-2026\";i:33;s:10:\"03-25-2026\";i:36;s:10:\"03-26-2026\";i:54;s:10:\"03-27-2026\";i:36;s:10:\"03-28-2026\";i:56;s:10:\"03-29-2026\";i:36;s:10:\"03-30-2026\";i:36;s:10:\"03-31-2026\";i:36;s:10:\"04-01-2026\";i:42;s:10:\"04-02-2026\";i:54;s:10:\"04-03-2026\";i:37;s:10:\"04-04-2026\";i:36;s:10:\"04-05-2026\";i:40;s:10:\"04-06-2026\";i:44;s:10:\"04-07-2026\";i:70;s:10:\"04-08-2026\";i:51;s:10:\"04-09-2026\";i:35;s:10:\"04-10-2026\";i:46;s:10:\"04-11-2026\";i:44;s:10:\"04-12-2026\";i:36;s:10:\"04-13-2026\";i:36;s:10:\"04-14-2026\";i:36;s:10:\"04-15-2026\";i:54;s:10:\"04-16-2026\";i:36;s:10:\"04-17-2026\";i:38;s:10:\"04-18-2026\";i:52;s:10:\"04-19-2026\";i:36;s:10:\"04-20-2026\";i:36;s:10:\"04-21-2026\";i:36;s:10:\"04-22-2026\";i:38;s:10:\"04-23-2026\";i:44;s:10:\"04-24-2026\";i:44;s:10:\"04-25-2026\";i:36;s:10:\"04-26-2026\";i:36;s:10:\"04-27-2026\";i:36;s:10:\"04-28-2026\";i:54;s:10:\"04-29-2026\";i:41;s:10:\"04-30-2026\";i:49;s:10:\"05-01-2026\";i:36;s:10:\"05-02-2026\";i:18;}"],"houzez_recently_viewed":["2026-05-02 09:16:28"],"_elementor_page_assets":["a:0:{}"]},"_links":{"self":[{"href":"https:\/\/www.tunidotenerife.com\/fr\/wp-json\/wp\/v2\/properties\/24229","targetHints":{"allow":["GET"]}}],"collection":[{"href":"https:\/\/www.tunidotenerife.com\/fr\/wp-json\/wp\/v2\/properties"}],"about":[{"href":"https:\/\/www.tunidotenerife.com\/fr\/wp-json\/wp\/v2\/types\/property"}],"author":[{"embeddable":true,"href":"https:\/\/www.tunidotenerife.com\/fr\/wp-json\/wp\/v2\/users\/5"}],"version-history":[{"count":0,"href":"https:\/\/www.tunidotenerife.com\/fr\/wp-json\/wp\/v2\/properties\/24229\/revisions"}],"wp:featuredmedia":[{"embeddable":true,"href":"https:\/\/www.tunidotenerife.com\/fr\/wp-json\/wp\/v2\/media\/24210"}],"wp:attachment":[{"href":"https:\/\/www.tunidotenerife.com\/fr\/wp-json\/wp\/v2\/media?parent=24229"}],"wp:term":[{"taxonomy":"property_type","embeddable":true,"href":"https:\/\/www.tunidotenerife.com\/fr\/wp-json\/wp\/v2\/property_type?post=24229"},{"taxonomy":"property_status","embeddable":true,"href":"https:\/\/www.tunidotenerife.com\/fr\/wp-json\/wp\/v2\/property_status?post=24229"},{"taxonomy":"property_feature","embeddable":true,"href":"https:\/\/www.tunidotenerife.com\/fr\/wp-json\/wp\/v2\/property_feature?post=24229"},{"taxonomy":"property_label","embeddable":true,"href":"https:\/\/www.tunidotenerife.com\/fr\/wp-json\/wp\/v2\/property_label?post=24229"},{"taxonomy":"property_city","embeddable":true,"href":"https:\/\/www.tunidotenerife.com\/fr\/wp-json\/wp\/v2\/property_city?post=24229"}],"curies":[{"name":"wp","href":"https:\/\/api.w.org\/{rel}","templated":true}]}}

Villa à vendre à Tenerife South, Roque del Conde

<p>Nichée dans les hauteurs de Roque del Conde se trouve une majestueuse villa, la Villa Roque del Conde, érigée en 2005. Cette magnifique propriété se trouve sur un terrain de 755m2, avec une surface construite de 1070m2, distribuée sur quatre niveaux.<br />
La villa Roque del Conde dispose de quatre pièces spacieuses, dont trois sont utilisées comme chambres à coucher et la dernière comme bureau. Elle dispose également de quatre salles de bains et d'un WC, répartis comme suit :<br />
Au rez-de-chaussée, vous trouverez un salon confortable, une chambre, une salle à manger, une cuisine entièrement équipée, un bureau et deux salles de bains. L'étage supérieur abrite deux chambres supplémentaires, deux salles de bains, une terrasse et un deuxième salon. Le sous-sol -1 est destiné à un garage, un débarras, une salle à manger/cuisine supplémentaire, un barbecue, une cave à vin et des toilettes. Enfin, le sous-sol -2 abrite un débarras et des toilettes.<br />
L'extérieur de la Villa Roque del Conde est un véritable paradis, entouré de divers jardins avec des vues panoramiques sur l'océan, la côte, l'île voisine de La Gomera et les montagnes.<br />
Quant aux matériaux utilisés pour sa construction, le marbre, le parquet, la céramique, le double vitrage et la pierre des Canaries ont été choisis pour apporter une touche d'élégance et de sophistication.</p>
<p>La villa Roque del Conde est vendue entièrement meublée, comme le montrent les photographies. Il s'agit d'une occasion unique d'acquérir une propriété de luxe dans un endroit privilégié.</p>

<p>Ubicada en las elevadas cumbres de Roque del Conde, se encuentra una majestuosa villa, Villa Roque del Conde, erigida en el año 2005. Esta magnífica propiedad se asienta sobre una parcela de 755m2, con una superficie construida de 1070m2, distribuida en cuatro niveles. La Villa Roque del Conde cuenta con cuatro espaciosas habitaciones, tres de [&hellip;]</p>

Roque del Conde, España
