{"id":21953,"date":"2024-04-18T15:40:15","date_gmt":"2024-04-18T14:40:15","guid":{"rendered":"https:\/\/www.tunidotenerife.com\/p\/apartamento-en-tenerife-costa-adeje-en-alquiler-1873\/"},"modified":"2024-04-30T15:34:57","modified_gmt":"2024-04-30T14:34:57","slug":"apartamento-en-tenerife-costa-adeje-en-alquiler-1873","status":"publish","type":"property","link":"https:\/\/www.tunidotenerife.com\/en\/p\/apartamento-en-tenerife-costa-adeje-en-alquiler-1873\/","title":{"rendered":"Flat for Rent in Costa Adeje, Tenerife South"},"content":{"rendered":"<p>Located in the prestigious Orlando complex in Costa Adeje, is this recently renovated flat with a modern and stylish design. The flat features a cosy bedroom, a well-equipped bathroom and a spacious living room that merges with an open plan kitchen, creating an integrated and bright living space.<\/p>\n<p>The fully equipped kitchen includes an oven, microwave, coffee maker and a large fridge, as well as all the utensils necessary to prepare delicious meals. The flat also has a washing machine, a modern television and internet connection, ensuring all the comforts of home.<\/p>\n<p>The Orlando complex offers a communal swimming pool to cool off on hot summer days. Its location is unbeatable, just minutes away from shopping centres, restaurants, bars and the nearest beaches.<\/p>\n<p>This flat is ideal for those looking to enjoy a great holiday in Tenerife, combining the comfort of a home with the excitement of being close to all the attractions that Costa Adeje has to offer. Please do not hesitate to contact us for more information or to arrange a viewing.<\/p>\n<p>&nbsp;<\/p>\n<p><em><strong>The above data are indicative only and may be subject to inadvertent errors or omissions.<\/strong><\/em><\/p>","protected":false},"excerpt":{"rendered":"<p>Ubicado en el prestigioso complejo Orlando en Costa Adeje, se encuentra este apartamento recientemente renovado con un dise\u00f1o moderno y elegante. El apartamento cuenta con un dormitorio acogedor, un ba\u00f1o bien equipado y un amplio sal\u00f3n que se fusiona con una cocina abierta, creando un espacio de vida integrado y luminoso. La cocina, equipada con [&hellip;]<\/p>\n","protected":false},"author":4,"featured_media":23158,"parent":0,"menu_order":0,"template":"","property_type":[49],"property_status":[23],"property_feature":[17,177,174,26,172],"property_label":[],"property_city":[63],"class_list":["post-21953","property","type-property","status-publish","has-post-thumbnail","hentry","property_type-apartamento","property_status-alquiler-vacacional","property_feature-aire-acondicionado","property_feature-cerca-de-la-playa","property_feature-cocina-amueblada","property_feature-lavadora","property_feature-piscina-comunitaria","property_city-playa-fanabe"],"property_meta":{"rank_math_internal_links_processed":["1"],"fave_show_price_placeholder":["1"],"fave_property_price_placeholder":["Precio a Consultar"],"fave_property_size":["45"],"fave_property_size_prefix":["m\u00b2"],"fave_property_land_postfix":["m\u00b2"],"fave_property_bedrooms":["1"],"fave_property_bathrooms":["1"],"fave_property_id":["1873"],"fave_property_zip":["38660"],"additional_features":["a:7:{i:0;a:2:{s:29:\"fave_additional_feature_title\";s:23:\"Juego de cama y vajilla\";s:29:\"fave_additional_feature_value\";s:0:\"\";}i:1;a:2:{s:29:\"fave_additional_feature_title\";s:5:\"Wi-Fi\";s:29:\"fave_additional_feature_value\";s:0:\"\";}i:2;a:2:{s:29:\"fave_additional_feature_title\";s:29:\"Electrodom\u00e9sticos necesarios\";s:29:\"fave_additional_feature_value\";s:0:\"\";}i:3;a:2:{s:29:\"fave_additional_feature_title\";s:18:\"Aire acondicionado\";s:29:\"fave_additional_feature_value\";s:0:\"\";}i:4;a:2:{s:29:\"fave_additional_feature_title\";s:10:\"Sof\u00e1 cama\";s:29:\"fave_additional_feature_value\";s:0:\"\";}i:5;a:2:{s:29:\"fave_additional_feature_title\";s:34:\"Infraestructura social y comercial\";s:29:\"fave_additional_feature_value\";s:0:\"\";}i:6;a:2:{s:29:\"fave_additional_feature_title\";s:7:\"Terraza\";s:29:\"fave_additional_feature_value\";s:0:\"\";}}"],"fave_additional_features_enable":["enable"],"fave_featured":["0"],"houzez_featured_listing_date":[""],"fave_loggedintoview":["0"],"fave_mortgage_cal":["0"],"fave_payment_status":["not_paid"],"fave_agent_display_option":["agent_info"],"fave_property_map_address":["Calle Antonio Navarro, 4, 38660 Costa Adeje, Espa\u00f1a"],"fave_property_address":["Calle Antonio Navarro, 4, 38660 Costa Adeje, Espa\u00f1a"],"houzez_geolocation_lat":["28.083024263445"],"houzez_geolocation_long":["-16.730833628975"],"fave_property_location":["28.083024263445,-16.730833628975"],"fave_property_map":["1"],"fave_property_map_street_view":["hide"],"houzez_total_property_views":["24118"],"houzez_views_by_date":["a:61:{s:10:\"03-04-2026\";i:38;s:10:\"03-05-2026\";i:50;s:10:\"03-06-2026\";i:38;s:10:\"03-07-2026\";i:36;s:10:\"03-08-2026\";i:36;s:10:\"03-09-2026\";i:36;s:10:\"03-10-2026\";i:54;s:10:\"03-11-2026\";i:62;s:10:\"03-12-2026\";i:55;s:10:\"03-13-2026\";i:37;s:10:\"03-14-2026\";i:36;s:10:\"03-15-2026\";i:40;s:10:\"03-16-2026\";i:46;s:10:\"03-17-2026\";i:40;s:10:\"03-18-2026\";i:41;s:10:\"03-19-2026\";i:76;s:10:\"03-20-2026\";i:46;s:10:\"03-21-2026\";i:44;s:10:\"03-22-2026\";i:37;s:10:\"03-23-2026\";i:36;s:10:\"03-24-2026\";i:36;s:10:\"03-25-2026\";i:36;s:10:\"03-26-2026\";i:54;s:10:\"03-27-2026\";i:39;s:10:\"03-28-2026\";i:54;s:10:\"03-29-2026\";i:36;s:10:\"03-30-2026\";i:36;s:10:\"03-31-2026\";i:36;s:10:\"04-01-2026\";i:47;s:10:\"04-02-2026\";i:55;s:10:\"04-03-2026\";i:36;s:10:\"04-04-2026\";i:36;s:10:\"04-05-2026\";i:38;s:10:\"04-06-2026\";i:53;s:10:\"04-07-2026\";i:57;s:10:\"04-08-2026\";i:63;s:10:\"04-09-2026\";i:36;s:10:\"04-10-2026\";i:44;s:10:\"04-11-2026\";i:46;s:10:\"04-12-2026\";i:36;s:10:\"04-13-2026\";i:36;s:10:\"04-14-2026\";i:36;s:10:\"04-15-2026\";i:56;s:10:\"04-16-2026\";i:36;s:10:\"04-17-2026\";i:36;s:10:\"04-18-2026\";i:52;s:10:\"04-19-2026\";i:38;s:10:\"04-20-2026\";i:36;s:10:\"04-21-2026\";i:42;s:10:\"04-22-2026\";i:36;s:10:\"04-23-2026\";i:44;s:10:\"04-24-2026\";i:46;s:10:\"04-25-2026\";i:37;s:10:\"04-26-2026\";i:38;s:10:\"04-27-2026\";i:41;s:10:\"04-28-2026\";i:55;s:10:\"04-29-2026\";i:41;s:10:\"04-30-2026\";i:50;s:10:\"05-01-2026\";i:36;s:10:\"05-02-2026\";i:36;s:10:\"05-03-2026\";i:20;}"],"houzez_recently_viewed":["2026-05-03 15:58:01"],"_edit_last":["1"],"_edit_lock":["1733911089:1"],"rank_math_seo_score":["6"],"fave_single_top_area":["global"],"fave_single_content_area":["global"],"fave_booking_shortcode":["[wpsbc id=\"10\" title=\"no\" legend=\"yes\" legend_position=\"top\" dropdown=\"yes\" start=\"1\" display=\"6\" language=\"auto\" month=\"0\" year=\"0\" jump=\"yes\" history=\"1\" tooltip=\"3\" weeknumbers=\"no\" highlighttoday=\"yes\"]"],"rank_math_primary_property_type":["0"],"rank_math_primary_property_status":["0"],"rank_math_primary_property_feature":["0"],"rank_math_primary_property_label":["0"],"rank_math_primary_property_city":["0"],"houzez_manual_expire":["0"],"_houzez_expiration_date_status":["saved"],"fave_property_price":[""],"fave_property_price_postfix":[""],"fave_property_price_prefix":[""],"fave_property_sec_price":[""],"fave_property_land":[""],"fave_property_garage":[""],"fave_property_garage_size":[""],"fave_virtual_tour":[""],"fave_property_year":[""],"fave_video_url":[""],"fave_property_images":["23158","23159","23160","23161","23162","23163","23164","23165","23166","23167","23168","23169","23170","23171","23172","23173","23174"],"_thumbnail_id":["23158"],"floor_plans":[""],"fave_multi_units":[""],"fave_private_note":[""],"fave_agents":["156"],"_elementor_page_assets":["a:0:{}"]},"_links":{"self":[{"href":"https:\/\/www.tunidotenerife.com\/en\/wp-json\/wp\/v2\/properties\/21953","targetHints":{"allow":["GET"]}}],"collection":[{"href":"https:\/\/www.tunidotenerife.com\/en\/wp-json\/wp\/v2\/properties"}],"about":[{"href":"https:\/\/www.tunidotenerife.com\/en\/wp-json\/wp\/v2\/types\/property"}],"author":[{"embeddable":true,"href":"https:\/\/www.tunidotenerife.com\/en\/wp-json\/wp\/v2\/users\/4"}],"version-history":[{"count":0,"href":"https:\/\/www.tunidotenerife.com\/en\/wp-json\/wp\/v2\/properties\/21953\/revisions"}],"wp:featuredmedia":[{"embeddable":true,"href":"https:\/\/www.tunidotenerife.com\/en\/wp-json\/wp\/v2\/media\/23158"}],"wp:attachment":[{"href":"https:\/\/www.tunidotenerife.com\/en\/wp-json\/wp\/v2\/media?parent=21953"}],"wp:term":[{"taxonomy":"property_type","embeddable":true,"href":"https:\/\/www.tunidotenerife.com\/en\/wp-json\/wp\/v2\/property_type?post=21953"},{"taxonomy":"property_status","embeddable":true,"href":"https:\/\/www.tunidotenerife.com\/en\/wp-json\/wp\/v2\/property_status?post=21953"},{"taxonomy":"property_feature","embeddable":true,"href":"https:\/\/www.tunidotenerife.com\/en\/wp-json\/wp\/v2\/property_feature?post=21953"},{"taxonomy":"property_label","embeddable":true,"href":"https:\/\/www.tunidotenerife.com\/en\/wp-json\/wp\/v2\/property_label?post=21953"},{"taxonomy":"property_city","embeddable":true,"href":"https:\/\/www.tunidotenerife.com\/en\/wp-json\/wp\/v2\/property_city?post=21953"}],"curies":[{"name":"wp","href":"https:\/\/api.w.org\/{rel}","templated":true}]}}

<p>Ubicado en el prestigioso complejo Orlando en Costa Adeje, se encuentra este apartamento recientemente renovado con un diseño moderno y elegante. El apartamento cuenta con un dormitorio acogedor, un baño bien equipado y un amplio salón que se fusiona con una cocina abierta, creando un espacio de vida integrado y luminoso. La cocina, equipada con [&hellip;]</p>

a:7:{i:0;a:2:{s:29:"fave_additional_feature_title";s:23:"Juego de cama y vajilla";s:29:"fave_additional_feature_value";s:0:"";}i:1;a:2:{s:29:"fave_additional_feature_title";s:5:"Wi-Fi";s:29:"fave_additional_feature_value";s:0:"";}i:2;a:2:{s:29:"fave_additional_feature_title";s:29:"Electrodomésticos necesarios";s:29:"fave_additional_feature_value";s:0:"";}i:3;a:2:{s:29:"fave_additional_feature_title";s:18:"Aire acondicionado";s:29:"fave_additional_feature_value";s:0:"";}i:4;a:2:{s:29:"fave_additional_feature_title";s:10:"Sofá cama";s:29:"fave_additional_feature_value";s:0:"";}i:5;a:2:{s:29:"fave_additional_feature_title";s:34:"Infraestructura social y comercial";s:29:"fave_additional_feature_value";s:0:"";}i:6;a:2:{s:29:"fave_additional_feature_title";s:7:"Terraza";s:29:"fave_additional_feature_value";s:0:"";}}

Calle Antonio Navarro, 4, 38660 Costa Adeje, España
