{"id":21674,"date":"2024-04-17T16:50:05","date_gmt":"2024-04-17T15:50:05","guid":{"rendered":"https:\/\/www.tunidotenerife.com\/p\/duplex-en-san-eugenio-alto-en-alquiler-2176\/"},"modified":"2025-02-06T09:59:30","modified_gmt":"2025-02-06T09:59:30","slug":"duplex-en-san-eugenio-alto-en-alquiler-2176","status":"publish","type":"property","link":"https:\/\/www.tunidotenerife.com\/en\/p\/duplex-en-san-eugenio-alto-en-alquiler-2176\/","title":{"rendered":"Duplex for Rent in San Eugenio Alto, Tenerife South"},"content":{"rendered":"<p>We present a stunning duplex located in San Eugenio Alto, a privileged location offering spectacular sea views. This recently built property is distributed over two floors and is designed to provide maximum comfort and luxury to its occupants.<\/p>\n<p>On the first floor, you will find a spacious living-dining room next to a fully equipped kitchen with all the necessary utensils and appliances for your comfort. There is also a bedroom with Smart TV, a bathroom and a large terrace with barbecue, perfect for enjoying summer evenings.<\/p>\n<p>The first floor houses the second bedroom, also equipped with Smart TV, a second bathroom and an additional living room with sofa bed and another Smart TV. This floor also has another terrace, equipped with sunbeds so you can relax in the sun while enjoying the stunning views.<\/p>\n<p>The flat is equipped with washing machine, dishwasher, air conditioning, hairdryer, iron, Smart TVs and wifi. In addition, towels, bed linen and beach towels will be provided for your comfort.<\/p>\n<p>From its privileged location, you can enjoy panoramic views of the entire Adeje Coast, the sea and, in the background, the island of La Gomera. Although it is a quiet area, it is close to shopping centres, bars, shops and restaurants, making it the ideal place for your holiday in the south of Tenerife.<\/p>\n<p>Do not hesitate to contact us for more information on this exceptional property.<\/p>\n<p>&nbsp;<\/p>\n<p><strong><em>The above data are indicative only and may be subject to inadvertent errors or omissions.<\/em><\/strong><\/p>","protected":false},"excerpt":{"rendered":"<p>Presentamos un impresionante d\u00faplex ubicado en San Eugenio Alto, un lugar privilegiado que ofrece espectaculares vistas al mar. Esta vivienda de reciente construcci\u00f3n se distribuye en dos plantas y est\u00e1 dise\u00f1ada para proporcionar la m\u00e1xima comodidad y lujo a sus ocupantes. En la primera planta, encontrar\u00e1 un espacioso sal\u00f3n-comedor junto a una cocina completamente equipada [&hellip;]<\/p>\n","protected":false},"author":4,"featured_media":21663,"parent":0,"menu_order":0,"template":"","property_type":[163],"property_status":[23],"property_feature":[17,178,174,26,169,172,170],"property_label":[],"property_city":[67],"class_list":["post-21674","property","type-property","status-publish","has-post-thumbnail","hentry","property_type-duplex","property_status-alquiler-vacacional","property_feature-aire-acondicionado","property_feature-aparcamiento-privado-cerrado","property_feature-cocina-amueblada","property_feature-lavadora","property_feature-nueva-construccion","property_feature-piscina-comunitaria","property_feature-vistas-al-oceano","property_city-san-eugenio-alto"],"property_meta":{"rank_math_internal_links_processed":["1"],"fave_show_price_placeholder":["1"],"fave_property_price_placeholder":["Precio a Consultar"],"fave_property_size":["120"],"fave_property_size_prefix":["m\u00b2"],"fave_property_land_postfix":["m\u00b2"],"fave_property_bedrooms":["2"],"fave_property_bathrooms":["2"],"fave_property_id":["2176"],"fave_property_zip":["38660"],"additional_features":["a:9:{i:0;a:2:{s:29:\"fave_additional_feature_title\";s:23:\"Juego de cama y vajilla\";s:29:\"fave_additional_feature_value\";s:0:\"\";}i:1;a:2:{s:29:\"fave_additional_feature_title\";s:10:\"Lavaplatos\";s:29:\"fave_additional_feature_value\";s:0:\"\";}i:2;a:2:{s:29:\"fave_additional_feature_title\";s:5:\"Wi-Fi\";s:29:\"fave_additional_feature_value\";s:0:\"\";}i:3;a:2:{s:29:\"fave_additional_feature_title\";s:15:\"Cabina de ducha\";s:29:\"fave_additional_feature_value\";s:0:\"\";}i:4;a:2:{s:29:\"fave_additional_feature_title\";s:21:\"Muebles de dormitorio\";s:29:\"fave_additional_feature_value\";s:0:\"\";}i:5;a:2:{s:29:\"fave_additional_feature_title\";s:11:\"BBQ \/ Grill\";s:29:\"fave_additional_feature_value\";s:0:\"\";}i:6;a:2:{s:29:\"fave_additional_feature_title\";s:10:\"Sof\u00e1 cama\";s:29:\"fave_additional_feature_value\";s:0:\"\";}i:7;a:2:{s:29:\"fave_additional_feature_title\";s:7:\"Terraza\";s:29:\"fave_additional_feature_value\";s:0:\"\";}i:8;a:2:{s:29:\"fave_additional_feature_title\";s:7:\"Piscina\";s:29:\"fave_additional_feature_value\";s:0:\"\";}}"],"fave_additional_features_enable":["enable"],"fave_featured":["0"],"houzez_featured_listing_date":[""],"fave_loggedintoview":["0"],"fave_mortgage_cal":["0"],"fave_payment_status":["not_paid"],"fave_agent_display_option":["agent_info"],"fave_property_map_address":["Calle Alemania, 9, Costa Adeje, Espa\u00f1a"],"fave_property_address":["Calle Alemania, 9, Costa Adeje, Espa\u00f1a"],"houzez_geolocation_lat":["28.0835852"],"houzez_geolocation_long":["-16.721264"],"fave_property_location":["28.0835852,-16.721264"],"fave_property_map":["1"],"fave_property_map_street_view":[""],"houzez_total_property_views":["24896"],"houzez_views_by_date":["a:61:{s:10:\"02-27-2026\";i:37;s:10:\"02-28-2026\";i:37;s:10:\"03-01-2026\";i:40;s:10:\"03-02-2026\";i:46;s:10:\"03-03-2026\";i:37;s:10:\"03-04-2026\";i:43;s:10:\"03-05-2026\";i:51;s:10:\"03-06-2026\";i:37;s:10:\"03-07-2026\";i:36;s:10:\"03-08-2026\";i:36;s:10:\"03-09-2026\";i:36;s:10:\"03-10-2026\";i:54;s:10:\"03-11-2026\";i:62;s:10:\"03-12-2026\";i:54;s:10:\"03-13-2026\";i:36;s:10:\"03-14-2026\";i:36;s:10:\"03-15-2026\";i:40;s:10:\"03-16-2026\";i:47;s:10:\"03-17-2026\";i:38;s:10:\"03-18-2026\";i:38;s:10:\"03-19-2026\";i:69;s:10:\"03-20-2026\";i:50;s:10:\"03-21-2026\";i:44;s:10:\"03-22-2026\";i:36;s:10:\"03-23-2026\";i:38;s:10:\"03-24-2026\";i:37;s:10:\"03-25-2026\";i:42;s:10:\"03-26-2026\";i:52;s:10:\"03-27-2026\";i:37;s:10:\"03-28-2026\";i:56;s:10:\"03-29-2026\";i:37;s:10:\"03-30-2026\";i:36;s:10:\"03-31-2026\";i:37;s:10:\"04-01-2026\";i:39;s:10:\"04-02-2026\";i:54;s:10:\"04-03-2026\";i:36;s:10:\"04-04-2026\";i:37;s:10:\"04-05-2026\";i:40;s:10:\"04-06-2026\";i:48;s:10:\"04-07-2026\";i:80;s:10:\"04-08-2026\";i:54;s:10:\"04-09-2026\";i:41;s:10:\"04-10-2026\";i:48;s:10:\"04-11-2026\";i:43;s:10:\"04-12-2026\";i:38;s:10:\"04-13-2026\";i:36;s:10:\"04-14-2026\";i:40;s:10:\"04-15-2026\";i:56;s:10:\"04-16-2026\";i:38;s:10:\"04-17-2026\";i:40;s:10:\"04-18-2026\";i:48;s:10:\"04-19-2026\";i:38;s:10:\"04-20-2026\";i:37;s:10:\"04-21-2026\";i:42;s:10:\"04-22-2026\";i:38;s:10:\"04-23-2026\";i:46;s:10:\"04-24-2026\";i:42;s:10:\"04-25-2026\";i:42;s:10:\"04-26-2026\";i:36;s:10:\"04-27-2026\";i:37;s:10:\"04-28-2026\";i:54;}"],"houzez_recently_viewed":["2026-04-28 16:22:19"],"_edit_lock":["1733911113:1"],"rank_math_seo_score":["6"],"_edit_last":["1"],"fave_single_top_area":["global"],"fave_single_content_area":["global"],"fave_booking_shortcode":["[wpsbc id=\"6\" title=\"no\" legend=\"yes\" legend_position=\"top\" dropdown=\"yes\" start=\"1\" display=\"6\" language=\"auto\" month=\"0\" year=\"0\" jump=\"yes\" history=\"1\" tooltip=\"3\" weeknumbers=\"no\" highlighttoday=\"yes\"]"],"rank_math_primary_property_type":["0"],"rank_math_primary_property_status":["0"],"rank_math_primary_property_feature":["0"],"rank_math_primary_property_label":["0"],"rank_math_primary_property_city":["0"],"houzez_manual_expire":["0"],"_houzez_expiration_date_status":["saved"],"fave_property_price":[""],"fave_property_price_postfix":[""],"fave_property_price_prefix":[""],"fave_property_sec_price":[""],"fave_property_land":[""],"fave_property_garage":[""],"fave_property_garage_size":[""],"fave_virtual_tour":[""],"fave_property_year":[""],"fave_video_url":[""],"floor_plans":[""],"fave_multi_units":[""],"fave_private_note":[""],"fave_property_images":["25948","21663","21667","21668","21672","21662","21664","21659","21673","21669","21670","21665","21666","21661","21660","21671","25949","25954","25955","25956","25957"],"_thumbnail_id":["21663"],"fave_agents":["156"],"_elementor_page_assets":["a:0:{}"]},"_links":{"self":[{"href":"https:\/\/www.tunidotenerife.com\/en\/wp-json\/wp\/v2\/properties\/21674","targetHints":{"allow":["GET"]}}],"collection":[{"href":"https:\/\/www.tunidotenerife.com\/en\/wp-json\/wp\/v2\/properties"}],"about":[{"href":"https:\/\/www.tunidotenerife.com\/en\/wp-json\/wp\/v2\/types\/property"}],"author":[{"embeddable":true,"href":"https:\/\/www.tunidotenerife.com\/en\/wp-json\/wp\/v2\/users\/4"}],"version-history":[{"count":0,"href":"https:\/\/www.tunidotenerife.com\/en\/wp-json\/wp\/v2\/properties\/21674\/revisions"}],"wp:featuredmedia":[{"embeddable":true,"href":"https:\/\/www.tunidotenerife.com\/en\/wp-json\/wp\/v2\/media\/21663"}],"wp:attachment":[{"href":"https:\/\/www.tunidotenerife.com\/en\/wp-json\/wp\/v2\/media?parent=21674"}],"wp:term":[{"taxonomy":"property_type","embeddable":true,"href":"https:\/\/www.tunidotenerife.com\/en\/wp-json\/wp\/v2\/property_type?post=21674"},{"taxonomy":"property_status","embeddable":true,"href":"https:\/\/www.tunidotenerife.com\/en\/wp-json\/wp\/v2\/property_status?post=21674"},{"taxonomy":"property_feature","embeddable":true,"href":"https:\/\/www.tunidotenerife.com\/en\/wp-json\/wp\/v2\/property_feature?post=21674"},{"taxonomy":"property_label","embeddable":true,"href":"https:\/\/www.tunidotenerife.com\/en\/wp-json\/wp\/v2\/property_label?post=21674"},{"taxonomy":"property_city","embeddable":true,"href":"https:\/\/www.tunidotenerife.com\/en\/wp-json\/wp\/v2\/property_city?post=21674"}],"curies":[{"name":"wp","href":"https:\/\/api.w.org\/{rel}","templated":true}]}}

<p>Presentamos un impresionante dúplex ubicado en San Eugenio Alto, un lugar privilegiado que ofrece espectaculares vistas al mar. Esta vivienda de reciente construcción se distribuye en dos plantas y está diseñada para proporcionar la máxima comodidad y lujo a sus ocupantes. En la primera planta, encontrará un espacioso salón-comedor junto a una cocina completamente equipada [&hellip;]</p>

a:9:{i:0;a:2:{s:29:"fave_additional_feature_title";s:23:"Juego de cama y vajilla";s:29:"fave_additional_feature_value";s:0:"";}i:1;a:2:{s:29:"fave_additional_feature_title";s:10:"Lavaplatos";s:29:"fave_additional_feature_value";s:0:"";}i:2;a:2:{s:29:"fave_additional_feature_title";s:5:"Wi-Fi";s:29:"fave_additional_feature_value";s:0:"";}i:3;a:2:{s:29:"fave_additional_feature_title";s:15:"Cabina de ducha";s:29:"fave_additional_feature_value";s:0:"";}i:4;a:2:{s:29:"fave_additional_feature_title";s:21:"Muebles de dormitorio";s:29:"fave_additional_feature_value";s:0:"";}i:5;a:2:{s:29:"fave_additional_feature_title";s:11:"BBQ / Grill";s:29:"fave_additional_feature_value";s:0:"";}i:6;a:2:{s:29:"fave_additional_feature_title";s:10:"Sofá cama";s:29:"fave_additional_feature_value";s:0:"";}i:7;a:2:{s:29:"fave_additional_feature_title";s:7:"Terraza";s:29:"fave_additional_feature_value";s:0:"";}i:8;a:2:{s:29:"fave_additional_feature_title";s:7:"Piscina";s:29:"fave_additional_feature_value";s:0:"";}}

Calle Alemania, 9, Costa Adeje, España
