{"id":24277,"date":"2024-06-04T17:04:39","date_gmt":"2024-06-04T16:04:39","guid":{"rendered":"https:\/\/www.tunidotenerife.com\/p\/estudio-en-venta-en-tenerife-sur-costa-adeje\/"},"modified":"2025-01-21T11:34:42","modified_gmt":"2025-01-21T11:34:42","slug":"estudio-en-venta-en-tenerife-sur-costa-adeje","status":"publish","type":"property","link":"https:\/\/www.tunidotenerife.com\/de\/p\/estudio-en-venta-en-tenerife-sur-costa-adeje\/","title":{"rendered":"Studio zu verkaufen in Teneriffa S\u00fcd, Costa Adeje"},"content":{"rendered":"<p>In der prestigetr\u00e4chtigen Gegend von Costa Adeje, Los Cristianos, befindet sich ein exklusives Studio in Panderosa. Dieses Studio mit Panoramablick auf den Ozean wurde komplett renoviert, was es zu einer attraktiven und modernen Unterkunft macht.<\/p>\n<p>Das Studio, f\u00fcr das eine Gemeinschaftsgeb\u00fchr von 150 \u20ac pro Monat erhoben wird, umfasst Wasser- und Stromdienstleistungen, was den Bewohnern gro\u00dfen Komfort und Einsparungen bringt. Um die Effizienz und Personalisierung weiter zu verbessern, werden jedoch in naher Zukunft individuelle Z\u00e4hler eingef\u00fchrt.<\/p>\n<p>Der Komplex, in dem sich das Studio at Panderosa befindet, wird derzeit renoviert, um sicherzustellen, dass alle Einrichtungen auf dem neuesten Stand und in perfektem Zustand sind. Die Renovierung der Swimmingpools und des Empfangsbereichs ist bereits abgeschlossen, die nun in einem frischen und erneuerten Look erstrahlen.<\/p>\n<p>Dieses Studio-Apartment in Costa Adeje, Los Cristianos, ist eine einzigartige Gelegenheit, in einer luxuri\u00f6sen Umgebung zu wohnen, mit atemberaubendem Meerblick und allem modernen Komfort. Die Kombination aus der privilegierten Lage, den hochwertigen Renovierungsarbeiten und den Einrichtungen der Anlage machen das Studio in Panderosa zu einer unschlagbaren Wahl.<\/p>","protected":false},"excerpt":{"rendered":"<p>Ubicado en la prestigiosa zona de Costa Adeje, Los Cristianos, se encuentra un exclusivo Estudio en Panderosa. Este estudio, con vistas panor\u00e1micas al oc\u00e9ano, se ha sometido a una completa reforma, convirti\u00e9ndolo en una opci\u00f3n de alojamiento atractiva y moderna. El estudio, que cuenta con una comunidad de 150\u20ac al mes, incluye servicios de agua [&hellip;]<\/p>\n","protected":false},"author":5,"featured_media":24275,"parent":0,"menu_order":0,"template":"","property_type":[41],"property_status":[24],"property_feature":[176,174,172,170],"property_label":[109,180],"property_city":[66],"class_list":["post-24277","property","type-property","status-publish","has-post-thumbnail","hentry","property_type-estudio","property_status-venta","property_feature-cerca-de-centros-comerciales","property_feature-cocina-amueblada","property_feature-piscina-comunitaria","property_feature-vistas-al-oceano","property_label-exclusivo","property_label-oferta","property_city-las-americas"],"property_meta":{"rank_math_internal_links_processed":["1"],"fave_property_price":["199500"],"fave_property_price_postfix":[""],"fave_show_price_placeholder":["0"],"fave_property_price_placeholder":[""],"fave_property_price_prefix":[""],"fave_property_sec_price":[""],"fave_property_size":["27"],"fave_property_size_prefix":["m\u00b2"],"fave_property_land":[""],"fave_property_land_postfix":["m\u00b2"],"fave_property_bedrooms":[""],"fave_property_bathrooms":["1"],"fave_property_garage":[""],"fave_property_garage_size":[""],"fave_virtual_tour":[""],"fave_property_year":[""],"fave_property_id":["2178"],"fave_video_url":[""],"fave_property_zip":["38670"],"additional_features":["a:1:{i:0;a:2:{s:29:\"fave_additional_feature_title\";s:0:\"\";s:29:\"fave_additional_feature_value\";s:0:\"\";}}"],"fave_additional_features_enable":["enable"],"floor_plans":[""],"fave_multi_units":[""],"fave_featured":["0"],"houzez_featured_listing_date":[""],"fave_loggedintoview":["0"],"fave_mortgage_cal":["0"],"fave_private_note":[""],"fave_property_disclaimer":[""],"fave_payment_status":["not_paid"],"fave_agent_display_option":["agent_info"],"fave_property_map_address":["Ponderosa Apart Hotel, Calle Venezuela, Costa Adeje, Espa\u00f1a"],"fave_property_address":["Ponderosa Apart Hotel, Calle Venezuela, Costa Adeje, Espa\u00f1a"],"houzez_geolocation_lat":["28.0725714"],"houzez_geolocation_long":["-16.72921789999999"],"fave_property_location":["28.0725714,-16.72921789999999"],"fave_property_map":["1"],"fave_property_map_street_view":[""],"houzez_total_property_views":["23145"],"houzez_views_by_date":["a:61:{s:10:\"02-26-2026\";i:54;s:10:\"02-27-2026\";i:36;s:10:\"02-28-2026\";i:36;s:10:\"03-01-2026\";i:44;s:10:\"03-02-2026\";i:43;s:10:\"03-03-2026\";i:33;s:10:\"03-04-2026\";i:46;s:10:\"03-05-2026\";i:50;s:10:\"03-06-2026\";i:36;s:10:\"03-07-2026\";i:36;s:10:\"03-08-2026\";i:36;s:10:\"03-09-2026\";i:36;s:10:\"03-10-2026\";i:54;s:10:\"03-11-2026\";i:72;s:10:\"03-12-2026\";i:54;s:10:\"03-13-2026\";i:36;s:10:\"03-14-2026\";i:36;s:10:\"03-15-2026\";i:42;s:10:\"03-16-2026\";i:48;s:10:\"03-17-2026\";i:36;s:10:\"03-18-2026\";i:36;s:10:\"03-19-2026\";i:70;s:10:\"03-20-2026\";i:57;s:10:\"03-21-2026\";i:40;s:10:\"03-22-2026\";i:36;s:10:\"03-23-2026\";i:40;s:10:\"03-24-2026\";i:32;s:10:\"03-25-2026\";i:37;s:10:\"03-26-2026\";i:52;s:10:\"03-27-2026\";i:36;s:10:\"03-28-2026\";i:58;s:10:\"03-29-2026\";i:37;s:10:\"03-30-2026\";i:36;s:10:\"03-31-2026\";i:36;s:10:\"04-01-2026\";i:41;s:10:\"04-02-2026\";i:54;s:10:\"04-03-2026\";i:36;s:10:\"04-04-2026\";i:36;s:10:\"04-05-2026\";i:44;s:10:\"04-06-2026\";i:46;s:10:\"04-07-2026\";i:100;s:10:\"04-08-2026\";i:50;s:10:\"04-09-2026\";i:36;s:10:\"04-10-2026\";i:50;s:10:\"04-11-2026\";i:42;s:10:\"04-12-2026\";i:36;s:10:\"04-13-2026\";i:36;s:10:\"04-14-2026\";i:36;s:10:\"04-15-2026\";i:54;s:10:\"04-16-2026\";i:36;s:10:\"04-17-2026\";i:44;s:10:\"04-18-2026\";i:46;s:10:\"04-19-2026\";i:36;s:10:\"04-20-2026\";i:36;s:10:\"04-21-2026\";i:36;s:10:\"04-22-2026\";i:40;s:10:\"04-23-2026\";i:40;s:10:\"04-24-2026\";i:46;s:10:\"04-25-2026\";i:36;s:10:\"04-26-2026\";i:36;s:10:\"04-27-2026\";i:18;}"],"houzez_recently_viewed":["2026-04-27 06:38:50"],"fave_property_images":["24275","24276","24272"],"_thumbnail_id":["24275"],"fave_agents":["23720"],"_elementor_page_assets":["a:0:{}"]},"_links":{"self":[{"href":"https:\/\/www.tunidotenerife.com\/de\/wp-json\/wp\/v2\/properties\/24277","targetHints":{"allow":["GET"]}}],"collection":[{"href":"https:\/\/www.tunidotenerife.com\/de\/wp-json\/wp\/v2\/properties"}],"about":[{"href":"https:\/\/www.tunidotenerife.com\/de\/wp-json\/wp\/v2\/types\/property"}],"author":[{"embeddable":true,"href":"https:\/\/www.tunidotenerife.com\/de\/wp-json\/wp\/v2\/users\/5"}],"version-history":[{"count":0,"href":"https:\/\/www.tunidotenerife.com\/de\/wp-json\/wp\/v2\/properties\/24277\/revisions"}],"wp:featuredmedia":[{"embeddable":true,"href":"https:\/\/www.tunidotenerife.com\/de\/wp-json\/wp\/v2\/media\/24275"}],"wp:attachment":[{"href":"https:\/\/www.tunidotenerife.com\/de\/wp-json\/wp\/v2\/media?parent=24277"}],"wp:term":[{"taxonomy":"property_type","embeddable":true,"href":"https:\/\/www.tunidotenerife.com\/de\/wp-json\/wp\/v2\/property_type?post=24277"},{"taxonomy":"property_status","embeddable":true,"href":"https:\/\/www.tunidotenerife.com\/de\/wp-json\/wp\/v2\/property_status?post=24277"},{"taxonomy":"property_feature","embeddable":true,"href":"https:\/\/www.tunidotenerife.com\/de\/wp-json\/wp\/v2\/property_feature?post=24277"},{"taxonomy":"property_label","embeddable":true,"href":"https:\/\/www.tunidotenerife.com\/de\/wp-json\/wp\/v2\/property_label?post=24277"},{"taxonomy":"property_city","embeddable":true,"href":"https:\/\/www.tunidotenerife.com\/de\/wp-json\/wp\/v2\/property_city?post=24277"}],"curies":[{"name":"wp","href":"https:\/\/api.w.org\/{rel}","templated":true}]}}

Studio zu verkaufen in Teneriffa Süd, Costa Adeje

<p>In der prestigeträchtigen Gegend von Costa Adeje, Los Cristianos, befindet sich ein exklusives Studio in Panderosa. Dieses Studio mit Panoramablick auf den Ozean wurde komplett renoviert, was es zu einer attraktiven und modernen Unterkunft macht.</p>
<p>Das Studio, für das eine Gemeinschaftsgebühr von 150 € pro Monat erhoben wird, umfasst Wasser- und Stromdienstleistungen, was den Bewohnern großen Komfort und Einsparungen bringt. Um die Effizienz und Personalisierung weiter zu verbessern, werden jedoch in naher Zukunft individuelle Zähler eingeführt.</p>
<p>Der Komplex, in dem sich das Studio at Panderosa befindet, wird derzeit renoviert, um sicherzustellen, dass alle Einrichtungen auf dem neuesten Stand und in perfektem Zustand sind. Die Renovierung der Swimmingpools und des Empfangsbereichs ist bereits abgeschlossen, die nun in einem frischen und erneuerten Look erstrahlen.</p>
<p>Dieses Studio-Apartment in Costa Adeje, Los Cristianos, ist eine einzigartige Gelegenheit, in einer luxuriösen Umgebung zu wohnen, mit atemberaubendem Meerblick und allem modernen Komfort. Die Kombination aus der privilegierten Lage, den hochwertigen Renovierungsarbeiten und den Einrichtungen der Anlage machen das Studio in Panderosa zu einer unschlagbaren Wahl.</p>

<p>Ubicado en la prestigiosa zona de Costa Adeje, Los Cristianos, se encuentra un exclusivo Estudio en Panderosa. Este estudio, con vistas panorámicas al océano, se ha sometido a una completa reforma, convirtiéndolo en una opción de alojamiento atractiva y moderna. El estudio, que cuenta con una comunidad de 150€ al mes, incluye servicios de agua [&hellip;]</p>

Ponderosa Apart Hotel, Calle Venezuela, Costa Adeje, España
