{"id":23066,"date":"2024-04-30T13:27:02","date_gmt":"2024-04-30T12:27:02","guid":{"rendered":"https:\/\/www.tunidotenerife.com\/en\/p\/villa-de-5-dormitorios-en-costa-adeje\/"},"modified":"2024-04-30T13:36:03","modified_gmt":"2024-04-30T12:36:03","slug":"villa-de-5-dormitorios-en-costa-adeje","status":"publish","type":"property","link":"https:\/\/www.tunidotenerife.com\/de\/p\/villa-de-5-dormitorios-en-costa-adeje\/","title":{"rendered":"Villa mit 5 Schlafzimmern an der Costa Adeje"},"content":{"rendered":"<p>Diese pr\u00e4chtige Villa verf\u00fcgt \u00fcber 5 ger\u00e4umige Doppelzimmer, 6 Badezimmer, 2 voll ausgestattete K\u00fcchen, einen gro\u00dfen Chill-out-Bereich und einen privaten beheizten Swimmingpool (gegen einen Aufpreis von 150\u20ac pro Woche), der das ganze Jahr \u00fcber genutzt werden kann. Im Erdgeschoss befinden sich ein ger\u00e4umiges Wohnzimmer, eine voll ausgestattete K\u00fcche, ein Badezimmer und 3 Schlafzimmer, jedes mit einem eigenen Bad. Zwei dieser Schlafzimmer sind miteinander verbunden (Sie m\u00fcssen durch das erste Schlafzimmer gehen, um das zweite zu betreten, daher ist es f\u00fcr Familien mit Kindern geeignet). Vom Wohnzimmer aus haben Sie Zugang zur Terrasse mit Essbereich im Freien und Grill.<\/p>\n<p>In der ersten Etage befinden sich 2 Schlafzimmer, jedes mit eigenem Bad und Blick auf das Meer und die Berge. Die 5 Schlafzimmer (die bis zu 10 Personen beherbergen k\u00f6nnen) sind mit Fernseher, Klimaanlage und WIFI ausgestattet. Die Villa wird komplett m\u00f6bliert vermietet und ist mit allen notwendigen Ger\u00e4ten, Bettw\u00e4sche, Bade- und Poolhandt\u00fcchern ausgestattet. Es gibt einen Parkplatz direkt neben der Villa (die Garage ist f\u00fcr G\u00e4ste nicht zug\u00e4nglich).<\/p>\n<p>Die Villa ist nur 2 Minuten zu Fu\u00df von einem gro\u00dfen Einkaufszentrum X Sur mit Supermarkt, Restaurants und vielen Gesch\u00e4ften entfernt. Die Str\u00e4nde der S\u00fcdk\u00fcste von Teneriffa und viele weitere Restaurants sind weniger als 5 Autominuten von der Villa entfernt.<\/p>\n<p>Kurzum, diese Villa ist die perfekte Unterkunft f\u00fcr alle, die ein komplettes Erlebnis genie\u00dfen m\u00f6chten, indem sie die Ruhe einer privaten Villa mit der N\u00e4he zu den Dienstleistungen und Annehmlichkeiten der Stadt kombiniert.<\/p>\n<p>&nbsp;<\/p>\n<p><strong><em>Die oben genannten Daten sind nur indikativ und k\u00f6nnen unbeabsichtigte Fehler oder Auslassungen enthalten.<\/em><\/strong><\/p>","protected":false},"excerpt":{"rendered":"<p>Esta magn\u00edfica villa se compone de 5 amplias habitaciones dobles, 6 ba\u00f1os, 2 cocinas completamente equipadas, una gran zona chill-out y una piscina privada climatizada (con un coste adicional de 150\u20ac por semana), ideal para disfrutar todo el a\u00f1o. En la planta baja se encuentra un espacioso sal\u00f3n, una cocina totalmente equipada, un ba\u00f1o y [&hellip;]<\/p>\n","protected":false},"author":4,"featured_media":23062,"parent":0,"menu_order":0,"template":"","property_type":[45],"property_status":[23],"property_feature":[17,19,176,174,31,26,173,42,171,170],"property_label":[179],"property_city":[62],"class_list":["post-23066","property","type-property","status-publish","has-post-thumbnail","hentry","property_type-villa","property_status-alquiler-vacacional","property_feature-aire-acondicionado","property_feature-barbacoa","property_feature-cerca-de-centros-comerciales","property_feature-cocina-amueblada","property_feature-ducha-exterior","property_feature-lavadora","property_feature-piscina-climatizada","property_feature-piscina-privada","property_feature-vistas-a-la-montana","property_feature-vistas-al-oceano","property_label-luxury","property_city-el-madronal-de-fanabe"],"property_meta":{"rank_math_internal_links_processed":["1"],"fave_show_price_placeholder":["1"],"fave_property_price_placeholder":["Precio a Consultar"],"fave_property_size_prefix":["m\u00b2"],"fave_property_land_postfix":["m\u00b2"],"fave_property_bedrooms":["5"],"fave_property_bathrooms":["6"],"fave_property_id":["1768"],"_thumbnail_id":["23062"],"fave_property_zip":["38660"],"fave_additional_features_enable":["enable"],"fave_featured":["0"],"houzez_featured_listing_date":[""],"fave_loggedintoview":["0"],"fave_mortgage_cal":["0"],"fave_payment_status":["not_paid"],"fave_agent_display_option":["agent_info"],"fave_property_map_address":["Calle Atenas, 3, Costa Adeje, Spain"],"fave_property_address":["Calle Atenas, 3, Costa Adeje, Spain"],"houzez_geolocation_lat":["28.0900344"],"houzez_geolocation_long":["-16.7270229"],"fave_property_location":["28.0900344,-16.7270229,14"],"fave_property_map":["1"],"fave_property_map_street_view":["hide"],"_edit_lock":["1733911056:1"],"rank_math_seo_score":["10"],"_edit_last":["1"],"fave_property_images":["23062","23040","23041","23042","23065","23044","23043","23045","23047","23048","23049","23050","23051","23052","23053","23054","23055","23046","23056","23057","23058","23059","23060","23061","23063","23064"],"fave_agents":["156"],"fave_single_top_area":["global"],"fave_single_content_area":["global"],"fave_booking_shortcode":["[wpsbc id=\"18\" title=\"no\" legend=\"yes\" legend_position=\"top\" dropdown=\"yes\" start=\"1\" display=\"6\" language=\"auto\" month=\"0\" year=\"0\" jump=\"yes\" history=\"1\" tooltip=\"3\" weeknumbers=\"no\" highlighttoday=\"yes\"]"],"rank_math_primary_property_type":["0"],"rank_math_primary_property_status":["0"],"rank_math_primary_property_feature":["0"],"rank_math_primary_property_label":["0"],"rank_math_primary_property_city":["0"],"houzez_manual_expire":["0"],"_houzez_expiration_date_status":["saved"],"houzez_total_property_views":["24435"],"houzez_views_by_date":["a:61:{s:10:\"03-01-2026\";i:44;s:10:\"03-02-2026\";i:38;s:10:\"03-03-2026\";i:40;s:10:\"03-04-2026\";i:39;s:10:\"03-05-2026\";i:50;s:10:\"03-06-2026\";i:38;s:10:\"03-07-2026\";i:36;s:10:\"03-08-2026\";i:36;s:10:\"03-09-2026\";i:37;s:10:\"03-10-2026\";i:54;s:10:\"03-11-2026\";i:64;s:10:\"03-12-2026\";i:54;s:10:\"03-13-2026\";i:36;s:10:\"03-14-2026\";i:36;s:10:\"03-15-2026\";i:42;s:10:\"03-16-2026\";i:44;s:10:\"03-17-2026\";i:41;s:10:\"03-18-2026\";i:36;s:10:\"03-19-2026\";i:68;s:10:\"03-20-2026\";i:50;s:10:\"03-21-2026\";i:42;s:10:\"03-22-2026\";i:36;s:10:\"03-23-2026\";i:36;s:10:\"03-24-2026\";i:38;s:10:\"03-25-2026\";i:36;s:10:\"03-26-2026\";i:54;s:10:\"03-27-2026\";i:36;s:10:\"03-28-2026\";i:54;s:10:\"03-29-2026\";i:36;s:10:\"03-30-2026\";i:37;s:10:\"03-31-2026\";i:36;s:10:\"04-01-2026\";i:39;s:10:\"04-02-2026\";i:54;s:10:\"04-03-2026\";i:36;s:10:\"04-04-2026\";i:36;s:10:\"04-05-2026\";i:42;s:10:\"04-06-2026\";i:48;s:10:\"04-07-2026\";i:70;s:10:\"04-08-2026\";i:55;s:10:\"04-09-2026\";i:36;s:10:\"04-10-2026\";i:46;s:10:\"04-11-2026\";i:44;s:10:\"04-12-2026\";i:36;s:10:\"04-13-2026\";i:36;s:10:\"04-14-2026\";i:36;s:10:\"04-15-2026\";i:54;s:10:\"04-16-2026\";i:36;s:10:\"04-17-2026\";i:40;s:10:\"04-18-2026\";i:48;s:10:\"04-19-2026\";i:38;s:10:\"04-20-2026\";i:36;s:10:\"04-21-2026\";i:37;s:10:\"04-22-2026\";i:36;s:10:\"04-23-2026\";i:46;s:10:\"04-24-2026\";i:44;s:10:\"04-25-2026\";i:36;s:10:\"04-26-2026\";i:36;s:10:\"04-27-2026\";i:36;s:10:\"04-28-2026\";i:52;s:10:\"04-29-2026\";i:44;s:10:\"04-30-2026\";i:28;}"],"houzez_recently_viewed":["2026-04-30 12:05:19"],"_elementor_page_assets":["a:0:{}"]},"_links":{"self":[{"href":"https:\/\/www.tunidotenerife.com\/de\/wp-json\/wp\/v2\/properties\/23066","targetHints":{"allow":["GET"]}}],"collection":[{"href":"https:\/\/www.tunidotenerife.com\/de\/wp-json\/wp\/v2\/properties"}],"about":[{"href":"https:\/\/www.tunidotenerife.com\/de\/wp-json\/wp\/v2\/types\/property"}],"author":[{"embeddable":true,"href":"https:\/\/www.tunidotenerife.com\/de\/wp-json\/wp\/v2\/users\/4"}],"version-history":[{"count":0,"href":"https:\/\/www.tunidotenerife.com\/de\/wp-json\/wp\/v2\/properties\/23066\/revisions"}],"wp:featuredmedia":[{"embeddable":true,"href":"https:\/\/www.tunidotenerife.com\/de\/wp-json\/wp\/v2\/media\/23062"}],"wp:attachment":[{"href":"https:\/\/www.tunidotenerife.com\/de\/wp-json\/wp\/v2\/media?parent=23066"}],"wp:term":[{"taxonomy":"property_type","embeddable":true,"href":"https:\/\/www.tunidotenerife.com\/de\/wp-json\/wp\/v2\/property_type?post=23066"},{"taxonomy":"property_status","embeddable":true,"href":"https:\/\/www.tunidotenerife.com\/de\/wp-json\/wp\/v2\/property_status?post=23066"},{"taxonomy":"property_feature","embeddable":true,"href":"https:\/\/www.tunidotenerife.com\/de\/wp-json\/wp\/v2\/property_feature?post=23066"},{"taxonomy":"property_label","embeddable":true,"href":"https:\/\/www.tunidotenerife.com\/de\/wp-json\/wp\/v2\/property_label?post=23066"},{"taxonomy":"property_city","embeddable":true,"href":"https:\/\/www.tunidotenerife.com\/de\/wp-json\/wp\/v2\/property_city?post=23066"}],"curies":[{"name":"wp","href":"https:\/\/api.w.org\/{rel}","templated":true}]}}

<p>Diese prächtige Villa verfügt über 5 geräumige Doppelzimmer, 6 Badezimmer, 2 voll ausgestattete Küchen, einen großen Chill-out-Bereich und einen privaten beheizten Swimmingpool (gegen einen Aufpreis von 150€ pro Woche), der das ganze Jahr über genutzt werden kann. Im Erdgeschoss befinden sich ein geräumiges Wohnzimmer, eine voll ausgestattete Küche, ein Badezimmer und 3 Schlafzimmer, jedes mit einem eigenen Bad. Zwei dieser Schlafzimmer sind miteinander verbunden (Sie müssen durch das erste Schlafzimmer gehen, um das zweite zu betreten, daher ist es für Familien mit Kindern geeignet). Vom Wohnzimmer aus haben Sie Zugang zur Terrasse mit Essbereich im Freien und Grill.</p>
<p>In der ersten Etage befinden sich 2 Schlafzimmer, jedes mit eigenem Bad und Blick auf das Meer und die Berge. Die 5 Schlafzimmer (die bis zu 10 Personen beherbergen können) sind mit Fernseher, Klimaanlage und WIFI ausgestattet. Die Villa wird komplett möbliert vermietet und ist mit allen notwendigen Geräten, Bettwäsche, Bade- und Poolhandtüchern ausgestattet. Es gibt einen Parkplatz direkt neben der Villa (die Garage ist für Gäste nicht zugänglich).</p>
<p>Die Villa ist nur 2 Minuten zu Fuß von einem großen Einkaufszentrum X Sur mit Supermarkt, Restaurants und vielen Geschäften entfernt. Die Strände der Südküste von Teneriffa und viele weitere Restaurants sind weniger als 5 Autominuten von der Villa entfernt.</p>
<p>Kurzum, diese Villa ist die perfekte Unterkunft für alle, die ein komplettes Erlebnis genießen möchten, indem sie die Ruhe einer privaten Villa mit der Nähe zu den Dienstleistungen und Annehmlichkeiten der Stadt kombiniert.</p>
<p>&nbsp;</p>
<p><strong><em>Die oben genannten Daten sind nur indikativ und können unbeabsichtigte Fehler oder Auslassungen enthalten.</em></strong></p>

<p>Esta magnífica villa se compone de 5 amplias habitaciones dobles, 6 baños, 2 cocinas completamente equipadas, una gran zona chill-out y una piscina privada climatizada (con un coste adicional de 150€ por semana), ideal para disfrutar todo el año. En la planta baja se encuentra un espacioso salón, una cocina totalmente equipada, un baño y [&hellip;]</p>
